000
CDUS44 KSJT 270821
CLISJT


CLIMATE REPORT
NATIONAL WEATHER SERVICE SAN ANGELO TX
221 AM CST THU NOV 27 2014


...................................

...THE SAN ANGELO CLIMATE SUMMARY FOR NOVEMBER 26 2014...

CLIMATE NORMAL PERIOD 1981 TO 2010
CLIMATE RECORD PERIOD 1907 TO 2014


WEATHER ITEM   OBSERVED TIME   RECORD YEAR NORMAL DEPARTURE LAST
                VALUE   (LST)  VALUE       VALUE  FROM      YEAR
                                                  NORMAL
..................................................................
TEMPERATURE (F)
 YESTERDAY
  MAXIMUM         67    404 PM  85    1965  64      3       52
  MINIMUM         36    726 AM  19    1993  38     -2       32
  AVERAGE         52                        51      1       42

PRECIPITATION (IN)
  YESTERDAY        0.00          1.64 1914   0.03  -0.03      T
  MONTH TO DATE    3.04                      1.03   2.01     0.81
  SINCE SEP 1      4.37                      6.22  -1.85     6.89
  SINCE JAN 1     16.35                     20.29  -3.94    18.65

SNOWFALL (IN)
  YESTERDAY        0.0           4.0  1918   0.0    0.0       T
  MONTH TO DATE    T                         0.2   -0.2       T
  SINCE NOV 1      T                         0.2   -0.2       T
  SINCE JUL 1      T                         0.2   -0.2       T
  SNOW DEPTH       0

DEGREE DAYS
 HEATING
  YESTERDAY       13                        14     -1       23
  MONTH TO DATE  327                       250     77      316
  SINCE SEP 1    348                       341      7      398
  SINCE JUL 1    348                       341      7      398

 COOLING
  YESTERDAY        0                         0      0        0
  MONTH TO DATE   10                        15     -5        9
  SINCE SEP 1    614                       463    151      534
  SINCE JAN 1   2872                      2499    373     2860
..................................................................


WIND (MPH)
  HIGHEST WIND SPEED    20   HIGHEST WIND DIRECTION     N (340)
  HIGHEST GUST SPEED    24   HIGHEST GUST DIRECTION    NW (330)
  AVERAGE WIND SPEED     8.7


SKY COVER
  POSSIBLE SUNSHINE  MM
  AVERAGE SKY COVER 0.0


WEATHER CONDITIONS
 THE FOLLOWING WEATHER WAS RECORDED YESTERDAY.
  NO SIGNIFICANT WEATHER WAS OBSERVED.


RELATIVE HUMIDITY (PERCENT)
 HIGHEST    70          1100 PM
 LOWEST     18           100 PM
 AVERAGE    44

..........................................................


THE SAN ANGELO CLIMATE NORMALS FOR TODAY
                         NORMAL    RECORD    YEAR
 MAXIMUM TEMPERATURE (F)   64        86      1949
 MINIMUM TEMPERATURE (F)   38        19      2010


SUNRISE AND SUNSET
NOVEMBER 27 2014......SUNRISE   720 AM CST   SUNSET   539 PM CST
NOVEMBER 28 2014......SUNRISE   721 AM CST   SUNSET   539 PM CST


-  INDICATES NEGATIVE NUMBERS.
R  INDICATES RECORD WAS SET OR TIED.
MM INDICATES DATA IS MISSING.
T  INDICATES TRACE AMOUNT.




$$
