543
CDUS44 KSJT 090812
CLISJT


CLIMATE REPORT
NATIONAL WEATHER SERVICE SAN ANGELO TX
212 AM CST FRI DEC 9 2016


...................................

...THE SAN ANGELO CLIMATE SUMMARY FOR DECEMBER 8 2016...

CLIMATE NORMAL PERIOD 1981 TO 2010
CLIMATE RECORD PERIOD 1907 TO 2016


WEATHER ITEM   OBSERVED TIME   RECORD YEAR NORMAL DEPARTURE LAST
                VALUE   (LST)  VALUE       VALUE  FROM      YEAR
                                                  NORMAL
..................................................................
TEMPERATURE (F)
 YESTERDAY
  MAXIMUM         43   1222 AM  85    1977  61    -18       80
  MINIMUM         27   1021 PM  12    2005  34     -7       39
  AVERAGE         35                        48    -13       60

PRECIPITATION (IN)
  YESTERDAY        T             1.89 1912   0.03  -0.03     0.00
  MONTH TO DATE    0.73                      0.20   0.53     0.00
  SINCE DEC 1      0.73                      0.20   0.53     0.00
  SINCE JAN 1     35.71                     20.60  15.11    24.52

SNOWFALL (IN)
  YESTERDAY        T   R         T    1988   0.0    0.0      0.0
  MONTH TO DATE    T                         0.1   -0.1      0.0
  SINCE NOV 1      T                         0.4   -0.4      0.0
  SINCE JUL 1      T                         0.4   -0.4      0.0
  SNOW DEPTH       0

DEGREE DAYS
 HEATING
  YESTERDAY       30                        17     13        5
  MONTH TO DATE  157                       132     25      117
  SINCE DEC 1    157                       132     25      117
  SINCE JUL 1    325                       532   -207      403

 COOLING
  YESTERDAY        0                         0      0        0
  MONTH TO DATE    0                         0      0        0
  SINCE DEC 1      0                         0      0        0
  SINCE JAN 1   2829                      2502    327     2928
..................................................................


WIND (MPH)
  HIGHEST WIND SPEED    25   HIGHEST WIND DIRECTION    NE (30)
  HIGHEST GUST SPEED    31   HIGHEST GUST DIRECTION    NE (30)
  AVERAGE WIND SPEED    13.8


SKY COVER
  POSSIBLE SUNSHINE  MM
  AVERAGE SKY COVER 1.0


WEATHER CONDITIONS
 THE FOLLOWING WEATHER WAS RECORDED YESTERDAY.
  SLEET


RELATIVE HUMIDITY (PERCENT)
 HIGHEST    82          1200 AM
 LOWEST     64           300 PM
 AVERAGE    73

..........................................................


THE SAN ANGELO CLIMATE NORMALS FOR TODAY
                         NORMAL    RECORD    YEAR
 MAXIMUM TEMPERATURE (F)   61        80      1970
 MINIMUM TEMPERATURE (F)   34        11      2005


SUNRISE AND SUNSET
DECEMBER  9 2016......SUNRISE   730 AM CST   SUNSET   539 PM CST
DECEMBER 10 2016......SUNRISE   730 AM CST   SUNSET   540 PM CST


-  INDICATES NEGATIVE NUMBERS.
R  INDICATES RECORD WAS SET OR TIED.
MM INDICATES DATA IS MISSING.
T  INDICATES TRACE AMOUNT.




$$
