000
CDUS44 KSJT 042228
CLISJT


CLIMATE REPORT
NATIONAL WEATHER SERVICE SAN ANGELO TX
527 PM CDT TUE AUG 4 2015


...................................

...THE SAN ANGELO CLIMATE SUMMARY FOR AUGUST 4 2015...
VALID TODAY AS OF 0500 PM LOCAL TIME.

CLIMATE NORMAL PERIOD 1981 TO 2010
CLIMATE RECORD PERIOD 1907 TO 2015


WEATHER ITEM   OBSERVED TIME   RECORD YEAR NORMAL DEPARTURE LAST
                VALUE   (LST)  VALUE       VALUE  FROM      YEAR
                                                  NORMAL
..................................................................
TEMPERATURE (F)
 TODAY
  MAXIMUM        101    358 PM 111    1943  96      5       94
  MINIMUM         74    428 AM  59    1915  72      2       65
  AVERAGE         88                        84      4       80

PRECIPITATION (IN)
  TODAY            0.00          1.35 1998   0.06  -0.06     0.00
  MONTH TO DATE    0.00                      0.22  -0.22     0.00
  SINCE JUN 1      4.10                      4.01   0.09     3.06
  SINCE JAN 1     18.96                     12.03   6.93    11.33

DEGREE DAYS
 HEATING
  TODAY            0                         0      0        0
  MONTH TO DATE    0                         0      0        0
  SINCE JUN 1      0                         0      0        0
  SINCE JUL 1      0                         0      0        0

 COOLING
  TODAY           23                        19      4       15
  MONTH TO DATE   88                        76     12       55
  SINCE JUN 1   1162                      1103     59     1118
  SINCE JAN 1   1629                      1563     66     1720
..................................................................


WIND (MPH)
  HIGHEST WIND SPEED    13   HIGHEST WIND DIRECTION    SE (120)
  HIGHEST GUST SPEED    18   HIGHEST GUST DIRECTION     S (160)
  AVERAGE WIND SPEED     6.5


SKY COVER
  POSSIBLE SUNSHINE  MM
  AVERAGE SKY COVER 0.1


WEATHER CONDITIONS
 THE FOLLOWING WEATHER WAS RECORDED TODAY.
  NO SIGNIFICANT WEATHER WAS OBSERVED.


RELATIVE HUMIDITY (PERCENT)
 HIGHEST    64           700 AM
 LOWEST     27           400 PM
 AVERAGE    46

..........................................................


THE SAN ANGELO CLIMATE NORMALS FOR TOMORROW
                         NORMAL    RECORD    YEAR
 MAXIMUM TEMPERATURE (F)   96       108      1944
                                             1943
 MINIMUM TEMPERATURE (F)   72        61      1915


SUNRISE AND SUNSET
AUGUST  4 2015........SUNRISE   700 AM CDT   SUNSET   835 PM CDT
AUGUST  5 2015........SUNRISE   701 AM CDT   SUNSET   835 PM CDT


-  INDICATES NEGATIVE NUMBERS.
R  INDICATES RECORD WAS SET OR TIED.
MM INDICATES DATA IS MISSING.
T  INDICATES TRACE AMOUNT.




$$
