000
CDUS44 KSJT 222325
CLISJT


CLIMATE REPORT
NATIONAL WEATHER SERVICE SAN ANGELO TX
525 PM CST MON JAN 22 2018


...................................

...THE SAN ANGELO CLIMATE SUMMARY FOR JANUARY 22 2018...
VALID TODAY AS OF 0500 PM LOCAL TIME.

CLIMATE NORMAL PERIOD 1981 TO 2010
CLIMATE RECORD PERIOD 1907 TO 2018


WEATHER ITEM   OBSERVED TIME   RECORD YEAR NORMAL DEPARTURE LAST
                VALUE   (LST)  VALUE       VALUE  FROM      YEAR
                                                  NORMAL
..................................................................
TEMPERATURE (F)
 TODAY
  MAXIMUM         60    429 PM  85    2010  60      0       66
                                      2009
                                      1971
  MINIMUM         36    816 AM   6    1918  34      2       39
  AVERAGE         48                        47      1       53

PRECIPITATION (IN)
  TODAY            0.00          1.12 1919   0.03  -0.03     0.00
  MONTH TO DATE    T                         0.62  -0.62     1.35
  SINCE DEC 1      1.13                      1.47  -0.34     2.09
  SINCE JAN 1      T                         0.62  -0.62     1.35

SNOWFALL (IN)
  TODAY            0.0           5.5  1946   0.0    0.0      0.0
  MONTH TO DATE    T                         0.9   -0.9       T
  SINCE NOV 1      T                         1.5   -1.5       T
  SINCE JUL 1      T                         1.5   -1.5       T

DEGREE DAYS
 HEATING
  TODAY           17                        18     -1       12
  MONTH TO DATE  477                       415     62      339
  SINCE DEC 1   1031                       982     49      813
  SINCE JUL 1   1331                      1382    -51      981

 COOLING
  TODAY            0                         0      0        0
  MONTH TO DATE    0                         0      0        0
  SINCE DEC 1      3                         1      2        1
  SINCE JAN 1      0                         0      0        0
..................................................................


WIND (MPH)
  HIGHEST WIND SPEED    25   HIGHEST WIND DIRECTION    NW (300)
  HIGHEST GUST SPEED    29   HIGHEST GUST DIRECTION    NW (310)
  AVERAGE WIND SPEED    12.5


SKY COVER
  POSSIBLE SUNSHINE  MM
  AVERAGE SKY COVER 0.0


WEATHER CONDITIONS
 THE FOLLOWING WEATHER WAS RECORDED TODAY.
  NO SIGNIFICANT WEATHER WAS OBSERVED.


RELATIVE HUMIDITY (PERCENT)
 HIGHEST    44           800 AM
 LOWEST     14           400 PM
 AVERAGE    29

..........................................................


THE SAN ANGELO CLIMATE NORMALS FOR TOMORROW
                         NORMAL    RECORD    YEAR
 MAXIMUM TEMPERATURE (F)   60        86      1972
 MINIMUM TEMPERATURE (F)   34        10      1963
                                             1946
                                             1940


SUNRISE AND SUNSET
JANUARY 22 2018.......SUNRISE   739 AM CST   SUNSET   608 PM CST
JANUARY 23 2018.......SUNRISE   739 AM CST   SUNSET   609 PM CST


-  INDICATES NEGATIVE NUMBERS.
R  INDICATES RECORD WAS SET OR TIED.
MM INDICATES DATA IS MISSING.
T  INDICATES TRACE AMOUNT.




$$
