000
CDUS44 KSJT 162328
CLISJT


CLIMATE REPORT
NATIONAL WEATHER SERVICE SAN ANGELO TX
527 PM CST MON JAN 16 2017


...................................

...THE SAN ANGELO CLIMATE SUMMARY FOR JANUARY 16 2017...
VALID TODAY AS OF 0500 PM LOCAL TIME.

CLIMATE NORMAL PERIOD 1981 TO 2010
CLIMATE RECORD PERIOD 1907 TO 2017


WEATHER ITEM   OBSERVED TIME   RECORD YEAR NORMAL DEPARTURE LAST
                VALUE   (LST)  VALUE       VALUE  FROM      YEAR
                                                  NORMAL
..................................................................
TEMPERATURE (F)
 TODAY
  MAXIMUM         71    450 PM  81    1914  59     12       56
  MINIMUM         34    749 AM  15    1982  33      1       28
  AVERAGE         53                        46      7       42

PRECIPITATION (IN)
  TODAY            0.00          1.20 1919   0.03  -0.03     0.00
  MONTH TO DATE    0.96                      0.44   0.52      T
  SINCE DEC 1      1.70                      1.29   0.41     2.26
  SINCE JAN 1      0.96                      0.44   0.52      T

SNOWFALL (IN)
  TODAY            0.0          10.0  1919   0.1   -0.1      0.0
  MONTH TO DATE    T                         0.7   -0.7      0.0
  SINCE NOV 1      T                         1.3   -1.3      3.1
  SINCE JUL 1      T                         1.3   -1.3      3.1

DEGREE DAYS
 HEATING
  TODAY           12                        19     -7       23
  MONTH TO DATE  268                       304    -36      317
  SINCE DEC 1    742                       871   -129      737
  SINCE JUL 1    910                      1271   -361     1023

 COOLING
  TODAY            0                         0      0        0
  MONTH TO DATE    0                         0      0        0
  SINCE DEC 1      1                         1      0        0
  SINCE JAN 1      0                         0      0        0
..................................................................


WIND (MPH)
  HIGHEST WIND SPEED    24   HIGHEST WIND DIRECTION    SW (210)
  HIGHEST GUST SPEED    25   HIGHEST GUST DIRECTION    SW (210)
  AVERAGE WIND SPEED     7.4


SKY COVER
  POSSIBLE SUNSHINE  MM
  AVERAGE SKY COVER 0.0


WEATHER CONDITIONS
 THE FOLLOWING WEATHER WAS RECORDED TODAY.
  NO SIGNIFICANT WEATHER WAS OBSERVED.


RELATIVE HUMIDITY (PERCENT)
 HIGHEST    92           400 AM
 LOWEST     28           500 PM
 AVERAGE    60

..........................................................


THE SAN ANGELO CLIMATE NORMALS FOR TOMORROW
                         NORMAL    RECORD    YEAR
 MAXIMUM TEMPERATURE (F)   59        86      1943
                                             1914
 MINIMUM TEMPERATURE (F)   33        13      1982


SUNRISE AND SUNSET
JANUARY 16 2017.......SUNRISE   741 AM CST   SUNSET   603 PM CST
JANUARY 17 2017.......SUNRISE   741 AM CST   SUNSET   604 PM CST


-  INDICATES NEGATIVE NUMBERS.
R  INDICATES RECORD WAS SET OR TIED.
MM INDICATES DATA IS MISSING.
T  INDICATES TRACE AMOUNT.




$$
