000
CDUS44 KSJT 230811
CLISJT


CLIMATE REPORT
NATIONAL WEATHER SERVICE SAN ANGELO TX
211 AM CST THU FEB 23 2017


...................................

...THE SAN ANGELO CLIMATE SUMMARY FOR FEBRUARY 22 2017...

CLIMATE NORMAL PERIOD 1981 TO 2010
CLIMATE RECORD PERIOD 1907 TO 2017


WEATHER ITEM   OBSERVED TIME   RECORD YEAR NORMAL DEPARTURE LAST
                VALUE   (LST)  VALUE       VALUE  FROM      YEAR
                                                  NORMAL
..................................................................
TEMPERATURE (F)
 YESTERDAY
  MAXIMUM         88    430 PM  97    1996  65     23       67
  MINIMUM         40    720 AM  18    1939  39      1       42
  AVERAGE         64                        52     12       55

PRECIPITATION (IN)
  YESTERDAY        0.00          1.20 1958   0.05  -0.05     0.64
  MONTH TO DATE    1.23                      1.04   0.19     0.77
  SINCE DEC 1      3.45                      2.82   0.63     3.06
  SINCE JAN 1      2.71                      1.97   0.74     0.80

SNOWFALL (IN)
  YESTERDAY        0.0           3.0  1966   0.0    0.0      0.0
  MONTH TO DATE    0.0                       0.2   -0.2      0.0
  SINCE NOV 1      T                         2.0   -2.0      3.1
  SINCE JUL 1      T                         2.0   -2.0      3.1
  SNOW DEPTH       0

DEGREE DAYS
 HEATING
  YESTERDAY        1                        13    -12       10
  MONTH TO DATE  171                       341   -170      243
  SINCE DEC 1   1120                      1485   -365     1218
  SINCE JUL 1   1288                      1885   -597     1504

 COOLING
  YESTERDAY        0                         0      0        0
  MONTH TO DATE   11                         0     11       10
  SINCE DEC 1     13                         2     11       10
  SINCE JAN 1     12                         1     11       10
..................................................................


WIND (MPH)
  HIGHEST WIND SPEED    16   HIGHEST WIND DIRECTION     W (260)
  HIGHEST GUST SPEED    22   HIGHEST GUST DIRECTION     W (260)
  AVERAGE WIND SPEED     7.2


SKY COVER
  POSSIBLE SUNSHINE  MM
  AVERAGE SKY COVER 0.0


WEATHER CONDITIONS
 THE FOLLOWING WEATHER WAS RECORDED YESTERDAY.
  NO SIGNIFICANT WEATHER WAS OBSERVED.


RELATIVE HUMIDITY (PERCENT)
 HIGHEST    83           100 AM
 LOWEST     12           500 PM
 AVERAGE    48

..........................................................


THE SAN ANGELO CLIMATE NORMALS FOR TODAY
                         NORMAL    RECORD    YEAR
 MAXIMUM TEMPERATURE (F)   65        85      2012
                                             2011
                                             1946
 MINIMUM TEMPERATURE (F)   39        15      1966


SUNRISE AND SUNSET
FEBRUARY 23 2017......SUNRISE   715 AM CST   SUNSET   636 PM CST
FEBRUARY 24 2017......SUNRISE   714 AM CST   SUNSET   637 PM CST


-  INDICATES NEGATIVE NUMBERS.
R  INDICATES RECORD WAS SET OR TIED.
MM INDICATES DATA IS MISSING.
T  INDICATES TRACE AMOUNT.




$$
