000
CDUS44 KSJT 180754
CLISJT


CLIMATE REPORT
NATIONAL WEATHER SERVICE SAN ANGELO TX
152 AM CST THU DEC 18 2014


...................................

...THE SAN ANGELO CLIMATE SUMMARY FOR DECEMBER 17 2014...

CLIMATE NORMAL PERIOD 1981 TO 2010
CLIMATE RECORD PERIOD 1907 TO 2014


WEATHER ITEM   OBSERVED TIME   RECORD YEAR NORMAL DEPARTURE LAST
                VALUE   (LST)  VALUE       VALUE  FROM      YEAR
                                                  NORMAL
..................................................................
TEMPERATURE (F)
 YESTERDAY
  MAXIMUM         59    407 PM  80    1962  59      0       73
  MINIMUM         43   1049 PM  18    1972  33     10       30
                                      1926
  AVERAGE         51                        46      5       52

PRECIPITATION (IN)
  YESTERDAY        T             0.58 1937   0.03  -0.03     0.00
  MONTH TO DATE    0.04                      0.44  -0.40     0.64
  SINCE DEC 1      0.04                      0.44  -0.40     0.64
  SINCE JAN 1     16.39                     20.84  -4.45    19.29

SNOWFALL (IN)
  YESTERDAY        0.0           1.5  1931   0.0    0.0      0.0
  MONTH TO DATE    0.0                       0.1   -0.1      1.5
  SINCE NOV 1      T                         0.4   -0.4      1.5
  SINCE JUL 1      T                         0.4   -0.4      1.5
  SNOW DEPTH       0

DEGREE DAYS
 HEATING
  YESTERDAY       14                        19     -5       13
  MONTH TO DATE  145                       297   -152      351
  SINCE DEC 1    145                       297   -152      351
  SINCE JUL 1    515                       697   -182      827

 COOLING
  YESTERDAY        0                         0      0        0
  MONTH TO DATE    1                         0      1        3
  SINCE DEC 1      1                         0      1        3
  SINCE JAN 1   2877                      2502    375     2863
..................................................................


WIND (MPH)
  HIGHEST WIND SPEED    18   HIGHEST WIND DIRECTION    SE (140)
  HIGHEST GUST SPEED    25   HIGHEST GUST DIRECTION    SE (150)
  AVERAGE WIND SPEED     7.7


SKY COVER
  POSSIBLE SUNSHINE  MM
  AVERAGE SKY COVER 0.8


WEATHER CONDITIONS
 THE FOLLOWING WEATHER WAS RECORDED YESTERDAY.
  LIGHT RAIN
  FOG


RELATIVE HUMIDITY (PERCENT)
 HIGHEST    93           900 PM
 LOWEST     46          1200 AM
 AVERAGE    70

..........................................................


THE SAN ANGELO CLIMATE NORMALS FOR TODAY
                         NORMAL    RECORD    YEAR
 MAXIMUM TEMPERATURE (F)   59        83      2012
 MINIMUM TEMPERATURE (F)   33        14      1983


SUNRISE AND SUNSET
DECEMBER 18 2014......SUNRISE   735 AM CST   SUNSET   542 PM CST
DECEMBER 19 2014......SUNRISE   736 AM CST   SUNSET   542 PM CST


-  INDICATES NEGATIVE NUMBERS.
R  INDICATES RECORD WAS SET OR TIED.
MM INDICATES DATA IS MISSING.
T  INDICATES TRACE AMOUNT.




$$
