000
CDUS44 KSJT 200802
CLISJT


CLIMATE REPORT
NATIONAL WEATHER SERVICE SAN ANGELO TX
201 AM CST MON NOV 20 2017


...................................

...THE SAN ANGELO CLIMATE SUMMARY FOR NOVEMBER 19 2017...

CLIMATE NORMAL PERIOD 1981 TO 2010
CLIMATE RECORD PERIOD 1907 TO 2017


WEATHER ITEM   OBSERVED TIME   RECORD YEAR NORMAL DEPARTURE LAST
                VALUE   (LST)  VALUE       VALUE  FROM      YEAR
                                                  NORMAL
..................................................................
TEMPERATURE (F)
 YESTERDAY
  MAXIMUM         61    339 PM  86    1950  67     -6       60
  MINIMUM         30    721 AM  24    1969  41    -11       29
                                      1937
  AVERAGE         46                        54     -8       45

PRECIPITATION (IN)
  YESTERDAY        0.00          1.02 1963   0.03  -0.03     0.00
  MONTH TO DATE    0.98                      0.84   0.14     2.28
  SINCE SEP 1      5.25                      6.03  -0.78     9.01
  SINCE JAN 1     17.35                     20.10  -2.75    34.53

SNOWFALL (IN)
  YESTERDAY        0.0           T    1953   0.0    0.0      0.0
  MONTH TO DATE    0.0                       0.1   -0.1      0.0
  SINCE NOV 1      0.0                       0.1   -0.1      0.0
  SINCE JUL 1      0.0                       0.1   -0.1      0.0
  SNOW DEPTH       0

DEGREE DAYS
 HEATING
  YESTERDAY       19                        11      8       20
  MONTH TO DATE   97                       159    -62       65
  SINCE SEP 1    200                       250    -50       78
  SINCE JUL 1    200                       250    -50       78

 COOLING
  YESTERDAY        0                         0      0        0
  MONTH TO DATE   67                        15     52       37
  SINCE SEP 1    599                       463    136      665
  SINCE JAN 1   2873                      2499    374     2825
..................................................................


WIND (MPH)
  HIGHEST WIND SPEED     9   HIGHEST WIND DIRECTION     S (190)
  HIGHEST GUST SPEED    12   HIGHEST GUST DIRECTION     E (80)
  AVERAGE WIND SPEED     5.2


SKY COVER
  POSSIBLE SUNSHINE  MM
  AVERAGE SKY COVER 0.0


WEATHER CONDITIONS
 THE FOLLOWING WEATHER WAS RECORDED YESTERDAY.
  NO SIGNIFICANT WEATHER WAS OBSERVED.


RELATIVE HUMIDITY (PERCENT)
 HIGHEST    85           600 AM
 LOWEST     22           300 PM
 AVERAGE    54

..........................................................


THE SAN ANGELO CLIMATE NORMALS FOR TODAY
                         NORMAL    RECORD    YEAR
 MAXIMUM TEMPERATURE (F)   67        87      1996
 MINIMUM TEMPERATURE (F)   40        22      1937


SUNRISE AND SUNSET
NOVEMBER 20 2017......SUNRISE   714 AM CST   SUNSET   541 PM CST
NOVEMBER 21 2017......SUNRISE   715 AM CST   SUNSET   541 PM CST


-  INDICATES NEGATIVE NUMBERS.
R  INDICATES RECORD WAS SET OR TIED.
MM INDICATES DATA IS MISSING.
T  INDICATES TRACE AMOUNT.




$$
