000
CDCA42 TJSJ 290437
CLISJU


CLIMATE REPORT
NATIONAL WEATHER SERVICE SAN JUAN, PR
1237 AM AST FRI APR 29 2016


...................................

...THE SAN JUAN AREA/PR CLIMATE SUMMARY FOR APRIL 28 2016...

CLIMATE NORMAL PERIOD 1981 TO 2010
CLIMATE RECORD PERIOD 1898 TO 2016


WEATHER ITEM   OBSERVED TIME   RECORD YEAR NORMAL DEPARTURE LAST
                VALUE   (LST)  VALUE       VALUE  FROM      YEAR
                                                  NORMAL
..................................................................
TEMPERATURE (F)
 YESTERDAY
  MAXIMUM         91    137 PM  94    2015  87      4       94
                                      2010
                                      1978
  MINIMUM         77    702 AM  67    1957  75      2       80
  AVERAGE         84                        81      3       87

PRECIPITATION (IN)
  YESTERDAY        0.00          2.76 1951   0.20  -0.20     0.00
  MONTH TO DATE    9.91                      4.27   5.64     1.38
  SINCE MAR 1     12.13                      6.22   5.91     2.88
  SINCE JAN 1     17.61                     12.37   5.24    11.11

SNOWFALL (IN)
  YESTERDAY        0.0                       0.0    0.0      0.0
  MONTH TO DATE    0.0                       0.0    0.0      0.0
  SINCE MAR 1      0.0                       0.0    0.0      0.0
  SINCE JUL 1      0.0                       0.0    0.0      0.0

DEGREE DAYS
 HEATING
  YESTERDAY        0                         0      0        0
  MONTH TO DATE    0                         0      0        0
  SINCE MAR 1      0                         0      0        0
  SINCE JUL 1      0                         0      0        0

 COOLING
  YESTERDAY       19                        16      3       22
  MONTH TO DATE  433                       429      4      458
  SINCE MAR 1    874                       860     14      890
  SINCE JAN 1   1717                      1611    106     1730
..................................................................


WIND (MPH)
  HIGHEST WIND SPEED    16   HIGHEST WIND DIRECTION     E (90)
  HIGHEST GUST SPEED    22   HIGHEST GUST DIRECTION    SE (150)
  AVERAGE WIND SPEED     5.0


SKY COVER
  AVERAGE SKY COVER 0.6


WEATHER CONDITIONS
 THE FOLLOWING WEATHER WAS RECORDED YESTERDAY.
  NO SIGNIFICANT WEATHER WAS OBSERVED.


RELATIVE HUMIDITY (PERCENT)
 HIGHEST   100
 LOWEST     56
 AVERAGE    78

..........................................................


THE SAN JUAN AREA/PR CLIMATE NORMALS FOR TODAY
                         NORMAL    RECORD    YEAR
 MAXIMUM TEMPERATURE (F)   87        93      2015
                                             1999
 MINIMUM TEMPERATURE (F)   75        68      1957


SUNRISE AND SUNSET
APRIL 29 2016.........SUNRISE   558 AM AST   SUNSET   645 PM AST
APRIL 30 2016.........SUNRISE   557 AM AST   SUNSET   645 PM AST


-  INDICATES NEGATIVE NUMBERS.
R  INDICATES RECORD WAS SET OR TIED.
MM INDICATES DATA IS MISSING.
T  INDICATES TRACE AMOUNT.




$$
