000
CDCA42 TJSJ 020430
CLISJU


CLIMATE REPORT
NATIONAL WEATHER SERVICE SAN JUAN, PR
1230 AM AST SAT AUG 2 2014


...................................

...THE SAN JUAN/P.R. CLIMATE SUMMARY FOR AUGUST 1 2014...

CLIMATE NORMAL PERIOD 1981 TO 2010
CLIMATE RECORD PERIOD 1898 TO 2014


WEATHER ITEM   OBSERVED TIME   RECORD YEAR NORMAL DEPARTURE LAST
                VALUE   (LST)  VALUE       VALUE  FROM      YEAR
                                                  NORMAL
..................................................................
TEMPERATURE (F)
 YESTERDAY
  MAXIMUM         91    241 PM  93    1980  89      2       84
  MINIMUM         78    359 AM  70    1904  78      0       78
  AVERAGE         85                        84      1       81

PRECIPITATION (IN)
  YESTERDAY        0.02          1.91 1960   0.15  -0.13     1.47
  MONTH TO DATE    0.02                      0.15  -0.13     1.47
  SINCE JUN 1      4.36                      9.63  -5.27    26.93
  SINCE JAN 1     22.77                     28.31  -5.54    51.68

SNOWFALL (IN)
  YESTERDAY        0.0
  MONTH TO DATE    0.0
  SINCE JUN 1      0.0
  SINCE JUL 1      0.0

DEGREE DAYS
 HEATING
  YESTERDAY        0                         0      0        0
  MONTH TO DATE    0                         0      0        0
  SINCE JUN 1      0                         0      0        0
  SINCE JUL 1      0                         0      0        0

 COOLING
  YESTERDAY       20                        19      1       16
  MONTH TO DATE   20                        19      1       16
  SINCE JUN 1   1257                      1138    119     1091
  SINCE JAN 1   3663                      3303    360     3339
..................................................................


WIND (MPH)
  RESULTANT WIND SPEED   9   RESULTANT WIND DIRECTION   E (70)
  HIGHEST WIND SPEED    23   HIGHEST WIND DIRECTION    NE (60)
  HIGHEST GUST SPEED    29   HIGHEST GUST DIRECTION    NE (50)
  AVERAGE WIND SPEED     9.7


SKY COVER
  POSSIBLE SUNSHINE  MM
  AVERAGE SKY COVER 0.4


WEATHER CONDITIONS
 THE FOLLOWING WEATHER WAS RECORDED YESTERDAY.
  LIGHT RAIN


RELATIVE HUMIDITY (PERCENT)
 HIGHEST    91
 LOWEST     56
 AVERAGE    74

..........................................................


THE SAN JUAN/P.R. CLIMATE NORMALS FOR TODAY
                         NORMAL    RECORD    YEAR
 MAXIMUM TEMPERATURE (F)   89        94      1972
 MINIMUM TEMPERATURE (F)   78        71      1963


SUNRISE AND SUNSET
AUGUST  2 2014........SUNRISE   602 AM AST   SUNSET   658 PM AST
AUGUST  3 2014........SUNRISE   602 AM AST   SUNSET   658 PM AST


-  INDICATES NEGATIVE NUMBERS.
R  INDICATES RECORD WAS SET OR TIED.
MM INDICATES DATA IS MISSING.
T  INDICATES TRACE AMOUNT.




$$
