000
CDUS45 KSLC 301232
CLISLC


CLIMATE REPORT
NATIONAL WEATHER SERVICE SALT LAKE CITY UT
631 AM MDT MON MAY 30 2016


...................................

...THE SALT LAKE CITY UT CLIMATE SUMMARY FOR MAY 29 2016...

CLIMATE NORMAL PERIOD 1981 TO 2010
CLIMATE RECORD PERIOD 1874 TO 2016


WEATHER ITEM   OBSERVED TIME   RECORD YEAR NORMAL DEPARTURE LAST
                VALUE   (LST)  VALUE       VALUE  FROM      YEAR
                                                  NORMAL
..................................................................
TEMPERATURE (F)
 YESTERDAY
  MAXIMUM         80   1224 PM  99    2003  76      4       76
  MINIMUM         57    517 AM  37    1946  51      6       51
                                      1927
  AVERAGE         69                        64      5       64

PRECIPITATION (IN)
  YESTERDAY        T             0.70 1877   0.05  -0.05     0.00
  MONTH TO DATE    1.57                      1.84  -0.27     4.19
  SINCE OCT 1     10.89                     12.50  -1.61    10.40
  SINCE JAN 1      7.64                      8.12  -0.48     8.39

SNOWFALL (IN)
  YESTERDAY        0.0          MM      MM   0.0    0.0      0.0
  MONTH TO DATE    0.0                       0.3   -0.3      0.0
  SINCE OCT 1     34.3                      56.2  -21.9     15.4
  SINCE JUL 1     34.3                      56.2  -21.9     15.4
  SNOW DEPTH       0

DEGREE DAYS
 HEATING
  YESTERDAY        0                         4     -4        1
  MONTH TO DATE  133                       198    -65      179
  SINCE MAR 1    977                      1298   -321     1016
  SINCE JUL 1   4822                      5554   -732     4363

 COOLING
  YESTERDAY        4                         2      2        0
  MONTH TO DATE   34                        40     -6       14
  SINCE MAR 1     44                        44      0       14
  SINCE JAN 1     44                        44      0       14
..................................................................


WIND (MPH)
  RESULTANT WIND SPEED   5   RESULTANT WIND DIRECTION  SE (140)
  HIGHEST WIND SPEED    31   HIGHEST WIND DIRECTION    SE (150)
  HIGHEST GUST SPEED    37   HIGHEST GUST DIRECTION    SE (150)
  AVERAGE WIND SPEED     8.6


SKY COVER
  POSSIBLE SUNSHINE  MM
  AVERAGE SKY COVER 0.5


WEATHER CONDITIONS
 THE FOLLOWING WEATHER WAS RECORDED YESTERDAY.
  THUNDERSTORM


RELATIVE HUMIDITY (PERCENT)
 HIGHEST    55           500 AM
 LOWEST     19           400 PM
 AVERAGE    37

..........................................................


THE SALT LAKE CITY UT CLIMATE NORMALS FOR TODAY
                         NORMAL    RECORD    YEAR
 MAXIMUM TEMPERATURE (F)   77        97      2003
 MINIMUM TEMPERATURE (F)   52        34      1979
                                             1919


SUNRISE AND SUNSET
MAY 30 2016...........SUNRISE   559 AM MDT   SUNSET   852 PM MDT
MAY 31 2016...........SUNRISE   559 AM MDT   SUNSET   853 PM MDT


-  INDICATES NEGATIVE NUMBERS.
R  INDICATES RECORD WAS SET OR TIED.
MM INDICATES DATA IS MISSING.
T  INDICATES TRACE AMOUNT.




$$
