000
CDUS45 KSLC 200029
CLISLC


CLIMATE REPORT
NATIONAL WEATHER SERVICE SALT LAKE CITY UT
629 PM MDT THU OCT 19 2017


...................................

...THE SALT LAKE CITY UT CLIMATE SUMMARY FOR OCTOBER 19 2017...
VALID TODAY AS OF 0500 PM LOCAL TIME.

CLIMATE NORMAL PERIOD 1981 TO 2010
CLIMATE RECORD PERIOD 1874 TO 2017


WEATHER ITEM   OBSERVED TIME   RECORD YEAR NORMAL DEPARTURE LAST
                VALUE   (LST)  VALUE       VALUE  FROM      YEAR
                                                  NORMAL
..................................................................
TEMPERATURE (F)
 TODAY
  MAXIMUM         76    216 PM  82    1958  63     13       56
  MINIMUM         43    717 AM  25    1905  40      3       41
  AVERAGE         60                        52      8       49

PRECIPITATION (IN)
  TODAY            0.00          0.84 1920   0.05  -0.05     0.01
  MONTH TO DATE    0.16                      0.91  -0.75     0.49
  SINCE OCT 1      0.16                      0.91  -0.75     0.49
  SINCE JAN 1     14.03                     12.63   1.40    10.69

SNOWFALL (IN)
  TODAY            0.0           2.0  1920   0.0    0.0     MM
  MONTH TO DATE    T                         0.5   -0.5      0.0
  SINCE OCT 1      T                         0.5   -0.5      0.0
  SINCE JUL 1      T                         0.5   -0.5      0.0
  SNOW DEPTH       0

DEGREE DAYS
 HEATING
  TODAY            5                        13     -8       16
  MONTH TO DATE  236                       190     46      148
  SINCE SEP 1    367                       274     93      199
  SINCE JUL 1    367                       279     88      200

 COOLING
  TODAY            0                         0      0        0
  MONTH TO DATE    0                         5     -5       12
  SINCE SEP 1    196                       122     74      139
  SINCE JAN 1   1758                      1158    600     1616
..................................................................


WIND (MPH)
  RESULTANT WIND SPEED   3   RESULTANT WIND DIRECTION  SE (120)
  HIGHEST WIND SPEED    12   HIGHEST WIND DIRECTION     W (270)
  HIGHEST GUST SPEED    15   HIGHEST GUST DIRECTION    SE (130)
  AVERAGE WIND SPEED     5.3


SKY COVER
  POSSIBLE SUNSHINE  MM
  AVERAGE SKY COVER 0.1


WEATHER CONDITIONS
 THE FOLLOWING WEATHER WAS RECORDED TODAY.
  HAZE


RELATIVE HUMIDITY (PERCENT)
 HIGHEST    65           100 AM
 LOWEST     19           300 PM
 AVERAGE    42

..........................................................


THE SALT LAKE CITY UT CLIMATE NORMALS FOR TOMORROW
                         NORMAL    RECORD    YEAR
 MAXIMUM TEMPERATURE (F)   63        83      1921
 MINIMUM TEMPERATURE (F)   40        24      1932


SUNRISE AND SUNSET
OCTOBER 19 2017.......SUNRISE   744 AM MDT   SUNSET   641 PM MDT
OCTOBER 20 2017.......SUNRISE   745 AM MDT   SUNSET   640 PM MDT


-  INDICATES NEGATIVE NUMBERS.
R  INDICATES RECORD WAS SET OR TIED.
MM INDICATES DATA IS MISSING.
T  INDICATES TRACE AMOUNT.




$$
