000
CDUS45 KSLC 300026
CLISLC


CLIMATE REPORT
NATIONAL WEATHER SERVICE SALT LAKE CITY UT
625 PM MDT SAT AUG 29 2015


...................................

...THE SALT LAKE CITY UT CLIMATE SUMMARY FOR AUGUST 29 2015...
VALID TODAY AS OF 0500 PM LOCAL TIME.

CLIMATE NORMAL PERIOD 1981 TO 2010
CLIMATE RECORD PERIOD 1874 TO 2015


WEATHER ITEM   OBSERVED TIME   RECORD YEAR NORMAL DEPARTURE LAST
                VALUE   (LST)  VALUE       VALUE  FROM      YEAR
                                                  NORMAL
..................................................................
TEMPERATURE (F)
 TODAY
  MAXIMUM         96    352 PM  99    2005  87      9       89
                                      1948
  MINIMUM         73    415 AM  37    1964  60     13       60
  AVERAGE         85                        74     11       75

PRECIPITATION (IN)
  TODAY            0.00          0.91 1957   0.03  -0.03     0.00
  MONTH TO DATE    0.89                      0.63   0.26     1.77
  SINCE OCT 1     13.16                     14.83  -1.67    12.95
  SINCE JAN 1     11.15                     10.45   0.70     9.94

SNOWFALL (IN)
  TODAY            0.0          MM      MM   0.0    0.0      0.0
  MONTH TO DATE    0.0                       0.0    0.0      0.0
  SINCE OCT 1     15.4                      56.2  -40.8     35.5
  SINCE JUL 1      0.0                       0.0    0.0      0.0
  SNOW DEPTH       0

DEGREE DAYS
 HEATING
  TODAY            0                         0      0        0
  MONTH TO DATE    0                         0      0        1
  SINCE JUN 1      0                        48    -48       40
  SINCE JUL 1      0                         2     -2        1

 COOLING
  TODAY           20                         9     11       10
  MONTH TO DATE  377                       357     20      282
  SINCE JUN 1   1150                       969    181      977
  SINCE JAN 1   1181                      1019    162     1039
..................................................................


WIND (MPH)
  RESULTANT WIND SPEED  15   RESULTANT WIND DIRECTION  SE (150)
  HIGHEST WIND SPEED    24   HIGHEST WIND DIRECTION    SE (150)
  HIGHEST GUST SPEED    30   HIGHEST GUST DIRECTION    SE (150)
  AVERAGE WIND SPEED    15.7


SKY COVER
  POSSIBLE SUNSHINE  MM
  AVERAGE SKY COVER 0.2


WEATHER CONDITIONS
 THE FOLLOWING WEATHER WAS RECORDED TODAY.
  NO SIGNIFICANT WEATHER WAS OBSERVED.


RELATIVE HUMIDITY (PERCENT)
 HIGHEST    33           400 AM
 LOWEST     13           300 PM
 AVERAGE    23

..........................................................


THE SALT LAKE CITY UT CLIMATE NORMALS FOR TOMORROW
                         NORMAL    RECORD    YEAR
 MAXIMUM TEMPERATURE (F)   87       100      1954
 MINIMUM TEMPERATURE (F)   60        38      1964


SUNRISE AND SUNSET
AUGUST 29 2015........SUNRISE   652 AM MDT   SUNSET   805 PM MDT
AUGUST 30 2015........SUNRISE   653 AM MDT   SUNSET   804 PM MDT


-  INDICATES NEGATIVE NUMBERS.
R  INDICATES RECORD WAS SET OR TIED.
MM INDICATES DATA IS MISSING.
T  INDICATES TRACE AMOUNT.




$$
