000
CDUS45 KSLC 241222
CLISLC


CLIMATE REPORT
NATIONAL WEATHER SERVICE SALT LAKE CITY UT
621 AM MDT SUN MAY 24 2015


...................................

...THE SALT LAKE CITY UT CLIMATE SUMMARY FOR MAY 23 2015...

CLIMATE NORMAL PERIOD 1981 TO 2010
CLIMATE RECORD PERIOD 1874 TO 2015


WEATHER ITEM   OBSERVED TIME   RECORD YEAR NORMAL DEPARTURE LAST
                VALUE   (LST)  VALUE       VALUE  FROM      YEAR
                                                  NORMAL
..................................................................
TEMPERATURE (F)
 YESTERDAY
  MAXIMUM         60    408 PM  92    2003  74    -14       74
                                      1886
  MINIMUM         49    540 AM  30    1966  50     -1       55
  AVERAGE         55                        62     -7       65

PRECIPITATION (IN)
  YESTERDAY        0.19          0.59 1909   0.06   0.13     0.00
  MONTH TO DATE    3.72                      1.51   2.21     0.97
  SINCE OCT 1      9.93                     12.17  -2.24     9.41
  SINCE JAN 1      7.92                      7.79   0.13     6.40

SNOWFALL (IN)
  YESTERDAY        0.0          MM      MM   0.0    0.0      0.0
  MONTH TO DATE    0.0                       0.3   -0.3      0.0
  SINCE OCT 1     15.4                      56.2  -40.8     35.5
  SINCE JUL 1     15.4                      56.2  -40.8     35.5
  SNOW DEPTH       0

DEGREE DAYS
 HEATING
  YESTERDAY       10                         5      5        0
  MONTH TO DATE  153                       173    -20      157
  SINCE MAR 1    990                      1273   -283     1029
  SINCE JUL 1   4337                      5529  -1192     5016

 COOLING
  YESTERDAY        0                         2     -2        0
  MONTH TO DATE   14                        28    -14       11
  SINCE MAR 1     14                        32    -18       11
  SINCE JAN 1     14                        32    -18       11
..................................................................


WIND (MPH)
  RESULTANT WIND SPEED   2   RESULTANT WIND DIRECTION   N (340)
  HIGHEST WIND SPEED    17   HIGHEST WIND DIRECTION    NE (30)
  HIGHEST GUST SPEED    21   HIGHEST GUST DIRECTION     N (20)
  AVERAGE WIND SPEED     6.4


SKY COVER
  POSSIBLE SUNSHINE  MM
  AVERAGE SKY COVER 0.6


WEATHER CONDITIONS
 THE FOLLOWING WEATHER WAS RECORDED YESTERDAY.
  RAIN
  LIGHT RAIN
  FOG


RELATIVE HUMIDITY (PERCENT)
 HIGHEST    89           300 AM
 LOWEST     57           200 PM
 AVERAGE    73

..........................................................


THE SALT LAKE CITY UT CLIMATE NORMALS FOR TODAY
                         NORMAL    RECORD    YEAR
 MAXIMUM TEMPERATURE (F)   75        93      2003
 MINIMUM TEMPERATURE (F)   50        33      2010


SUNRISE AND SUNSET
MAY 24 2015...........SUNRISE   603 AM MDT   SUNSET   846 PM MDT
MAY 25 2015...........SUNRISE   603 AM MDT   SUNSET   847 PM MDT


-  INDICATES NEGATIVE NUMBERS.
R  INDICATES RECORD WAS SET OR TIED.
MM INDICATES DATA IS MISSING.
T  INDICATES TRACE AMOUNT.




$$
