000
CDUS45 KSLC 051217
CLISLC


CLIMATE REPORT
NATIONAL WEATHER SERVICE SALT LAKE CITY UT
616 AM MDT WED AUG 5 2015


...................................

...THE SALT LAKE CITY UT CLIMATE SUMMARY FOR AUGUST 4 2015...

CLIMATE NORMAL PERIOD 1981 TO 2010
CLIMATE RECORD PERIOD 1874 TO 2015


WEATHER ITEM   OBSERVED TIME   RECORD YEAR NORMAL DEPARTURE LAST
                VALUE   (LST)  VALUE       VALUE  FROM      YEAR
                                                  NORMAL
..................................................................
TEMPERATURE (F)
 YESTERDAY
  MAXIMUM         92    444 PM 106    1994  93     -1       86
  MINIMUM         59    552 AM  48    1944  66     -7       64
  AVERAGE         76                        80     -4       75

PRECIPITATION (IN)
  YESTERDAY        0.00          1.62 1954   0.02  -0.02     0.22
  MONTH TO DATE    0.44                      0.08   0.36     0.22
  SINCE OCT 1     12.71                     14.28  -1.57    11.40
  SINCE JAN 1     10.70                      9.90   0.80     8.39

SNOWFALL (IN)
  YESTERDAY        0.0          MM      MM   0.0    0.0      0.0
  MONTH TO DATE    0.0                       0.0    0.0      0.0
  SINCE OCT 1     15.4                      56.2  -40.8     35.5
  SINCE JUL 1      0.0                       0.0    0.0      0.0
  SNOW DEPTH       0

DEGREE DAYS
 HEATING
  YESTERDAY        0                         0      0        0
  MONTH TO DATE    0                         0      0        0
  SINCE JUN 1      0                        48    -48       39
  SINCE JUL 1      0                         2     -2        0

 COOLING
  YESTERDAY       11                        14     -3       10
  MONTH TO DATE   44                        59    -15       55
  SINCE JUN 1    817                       671    146      750
  SINCE JAN 1    848                       721    127      812
..................................................................


WIND (MPH)
  RESULTANT WIND SPEED   3   RESULTANT WIND DIRECTION  SE (150)
  HIGHEST WIND SPEED    14   HIGHEST WIND DIRECTION     S (180)
  HIGHEST GUST SPEED    17   HIGHEST GUST DIRECTION     S (180)
  AVERAGE WIND SPEED     4.8


SKY COVER
  POSSIBLE SUNSHINE  MM
  AVERAGE SKY COVER 0.0


WEATHER CONDITIONS
 THE FOLLOWING WEATHER WAS RECORDED YESTERDAY.
  NO SIGNIFICANT WEATHER WAS OBSERVED.


RELATIVE HUMIDITY (PERCENT)
 HIGHEST    80           600 AM
 LOWEST     21           500 PM
 AVERAGE    51

..........................................................


THE SALT LAKE CITY UT CLIMATE NORMALS FOR TODAY
                         NORMAL    RECORD    YEAR
 MAXIMUM TEMPERATURE (F)   93       105      1994
 MINIMUM TEMPERATURE (F)   66        50      1928


SUNRISE AND SUNSET
AUGUST  5 2015........SUNRISE   628 AM MDT   SUNSET   839 PM MDT
AUGUST  6 2015........SUNRISE   629 AM MDT   SUNSET   838 PM MDT


-  INDICATES NEGATIVE NUMBERS.
R  INDICATES RECORD WAS SET OR TIED.
MM INDICATES DATA IS MISSING.
T  INDICATES TRACE AMOUNT.




$$
