000
CDUS45 KSLC 170027
CLISLC


CLIMATE REPORT
NATIONAL WEATHER SERVICE SALT LAKE CITY UT
527 PM MST TUE JAN 16 2018


...................................

...THE SALT LAKE CITY UT CLIMATE SUMMARY FOR JANUARY 16 2018...
VALID TODAY AS OF 0500 PM LOCAL TIME.

CLIMATE NORMAL PERIOD 1981 TO 2010
CLIMATE RECORD PERIOD 1874 TO 2018


WEATHER ITEM   OBSERVED TIME   RECORD YEAR NORMAL DEPARTURE LAST
                VALUE   (LST)  VALUE       VALUE  FROM      YEAR
                                                  NORMAL
..................................................................
TEMPERATURE (F)
 TODAY
  MAXIMUM         52    253 PM  59    2000  37     15       30
  MINIMUM         31    437 AM  -9    1888  22      9       22
  AVERAGE         42                        29     13       26

PRECIPITATION (IN)
  TODAY            0.00          0.56 1956   0.04  -0.04      T
  MONTH TO DATE    0.31                      0.67  -0.36     1.01
  SINCE OCT 1      2.44                      5.05  -2.61     5.65
  SINCE JAN 1      0.31                      0.67  -0.36     1.01

SNOWFALL (IN)
  TODAY            0.0           6.9  1955   0.4   -0.4       T
  MONTH TO DATE    0.3                       6.9   -6.6     12.6
  SINCE OCT 1      8.0                      29.1  -21.1     29.4
  SINCE JUL 1      8.0                      29.1  -21.1     29.4
  SNOW DEPTH       0

DEGREE DAYS
 HEATING
  TODAY           23                        36    -13       39
  MONTH TO DATE  424                       576   -152      601
  SINCE DEC 1   1409                      1652   -243     1694
  SINCE JUL 1   2431                      2870   -439     2493

 COOLING
  TODAY            0                         0      0        0
  MONTH TO DATE    0                         0      0        0
  SINCE DEC 1      0                         0      0        0
  SINCE JAN 1      0                         0      0        0
..................................................................


WIND (MPH)
  RESULTANT WIND SPEED   1   RESULTANT WIND DIRECTION   E (100)
  HIGHEST WIND SPEED    13   HIGHEST WIND DIRECTION     S (170)
  HIGHEST GUST SPEED    15   HIGHEST GUST DIRECTION     S (170)
  AVERAGE WIND SPEED     5.5


SKY COVER
  POSSIBLE SUNSHINE  MM
  AVERAGE SKY COVER 0.1


WEATHER CONDITIONS
 THE FOLLOWING WEATHER WAS RECORDED TODAY.
  FOG
  HAZE


RELATIVE HUMIDITY (PERCENT)
 HIGHEST    85           300 AM
 LOWEST     35           300 PM
 AVERAGE    60

..........................................................


THE SALT LAKE CITY UT CLIMATE NORMALS FOR TOMORROW
                         NORMAL    RECORD    YEAR
 MAXIMUM TEMPERATURE (F)   37        56      1998
                                             1923
 MINIMUM TEMPERATURE (F)   22        -9      1930


SUNRISE AND SUNSET
JANUARY 16 2018.......SUNRISE   749 AM MST   SUNSET   526 PM MST
JANUARY 17 2018.......SUNRISE   749 AM MST   SUNSET   527 PM MST


-  INDICATES NEGATIVE NUMBERS.
R  INDICATES RECORD WAS SET OR TIED.
MM INDICATES DATA IS MISSING.
T  INDICATES TRACE AMOUNT.




$$
