000
CDUS45 KSLC 231225
CLISLC


CLIMATE REPORT
NATIONAL WEATHER SERVICE SALT LAKE CITY UT
625 AM MDT FRI JUN 23 2017


...................................

...THE SALT LAKE CITY UT CLIMATE SUMMARY FOR JUNE 22 2017...

CLIMATE NORMAL PERIOD 1981 TO 2010
CLIMATE RECORD PERIOD 1874 TO 2017


WEATHER ITEM   OBSERVED TIME   RECORD YEAR NORMAL DEPARTURE LAST
                VALUE   (LST)  VALUE       VALUE  FROM      YEAR
                                                  NORMAL
..................................................................
TEMPERATURE (F)
 YESTERDAY
  MAXIMUM         88    339 PM 101    1961  86      2       98
                                      1936
  MINIMUM         67    524 AM  40    1916  58      9       65
  AVERAGE         78                        72      6       82

PRECIPITATION (IN)
  YESTERDAY        0.00          0.47 1923   0.02  -0.02     0.00
  MONTH TO DATE    0.25                      0.83  -0.58     0.51
  SINCE OCT 1     15.89                     13.44   2.45    11.41
  SINCE JAN 1     11.25                      9.06   2.19     8.16

SNOWFALL (IN)
  YESTERDAY        0.0          MM      MM   0.0    0.0      0.0
  MONTH TO DATE    0.0                       0.0    0.0      0.0
  SINCE OCT 1     51.4                      56.2   -4.8     34.3
  SINCE JUL 1     51.4                      56.2   -4.8     34.3
  SNOW DEPTH       0

DEGREE DAYS
 HEATING
  YESTERDAY        0                         1     -1        0
  MONTH TO DATE    4                        42    -38        0
  SINCE JUN 1      4                        42    -38        0
  SINCE JUL 1   4785                      5603   -818     4822

 COOLING
  YESTERDAY       13                         8      5       17
  MONTH TO DATE  241                       114    127      250
  SINCE JUN 1    241                       114    127      250
  SINCE JAN 1    316                       164    152      297
..................................................................


WIND (MPH)
  RESULTANT WIND SPEED   7   RESULTANT WIND DIRECTION   N (340)
  HIGHEST WIND SPEED    18   HIGHEST WIND DIRECTION    NW (320)
  HIGHEST GUST SPEED    24   HIGHEST GUST DIRECTION    NW (330)
  AVERAGE WIND SPEED     9.5


SKY COVER
  POSSIBLE SUNSHINE  MM
  AVERAGE SKY COVER 0.1


WEATHER CONDITIONS
 THE FOLLOWING WEATHER WAS RECORDED YESTERDAY.
  NO SIGNIFICANT WEATHER WAS OBSERVED.


RELATIVE HUMIDITY (PERCENT)
 HIGHEST    40           700 AM
 LOWEST     10           400 PM
 AVERAGE    25

..........................................................


THE SALT LAKE CITY UT CLIMATE NORMALS FOR TODAY
                         NORMAL    RECORD    YEAR
 MAXIMUM TEMPERATURE (F)   86       101      2012
 MINIMUM TEMPERATURE (F)   59        39      1907


SUNRISE AND SUNSET
JUNE 23 2017..........SUNRISE   557 AM MDT   SUNSET   903 PM MDT
JUNE 24 2017..........SUNRISE   558 AM MDT   SUNSET   903 PM MDT


-  INDICATES NEGATIVE NUMBERS.
R  INDICATES RECORD WAS SET OR TIED.
MM INDICATES DATA IS MISSING.
T  INDICATES TRACE AMOUNT.




$$
