000
CDUS45 KSLC 021217
CLISLC


CLIMATE REPORT
NATIONAL WEATHER SERVICE SALT LAKE CITY UT
517 AM MST MON MAR 2 2015


...................................

...THE SALT LAKE CITY UT CLIMATE SUMMARY FOR MARCH 1 2015...

CLIMATE NORMAL PERIOD 1981 TO 2010
CLIMATE RECORD PERIOD 1874 TO 2015


WEATHER ITEM   OBSERVED TIME   RECORD YEAR NORMAL DEPARTURE LAST
                VALUE   (LST)  VALUE       VALUE  FROM      YEAR
                                                  NORMAL
..................................................................
TEMPERATURE (F)
 YESTERDAY
  MAXIMUM         48    340 PM  67    1967  49     -1       58
  MINIMUM         32    733 AM   0    1890  30      2       44
  AVERAGE         40                        39      1       51

PRECIPITATION (IN)
  YESTERDAY        0.00          0.59 1977   0.05  -0.05     0.03
  MONTH TO DATE    0.00                      0.05  -0.05     0.03
  SINCE OCT 1      3.18                      6.93  -3.75     5.81
  SINCE JAN 1      1.17                      2.55  -1.38     2.80

SNOWFALL (IN)
  YESTERDAY        0.0           7.3  1977   0.3   -0.3      0.0
  MONTH TO DATE    0.0                       0.3   -0.3      0.0
  SINCE OCT 1      6.8                      45.7  -38.9     35.0
  SINCE JUL 1      6.8                      45.7  -38.9     35.0
  SNOW DEPTH       0

DEGREE DAYS
 HEATING
  YESTERDAY       25                        26     -1       14
  MONTH TO DATE   25                        26     -1       14
  SINCE MAR 1     25                        26     -1       14
  SINCE JUL 1   3372                      4282   -910     4001

 COOLING
  YESTERDAY        0                         0      0        0
  MONTH TO DATE    0                         0      0        0
  SINCE MAR 1      0                         0      0        0
  SINCE JAN 1      0                         0      0        0
..................................................................


WIND (MPH)
  RESULTANT WIND SPEED   2   RESULTANT WIND DIRECTION  NW (300)
  HIGHEST WIND SPEED    10   HIGHEST WIND DIRECTION    NW (330)
  HIGHEST GUST SPEED    12   HIGHEST GUST DIRECTION     W (260)
  AVERAGE WIND SPEED     3.3


SKY COVER
  POSSIBLE SUNSHINE  MM
  AVERAGE SKY COVER 0.6


WEATHER CONDITIONS
 THE FOLLOWING WEATHER WAS RECORDED YESTERDAY.
  FOG


RELATIVE HUMIDITY (PERCENT)
 HIGHEST    92           200 AM
 LOWEST     45           400 PM
 AVERAGE    69

..........................................................


THE SALT LAKE CITY UT CLIMATE NORMALS FOR TODAY
                         NORMAL    RECORD    YEAR
 MAXIMUM TEMPERATURE (F)   49        66      1921
 MINIMUM TEMPERATURE (F)   30         3      1971


SUNRISE AND SUNSET
MARCH  2 2015.........SUNRISE   701 AM MST   SUNSET   620 PM MST
MARCH  3 2015.........SUNRISE   659 AM MST   SUNSET   621 PM MST


-  INDICATES NEGATIVE NUMBERS.
R  INDICATES RECORD WAS SET OR TIED.
MM INDICATES DATA IS MISSING.
T  INDICATES TRACE AMOUNT.




$$
