000
CDUS45 KSLC 231244
CLISLC


CLIMATE REPORT
NATIONAL WEATHER SERVICE SALT LAKE CITY UT
644 AM MDT SAT AUG 23 2014


...................................

...THE SALT LAKE CITY UT CLIMATE SUMMARY FOR AUGUST 22 2014...

CLIMATE NORMAL PERIOD 1981 TO 2010
CLIMATE RECORD PERIOD 1874 TO 2014


WEATHER ITEM   OBSERVED TIME   RECORD YEAR NORMAL DEPARTURE LAST
                VALUE   (LST)  VALUE       VALUE  FROM      YEAR
                                                  NORMAL
..................................................................
TEMPERATURE (F)
 YESTERDAY
  MAXIMUM         83   1234 PM 101    2009  89     -6       95
  MINIMUM         59   1100 PM  45    1933  62     -3       73
  AVERAGE         71                        76     -5       84

PRECIPITATION (IN)
  YESTERDAY        0.30          1.04 1960   0.02   0.28     0.02
  MONTH TO DATE    1.49                      0.45   1.04     0.05
  SINCE OCT 1     12.67                     14.65  -1.98    11.90
  SINCE JAN 1      9.66                     10.27  -0.61     7.33

SNOWFALL (IN)
  YESTERDAY        0.0          MM      MM   0.0    0.0      0.0
  MONTH TO DATE    0.0                       0.0    0.0      0.0
  SINCE OCT 1     35.5                      56.2  -20.7     69.9
  SINCE JUL 1      0.0                       0.0    0.0      0.0
  SNOW DEPTH       0

DEGREE DAYS
 HEATING
  YESTERDAY        0                         0      0        0
  MONTH TO DATE    0                         0      0        0
  SINCE JUN 1     39                        48     -9        4
  SINCE JUL 1      0                         2     -2        0

 COOLING
  YESTERDAY        6                        11     -5       19
  MONTH TO DATE  250                       289    -39      421
  SINCE JUN 1    945                       901     44     1343
  SINCE JAN 1   1007                       951     56     1413
..................................................................


WIND (MPH)
  RESULTANT WIND SPEED   4   RESULTANT WIND DIRECTION   S (170)
  HIGHEST WIND SPEED    29   HIGHEST WIND DIRECTION    NW (330)
  HIGHEST GUST SPEED    39   HIGHEST GUST DIRECTION    NW (330)
  AVERAGE WIND SPEED    10.4


SKY COVER
  POSSIBLE SUNSHINE  MM
  AVERAGE SKY COVER 0.5


WEATHER CONDITIONS
 THE FOLLOWING WEATHER WAS RECORDED YESTERDAY.
  THUNDERSTORM
  HEAVY RAIN
  RAIN
  LIGHT RAIN
  FOG
  HAZE


RELATIVE HUMIDITY (PERCENT)
 HIGHEST    87          1100 PM
 LOWEST     26           100 PM
 AVERAGE    57

..........................................................


THE SALT LAKE CITY UT CLIMATE NORMALS FOR TODAY
                         NORMAL    RECORD    YEAR
 MAXIMUM TEMPERATURE (F)   89        99      1967
 MINIMUM TEMPERATURE (F)   62        44      1933
                                             1928


SUNRISE AND SUNSET
AUGUST 23 2014........SUNRISE   646 AM MDT   SUNSET   814 PM MDT
AUGUST 24 2014........SUNRISE   647 AM MDT   SUNSET   813 PM MDT


-  INDICATES NEGATIVE NUMBERS.
R  INDICATES RECORD WAS SET OR TIED.
MM INDICATES DATA IS MISSING.
T  INDICATES TRACE AMOUNT.




$$
