000
CDUS46 KPQR 181141
CLISLE


CLIMATE REPORT
NATIONAL WEATHER SERVICE PORTLAND OREGON
440 AM PDT FRI APR 18 2014


...................................

...THE SALEM OR CLIMATE SUMMARY FOR APRIL 17 2014...

CLIMATE NORMAL PERIOD 1981 TO 2010
CLIMATE RECORD PERIOD 1893 TO 2014


WEATHER ITEM   OBSERVED TIME   RECORD YEAR NORMAL DEPARTURE LAST
                VALUE   (LST)  VALUE       VALUE  FROM      YEAR
                                                  NORMAL
..................................................................
TEMPERATURE (F)
 YESTERDAY
  MAXIMUM         57    224 PM  84    1897  61     -4       60
  MINIMUM         42   1125 PM  27    1977  40      2       34
                                      1964
  AVERAGE         50                        50      0       47

PRECIPITATION (IN)
  YESTERDAY        0.41          1.36 1908   0.09   0.32     0.00
  MONTH TO DATE    0.74                      1.74  -1.00     2.01
  SINCE OCT 1     21.91                     32.64 -10.73    29.53
  SINCE JAN 1     17.33                     16.25   1.08     7.27

DEGREE DAYS
 HEATING
  YESTERDAY       15                        15      0       18
  MONTH TO DATE  190                       265    -75      256
  SINCE MAR 1    676                       828   -152      789
  SINCE JUL 1   3962                      4068   -106     3848

 COOLING
  YESTERDAY        0                         0      0        0
  MONTH TO DATE    0                         0      0        0
  SINCE MAR 1      0                         0      0        0
  SINCE JAN 1      0                         0      0        0
..................................................................


WIND (MPH)
  HIGHEST WIND SPEED    21   HIGHEST WIND DIRECTION     S (180)
  HIGHEST GUST SPEED    29   HIGHEST GUST DIRECTION     S (180)
  AVERAGE WIND SPEED     7.9


SKY COVER
  POSSIBLE SUNSHINE  MM
  AVERAGE SKY COVER 0.9


WEATHER CONDITIONS
 THE FOLLOWING WEATHER WAS RECORDED YESTERDAY.
  LIGHT RAIN
  FOG


RELATIVE HUMIDITY (PERCENT)
 HIGHEST    96          1000 AM
 LOWEST     82           900 PM
 AVERAGE    89

..........................................................


THE SALEM OR CLIMATE NORMALS FOR TODAY
                         NORMAL    RECORD    YEAR
 MAXIMUM TEMPERATURE (F)   61        81      1939
                                             1934
 MINIMUM TEMPERATURE (F)   40        27      1931


SUNRISE AND SUNSET
APRIL 18 2014.........SUNRISE   622 AM PDT   SUNSET   801 PM PDT
APRIL 19 2014.........SUNRISE   620 AM PDT   SUNSET   803 PM PDT


-  INDICATES NEGATIVE NUMBERS.
R  INDICATES RECORD WAS SET OR TIED.
MM INDICATES DATA IS MISSING.
T  INDICATES TRACE AMOUNT.




$$
