849
CDUS46 KPQR 100233
CLISLE


CLIMATE REPORT
NATIONAL WEATHER SERVICE PORTLAND OREGON
633 PM PST TUE FEB 9 2016


...................................

...THE SALEM OR CLIMATE SUMMARY FOR FEBRUARY 9 2016...
VALID TODAY AS OF 0600 PM LOCAL TIME.

CLIMATE NORMAL PERIOD 1981 TO 2010
CLIMATE RECORD PERIOD 1892 TO 2016


WEATHER ITEM   OBSERVED TIME   RECORD YEAR NORMAL DEPARTURE LAST
                VALUE   (LST)  VALUE       VALUE  FROM      YEAR
                                                  NORMAL
..................................................................
TEMPERATURE (F)
 TODAY
  MAXIMUM         61    346 PM  66    1963  51     10       53
                                      1951
  MINIMUM         34    754 AM  13    1933  34      0       46
                                      1929
  AVERAGE         48                        43      5       50

PRECIPITATION (IN)
  TODAY            0.00          2.35 1961   0.17  -0.17     0.75
  MONTH TO DATE    0.44                      1.53  -1.09     4.10
  SINCE OCT 1     31.81                     23.88   7.93    24.85
  SINCE JAN 1      8.26                      7.49   0.77     7.31

DEGREE DAYS
 HEATING
  TODAY           17                        22     -5       15
  MONTH TO DATE  163                       205    -42      134
  SINCE DEC 1   1465                      1715   -250     1389
  SINCE JUL 1   2345                      2832   -487     2155

 COOLING
  TODAY            0                         0      0        0
  MONTH TO DATE    0                         0      0        0
  SINCE DEC 1      0                         0      0        0
  SINCE JAN 1      0                         0      0        0
..................................................................


WIND (MPH)
  HIGHEST WIND SPEED     6   HIGHEST WIND DIRECTION    SE (120)
  HIGHEST GUST SPEED     8   HIGHEST GUST DIRECTION     N (360)
  AVERAGE WIND SPEED     0.8


SKY COVER
  POSSIBLE SUNSHINE  MM
  AVERAGE SKY COVER 0.0


WEATHER CONDITIONS
 THE FOLLOWING WEATHER WAS RECORDED TODAY.
  FOG


RELATIVE HUMIDITY (PERCENT)
 HIGHEST    92           200 AM
 LOWEST     46           200 PM
 AVERAGE    69

..........................................................


THE SALEM OR CLIMATE NORMALS FOR TOMORROW
                         NORMAL    RECORD    YEAR
 MAXIMUM TEMPERATURE (F)   51        66      1963
 MINIMUM TEMPERATURE (F)   34        12      1933


SUNRISE AND SUNSET
FEBRUARY  9 2016......SUNRISE   722 AM PST   SUNSET   531 PM PST
FEBRUARY 10 2016......SUNRISE   720 AM PST   SUNSET   533 PM PST


-  INDICATES NEGATIVE NUMBERS.
R  INDICATES RECORD WAS SET OR TIED.
MM INDICATES DATA IS MISSING.
T  INDICATES TRACE AMOUNT.




$$
