000
CDUS46 KPQR 250224
CLISLE


CLIMATE REPORT
NATIONAL WEATHER SERVICE PORTLAND OREGON
624 PM PST FRI NOV 24 2017


...................................

...THE SALEM OR CLIMATE SUMMARY FOR NOVEMBER 24 2017...
VALID TODAY AS OF 0600 PM LOCAL TIME.

CLIMATE NORMAL PERIOD 1981 TO 2010
CLIMATE RECORD PERIOD 1892 TO 2017


WEATHER ITEM   OBSERVED TIME   RECORD YEAR NORMAL DEPARTURE LAST
                VALUE   (LST)  VALUE       VALUE  FROM      YEAR
                                                  NORMAL
..................................................................
TEMPERATURE (F)
 TODAY
  MAXIMUM         56    307 PM  67    1949  50      6       53
                                      1936
  MINIMUM         44    559 PM  11    1985  37      7       47
  AVERAGE         50                        44      6       50

PRECIPITATION (IN)
  TODAY            0.01          2.57 1960   0.23  -0.22     1.70
  MONTH TO DATE    5.76                      5.02   0.74     5.48
  SINCE OCT 1     11.21                      8.05   3.16    16.73
  SINCE JAN 1     47.02                     31.33  15.69    40.44

DEGREE DAYS
 HEATING
  TODAY           15                        21     -6       15
  MONTH TO DATE  389                       450    -61      300
  SINCE SEP 1    806                       926   -120      679
  SINCE JUL 1    808                       982   -174      694

 COOLING
  TODAY            0                         0      0        0
  MONTH TO DATE    0                         0      0        0
  SINCE SEP 1    127                        38     89       19
  SINCE JAN 1    647                       290    357      465
..................................................................


WIND (MPH)
  HIGHEST WIND SPEED    16   HIGHEST WIND DIRECTION     S (190)
  HIGHEST GUST SPEED    22   HIGHEST GUST DIRECTION     S (180)
  AVERAGE WIND SPEED     9.3


SKY COVER
  POSSIBLE SUNSHINE  MM
  AVERAGE SKY COVER 0.4


WEATHER CONDITIONS
 THE FOLLOWING WEATHER WAS RECORDED TODAY.
  NO SIGNIFICANT WEATHER WAS OBSERVED.


RELATIVE HUMIDITY (PERCENT)
 HIGHEST    93           400 AM
 LOWEST     59           400 PM
 AVERAGE    76

..........................................................


THE SALEM OR CLIMATE NORMALS FOR TOMORROW
                         NORMAL    RECORD    YEAR
 MAXIMUM TEMPERATURE (F)   50        66      1947
 MINIMUM TEMPERATURE (F)   37        12      1985


SUNRISE AND SUNSET
NOVEMBER 24 2017......SUNRISE   722 AM PST   SUNSET   436 PM PST
NOVEMBER 25 2017......SUNRISE   723 AM PST   SUNSET   435 PM PST


-  INDICATES NEGATIVE NUMBERS.
R  INDICATES RECORD WAS SET OR TIED.
MM INDICATES DATA IS MISSING.
T  INDICATES TRACE AMOUNT.




$$
