000
CDUS46 KPQR 180222
CLISLE


CLIMATE REPORT
NATIONAL WEATHER SERVICE PORTLAND OREGON
622 PM PST SAT FEB 17 2018


...................................

...THE SALEM OR CLIMATE SUMMARY FOR FEBRUARY 17 2018...
VALID TODAY AS OF 0600 PM LOCAL TIME.

CLIMATE NORMAL PERIOD 1981 TO 2010
CLIMATE RECORD PERIOD 1892 TO 2018


WEATHER ITEM   OBSERVED TIME   RECORD YEAR NORMAL DEPARTURE LAST
                VALUE   (LST)  VALUE       VALUE  FROM      YEAR
                                                  NORMAL
..................................................................
TEMPERATURE (F)
 TODAY
  MAXIMUM         53    242 PM  67    1902  52      1       56
  MINIMUM         46    424 AM  19    1936  34     12       39
  AVERAGE         50                        43      7       48

PRECIPITATION (IN)
  TODAY            0.07          2.95 1949   0.16  -0.09      T
  MONTH TO DATE    0.45                      2.84  -2.39    10.35
  SINCE OCT 1     22.88                     25.19  -2.31    39.05
  SINCE JAN 1      7.78                      8.80  -1.02    15.75

DEGREE DAYS
 HEATING
  TODAY           15                        22     -7       17
  MONTH TO DATE  321                       381    -60      354
  SINCE DEC 1   1690                      1891   -201     2100
  SINCE JUL 1   2622                      3008   -386     2904

 COOLING
  TODAY            0                         0      0        0
  MONTH TO DATE    0                         0      0        0
  SINCE DEC 1      0                         0      0        0
  SINCE JAN 1      0                         0      0        0
..................................................................


WIND (MPH)
  HIGHEST WIND SPEED    28   HIGHEST WIND DIRECTION     S (190)
  HIGHEST GUST SPEED    38   HIGHEST GUST DIRECTION     S (190)
  AVERAGE WIND SPEED    16.8


SKY COVER
  POSSIBLE SUNSHINE  MM
  AVERAGE SKY COVER 0.8


WEATHER CONDITIONS
 THE FOLLOWING WEATHER WAS RECORDED TODAY.
  LIGHT RAIN
  FOG
  HAZE


RELATIVE HUMIDITY (PERCENT)
 HIGHEST    86           200 AM
 LOWEST     71           300 PM
 AVERAGE    79

..........................................................


THE SALEM OR CLIMATE NORMALS FOR TOMORROW
                         NORMAL    RECORD    YEAR
 MAXIMUM TEMPERATURE (F)   52        67      1977
 MINIMUM TEMPERATURE (F)   35        19      1955


SUNRISE AND SUNSET
FEBRUARY 17 2018......SUNRISE   709 AM PST   SUNSET   543 PM PST
FEBRUARY 18 2018......SUNRISE   708 AM PST   SUNSET   545 PM PST


-  INDICATES NEGATIVE NUMBERS.
R  INDICATES RECORD WAS SET OR TIED.
MM INDICATES DATA IS MISSING.
T  INDICATES TRACE AMOUNT.




$$
