000
CDUS46 KPQR 251142
CLISLE


CLIMATE REPORT
NATIONAL WEATHER SERVICE PORTLAND OREGON
442 AM PDT SAT OCT 25 2014


...................................

...THE SALEM OR CLIMATE SUMMARY FOR OCTOBER 24 2014...

CLIMATE NORMAL PERIOD 1981 TO 2010
CLIMATE RECORD PERIOD 1892 TO 2014


WEATHER ITEM   OBSERVED TIME   RECORD YEAR NORMAL DEPARTURE LAST
                VALUE   (LST)  VALUE       VALUE  FROM      YEAR
                                                  NORMAL
..................................................................
TEMPERATURE (F)
 YESTERDAY
  MAXIMUM         54    235 PM  76    1900  60     -6       64
  MINIMUM         48   1155 PM  28    1935  41      7       42
  AVERAGE         51                        51      0       53

PRECIPITATION (IN)
  YESTERDAY        0.32          1.34 1943   0.13   0.19     0.00
  MONTH TO DATE    3.84                      2.05   1.79     0.57
  SINCE OCT 1      3.84                      2.05   1.79     0.57
  SINCE JAN 1     27.86                     25.33   2.53    19.57

DEGREE DAYS
 HEATING
  YESTERDAY       14                        14      0       12
  MONTH TO DATE  113                       259   -146      297
  SINCE SEP 1    141                       368   -227      349
  SINCE JUL 1    145                       424   -279      354

 COOLING
  YESTERDAY        0                         0      0        0
  MONTH TO DATE   14                         0     14        0
  SINCE SEP 1     87                        37     50       75
  SINCE JAN 1    605                       289    316      502
..................................................................


WIND (MPH)
  HIGHEST WIND SPEED     9   HIGHEST WIND DIRECTION     N (350)
  HIGHEST GUST SPEED    12   HIGHEST GUST DIRECTION     N (350)
  AVERAGE WIND SPEED     4.6


SKY COVER
  POSSIBLE SUNSHINE  MM
  AVERAGE SKY COVER 0.7


WEATHER CONDITIONS
 THE FOLLOWING WEATHER WAS RECORDED YESTERDAY.
  RAIN
  LIGHT RAIN
  FOG
  FOG W/VISIBILITY <= 1/4 MILE


RELATIVE HUMIDITY (PERCENT)
 HIGHEST    96           800 PM
 LOWEST     83          1200 AM
 AVERAGE    90

..........................................................


THE SALEM OR CLIMATE NORMALS FOR TODAY
                         NORMAL    RECORD    YEAR
 MAXIMUM TEMPERATURE (F)   60        72      1904
                                             1900
 MINIMUM TEMPERATURE (F)   41        29      1978
                                             1954
                                             1935


SUNRISE AND SUNSET
OCTOBER 25 2014.......SUNRISE   741 AM PDT   SUNSET   610 PM PDT
OCTOBER 26 2014.......SUNRISE   742 AM PDT   SUNSET   609 PM PDT


-  INDICATES NEGATIVE NUMBERS.
R  INDICATES RECORD WAS SET OR TIED.
MM INDICATES DATA IS MISSING.
T  INDICATES TRACE AMOUNT.




$$
