000
CDUS46 KPQR 171149
CLISLE


CLIMATE REPORT
NATIONAL WEATHER SERVICE PORTLAND OREGON
348 AM PST WED DEC 17 2014


...................................

...THE SALEM OR CLIMATE SUMMARY FOR DECEMBER 16 2014...

CLIMATE NORMAL PERIOD 1981 TO 2010
CLIMATE RECORD PERIOD 1892 TO 2014


WEATHER ITEM   OBSERVED TIME   RECORD YEAR NORMAL DEPARTURE LAST
                VALUE   (LST)  VALUE       VALUE  FROM      YEAR
                                                  NORMAL
..................................................................
TEMPERATURE (F)
 YESTERDAY
  MAXIMUM         49    218 PM  60    1974  46      3       44
  MINIMUM         41    851 AM  10    1964  34      7       39
                                      1932
  AVERAGE         45                        40      5       42

PRECIPITATION (IN)
  YESTERDAY        0.04          2.18 1939   0.22  -0.18     0.00
  MONTH TO DATE    2.92                      3.68  -0.76     1.09
  SINCE OCT 1     13.59                     13.21   0.38     4.40
  SINCE JAN 1     37.61                     36.49   1.12    23.40

DEGREE DAYS
 HEATING
  YESTERDAY       20                        25     -5       23
  MONTH TO DATE  313                       389    -76      503
  SINCE DEC 1    313                       389    -76      503
  SINCE JUL 1   1079                      1506   -427     1546

 COOLING
  YESTERDAY        0                         0      0        0
  MONTH TO DATE    0                         0      0        0
  SINCE DEC 1      0                         0      0        0
  SINCE JAN 1    605                       290    315      502
..................................................................


WIND (MPH)
  HIGHEST WIND SPEED     9   HIGHEST WIND DIRECTION     N (350)
  HIGHEST GUST SPEED    12   HIGHEST GUST DIRECTION     N (10)
  AVERAGE WIND SPEED     4.9


SKY COVER
  POSSIBLE SUNSHINE  MM
  AVERAGE SKY COVER 0.8


WEATHER CONDITIONS
 THE FOLLOWING WEATHER WAS RECORDED YESTERDAY.
  LIGHT RAIN


RELATIVE HUMIDITY (PERCENT)
 HIGHEST    93           400 AM
 LOWEST     71           200 PM
 AVERAGE    82

..........................................................


THE SALEM OR CLIMATE NORMALS FOR TODAY
                         NORMAL    RECORD    YEAR
 MAXIMUM TEMPERATURE (F)   46        61      1979
 MINIMUM TEMPERATURE (F)   34         9      1964


SUNRISE AND SUNSET
DECEMBER 17 2014......SUNRISE   745 AM PST   SUNSET   432 PM PST
DECEMBER 18 2014......SUNRISE   745 AM PST   SUNSET   432 PM PST


-  INDICATES NEGATIVE NUMBERS.
R  INDICATES RECORD WAS SET OR TIED.
MM INDICATES DATA IS MISSING.
T  INDICATES TRACE AMOUNT.




$$
