000
CDUS46 KPQR 220220
CLISLE


CLIMATE REPORT
NATIONAL WEATHER SERVICE PORTLAND OREGON
720 PM PDT FRI JUL 21 2017


...................................

...THE SALEM OR CLIMATE SUMMARY FOR JULY 21 2017...
VALID TODAY AS OF 0700 PM LOCAL TIME.

CLIMATE NORMAL PERIOD 1981 TO 2010
CLIMATE RECORD PERIOD 1892 TO 2017


WEATHER ITEM   OBSERVED TIME   RECORD YEAR NORMAL DEPARTURE LAST
                VALUE   (LST)  VALUE       VALUE  FROM      YEAR
                                                  NORMAL
..................................................................
TEMPERATURE (F)
 TODAY
  MAXIMUM         85    504 PM 105    1938  83      2       84
  MINIMUM         50    340 AM  41    1970  54     -4       55
                                      1920
  AVERAGE         68                        69     -1       70

PRECIPITATION (IN)
  TODAY            0.00          0.43 1940   0.01  -0.01     0.00
  MONTH TO DATE    0.00                      0.36  -0.36     0.45
  SINCE OCT 1     56.60                     37.84  18.76    45.31
  SINCE JAN 1     33.30                     21.45  11.85    21.76

DEGREE DAYS
 HEATING
  TODAY            0                         1     -1        0
  MONTH TO DATE    0                        26    -26        5
  SINCE JUN 1     82                       156    -74       83
  SINCE JUL 1      0                        26    -26        5

 COOLING
  TODAY            3                         4     -1        5
  MONTH TO DATE   78                        65     13       50
  SINCE JUN 1    150                        93     57      141
  SINCE JAN 1    177                       102     75      162
..................................................................


WIND (MPH)
  HIGHEST WIND SPEED    10   HIGHEST WIND DIRECTION    NW (320)
  HIGHEST GUST SPEED    13   HIGHEST GUST DIRECTION    NW (330)
  AVERAGE WIND SPEED     2.4


SKY COVER
  POSSIBLE SUNSHINE  MM
  AVERAGE SKY COVER 0.0


WEATHER CONDITIONS
 THE FOLLOWING WEATHER WAS RECORDED TODAY.
  NO SIGNIFICANT WEATHER WAS OBSERVED.


RELATIVE HUMIDITY (PERCENT)
 HIGHEST    89           400 AM
 LOWEST     28           300 PM
 AVERAGE    59

..........................................................


THE SALEM OR CLIMATE NORMALS FOR TOMORROW
                         NORMAL    RECORD    YEAR
 MAXIMUM TEMPERATURE (F)   84       102      1978
                                             1928
 MINIMUM TEMPERATURE (F)   54        39      1920


SUNRISE AND SUNSET
JULY 21 2017..........SUNRISE   546 AM PDT   SUNSET   850 PM PDT
JULY 22 2017..........SUNRISE   547 AM PDT   SUNSET   849 PM PDT


-  INDICATES NEGATIVE NUMBERS.
R  INDICATES RECORD WAS SET OR TIED.
MM INDICATES DATA IS MISSING.
T  INDICATES TRACE AMOUNT.




$$
