000
CDUS46 KPQR 291142
CLISLE


CLIMATE REPORT
NATIONAL WEATHER SERVICE PORTLAND OREGON
341 AM PST THU JAN 29 2015


...................................

...THE SALEM OR CLIMATE SUMMARY FOR JANUARY 28 2015...

CLIMATE NORMAL PERIOD 1981 TO 2010
CLIMATE RECORD PERIOD 1892 TO 2015


WEATHER ITEM   OBSERVED TIME   RECORD YEAR NORMAL DEPARTURE LAST
                VALUE   (LST)  VALUE       VALUE  FROM      YEAR
                                                  NORMAL
..................................................................
TEMPERATURE (F)
 YESTERDAY
  MAXIMUM         58    322 PM  63    1931  49      9       47
                                      1920
  MINIMUM         47    757 AM   8    1969  35     12       38
  AVERAGE         53                        42     11       43

PRECIPITATION (IN)
  YESTERDAY        0.00          1.49 1990   0.17  -0.17     0.28
  MONTH TO DATE    3.21                      5.44  -2.23     2.13
  SINCE OCT 1     20.75                     21.83  -1.08     6.71
  SINCE JAN 1      3.21                      5.44  -2.23     2.13

DEGREE DAYS
 HEATING
  YESTERDAY       12                        23    -11       22
  MONTH TO DATE  576                       669    -93      675
  SINCE DEC 1   1190                      1441   -251     1562
  SINCE JUL 1   1956                      2558   -602     2605

 COOLING
  YESTERDAY        0                         0      0        0
  MONTH TO DATE    0                         0      0        0
  SINCE DEC 1      0                         0      0        0
  SINCE JAN 1      0                         0      0        0
..................................................................


WIND (MPH)
  HIGHEST WIND SPEED     9   HIGHEST WIND DIRECTION     N (10)
  HIGHEST GUST SPEED    12   HIGHEST GUST DIRECTION    NW (320)
  AVERAGE WIND SPEED     3.6


SKY COVER
  POSSIBLE SUNSHINE  MM
  AVERAGE SKY COVER 1.0


WEATHER CONDITIONS
 THE FOLLOWING WEATHER WAS RECORDED YESTERDAY.
  FOG
  FOG W/VISIBILITY <= 1/4 MILE


RELATIVE HUMIDITY (PERCENT)
 HIGHEST   100           800 AM
 LOWEST     77           200 PM
 AVERAGE    89

..........................................................


THE SALEM OR CLIMATE NORMALS FOR TODAY
                         NORMAL    RECORD    YEAR
 MAXIMUM TEMPERATURE (F)   49        63      1992
 MINIMUM TEMPERATURE (F)   35        11      1980
                                             1957
                                             1950


SUNRISE AND SUNSET
JANUARY 29 2015.......SUNRISE   735 AM PST   SUNSET   516 PM PST
JANUARY 30 2015.......SUNRISE   734 AM PST   SUNSET   517 PM PST


-  INDICATES NEGATIVE NUMBERS.
R  INDICATES RECORD WAS SET OR TIED.
MM INDICATES DATA IS MISSING.
T  INDICATES TRACE AMOUNT.




$$
