000
CDUS46 KPQR 240224
CLISLE


CLIMATE REPORT
NATIONAL WEATHER SERVICE PORTLAND OREGON
723 PM PDT TUE AUG 23 2016


...................................

...THE SALEM OR CLIMATE SUMMARY FOR AUGUST 23 2016...
VALID TODAY AS OF 0700 PM LOCAL TIME.

CLIMATE NORMAL PERIOD 1981 TO 2010
CLIMATE RECORD PERIOD 1892 TO 2016


WEATHER ITEM   OBSERVED TIME   RECORD YEAR NORMAL DEPARTURE LAST
                VALUE   (LST)  VALUE       VALUE  FROM      YEAR
                                                  NORMAL
..................................................................
TEMPERATURE (F)
 TODAY
  MAXIMUM         84    520 PM 102    1988  82      2       88
  MINIMUM         51    603 AM  40    1921  52     -1       55
  AVERAGE         68                        67      1       72

PRECIPITATION (IN)
  TODAY            0.00          0.92 1968   0.02  -0.02     0.00
  MONTH TO DATE    0.24                      0.27  -0.03     0.00
  SINCE OCT 1     45.54                     38.21   7.33    32.82
  SINCE JAN 1     21.99                     21.82   0.17    15.28

DEGREE DAYS
 HEATING
  TODAY            0                         1     -1        0
  MONTH TO DATE    7                        20    -13        0
  SINCE JUN 1     90                       180    -90       24
  SINCE JUL 1     12                        50    -38        2

 COOLING
  TODAY            3                         3      0        7
  MONTH TO DATE  157                        84     73      171
  SINCE JUN 1    369                       221    148      592
  SINCE JAN 1    390                       230    160      605
..................................................................


WIND (MPH)
  HIGHEST WIND SPEED    13   HIGHEST WIND DIRECTION     N (360)
  HIGHEST GUST SPEED    16   HIGHEST GUST DIRECTION     N (20)
  AVERAGE WIND SPEED     5.4


SKY COVER
  POSSIBLE SUNSHINE  MM
  AVERAGE SKY COVER 0.0


WEATHER CONDITIONS
 THE FOLLOWING WEATHER WAS RECORDED TODAY.
  NO SIGNIFICANT WEATHER WAS OBSERVED.


RELATIVE HUMIDITY (PERCENT)
 HIGHEST    83           300 AM
 LOWEST     25           500 PM
 AVERAGE    54

..........................................................


THE SALEM OR CLIMATE NORMALS FOR TOMORROW
                         NORMAL    RECORD    YEAR
 MAXIMUM TEMPERATURE (F)   82        99      1958
 MINIMUM TEMPERATURE (F)   52        39      1929


SUNRISE AND SUNSET
AUGUST 23 2016........SUNRISE   624 AM PDT   SUNSET   804 PM PDT
AUGUST 24 2016........SUNRISE   625 AM PDT   SUNSET   802 PM PDT


-  INDICATES NEGATIVE NUMBERS.
R  INDICATES RECORD WAS SET OR TIED.
MM INDICATES DATA IS MISSING.
T  INDICATES TRACE AMOUNT.




$$
