000
CDUS41 KBTV 300605
CLISLK


CLIMATE REPORT
NATIONAL WEATHER SERVICE BURLINGTON VT
203 AM EDT TUE MAY 30 2017


...................................

...THE SARANAC LAKE NY CLIMATE SUMMARY FOR MAY 29 2017...

CLIMATE NORMAL PERIOD 1981 TO 2010
CLIMATE RECORD PERIOD 9999 TO 9999


WEATHER ITEM   OBSERVED TIME   NORMAL DEPARTURE LAST
                VALUE   (LST)  VALUE  FROM      YEAR
                                      NORMAL
......................................................
TEMPERATURE (F)
 YESTERDAY
  MAXIMUM         59    748 AM  68     -9       87
  MINIMUM         41   1158 PM  42     -1       49
  AVERAGE         50            55     -5       68

PRECIPITATION (IN)
  YESTERDAY        0.41          0.12   0.29     1.11
  MONTH TO DATE    5.77          3.19   2.58     2.92
  SINCE MAR 1     10.90          8.36   2.54     8.62
  SINCE JAN 1     15.44         12.10   3.34    12.50

DEGREE DAYS
 HEATING
  YESTERDAY       15            11      4        0
  MONTH TO DATE  473           442     31      418
  SINCE MAR 1   2506          2508     -2     2350
  SINCE JUL 1   8202          9213  -1011     7945

 COOLING
  YESTERDAY        0             0      0        3
  MONTH TO DATE    6             0      6       12
  SINCE MAR 1      6             0      6       12
  SINCE JAN 1      6             0      6       12
......................................................


WIND (MPH)
  HIGHEST WIND SPEED    18   HIGHEST WIND DIRECTION     S (170)
  HIGHEST GUST SPEED    26   HIGHEST GUST DIRECTION     S (180)
  AVERAGE WIND SPEED     5.7


SKY COVER
  AVERAGE SKY COVER 0.8


WEATHER CONDITIONS
 THE FOLLOWING WEATHER WAS RECORDED YESTERDAY.
  RAIN
  LIGHT RAIN
  FOG


RELATIVE HUMIDITY (PERCENT)
 HIGHEST   100          1200 AM
 LOWEST     67           800 AM
 AVERAGE    84

..........................................................


THE SARANAC LAKE NY CLIMATE NORMALS FOR TODAY
                         NORMAL    RECORD    YEAR
 MAXIMUM TEMPERATURE (F)   68        83      2015
                                             2006
 MINIMUM TEMPERATURE (F)   42        28      2004


SUNRISE AND SUNSET
MAY 30 2017...........SUNRISE   517 AM EDT   SUNSET   833 PM EDT
MAY 31 2017...........SUNRISE   516 AM EDT   SUNSET   834 PM EDT


-  INDICATES NEGATIVE NUMBERS.
R  INDICATES RECORD WAS SET OR TIED.
MM INDICATES DATA IS MISSING.
T  INDICATES TRACE AMOUNT.




$$
