000
CDUS41 KBTV 310545
CLISLK


CLIMATE REPORT
NATIONAL WEATHER SERVICE BURLINGTON VT
144 AM EDT FRI OCT 31 2014


...................................

...THE SARANAC LAKE NY CLIMATE SUMMARY FOR OCTOBER 30 2014...

CLIMATE NORMAL PERIOD 1981 TO 2010
CLIMATE RECORD PERIOD 9999 TO 9999


WEATHER ITEM   OBSERVED TIME   NORMAL DEPARTURE LAST
                VALUE   (LST)  VALUE  FROM      YEAR
                                      NORMAL
......................................................
TEMPERATURE (F)
 YESTERDAY
  MAXIMUM         43   1213 AM  49     -6       38
  MINIMUM         31   1159 PM  28      3       23
  AVERAGE         37            38     -1       31

PRECIPITATION (IN)
  YESTERDAY        0.09          0.13  -0.04     0.01
  MONTH TO DATE    3.23          3.94  -0.71     2.08
  SINCE SEP 1      5.23          7.23  -2.00     5.65
  SINCE JAN 1     31.19         31.77  -0.58    34.53

DEGREE DAYS
 HEATING
  YESTERDAY       28            27      1       34
  MONTH TO DATE  560           680   -120      626
  SINCE SEP 1    895          1025   -130     1011
  SINCE JUL 1   1174          1265    -91     1224

 COOLING
  YESTERDAY        0             0      0        0
  MONTH TO DATE    2             0      2        0
  SINCE SEP 1     15             7      8       16
  SINCE JAN 1     83           114    -31      187
......................................................


WIND (MPH)
  HIGHEST WIND SPEED    10   HIGHEST WIND DIRECTION    SW (240)
  HIGHEST GUST SPEED    15   HIGHEST GUST DIRECTION    SW (230)
  AVERAGE WIND SPEED     4.6


SKY COVER
  AVERAGE SKY COVER 1.0


WEATHER CONDITIONS
 THE FOLLOWING WEATHER WAS RECORDED YESTERDAY.
  RAIN
  LIGHT RAIN
  LIGHT SNOW
  FOG


RELATIVE HUMIDITY (PERCENT)
 HIGHEST    92           900 AM
 LOWEST     70           300 PM
 AVERAGE    81

..........................................................


THE SARANAC LAKE NY CLIMATE NORMALS FOR TODAY
                         NORMAL    RECORD    YEAR
 MAXIMUM TEMPERATURE (F)   48        MM        MM
 MINIMUM TEMPERATURE (F)   27        MM        MM


SUNRISE AND SUNSET
OCTOBER 31 2014.......SUNRISE   733 AM EDT   SUNSET   548 PM EDT
NOVEMBER  1 2014......SUNRISE   734 AM EDT   SUNSET   546 PM EDT


-  INDICATES NEGATIVE NUMBERS.
R  INDICATES RECORD WAS SET OR TIED.
MM INDICATES DATA IS MISSING.
T  INDICATES TRACE AMOUNT.




$$
