000
CDUS41 KBTV 160532
CLISLK


CLIMATE REPORT
NATIONAL WEATHER SERVICE BURLINGTON VT
1231 AM EST TUE JAN 16 2018


...................................

...THE SARANAC LAKE NY CLIMATE SUMMARY FOR JANUARY 15 2018...

CLIMATE NORMAL PERIOD 1981 TO 2010
CLIMATE RECORD PERIOD 9999 TO 9999


WEATHER ITEM   OBSERVED TIME   NORMAL DEPARTURE LAST
                VALUE   (LST)  VALUE  FROM      YEAR
                                      NORMAL
......................................................
TEMPERATURE (F)
 YESTERDAY
  MAXIMUM         15    214 PM  25    -10       22
  MINIMUM        -26    324 AM   2    -28        1
  AVERAGE         -5            13    -18       12

PRECIPITATION (IN)
  YESTERDAY        0.00          0.05  -0.05      T
  MONTH TO DATE    2.81          1.02   1.79     1.08
  SINCE DEC 1      4.57          3.31   1.26     3.51
  SINCE JAN 1      2.81          1.02   1.79     1.08

DEGREE DAYS
 HEATING
  YESTERDAY       70            52     18       53
  MONTH TO DATE  879           771    108      718
  SINCE DEC 1   2464          2195    269     2076
  SINCE JUL 1   4521          4470     51     3918

 COOLING
  YESTERDAY        0             0      0        0
  MONTH TO DATE    0             0      0        0
  SINCE DEC 1      0             0      0        0
  SINCE JAN 1      0             0      0        0
......................................................


WIND (MPH)
  HIGHEST WIND SPEED     9   HIGHEST WIND DIRECTION     E (70)
  HIGHEST GUST SPEED    11   HIGHEST GUST DIRECTION    NE (60)
  AVERAGE WIND SPEED     2.8


SKY COVER
  AVERAGE SKY COVER 0.2


WEATHER CONDITIONS
 THE FOLLOWING WEATHER WAS RECORDED YESTERDAY.
  NO SIGNIFICANT WEATHER WAS OBSERVED.


RELATIVE HUMIDITY (PERCENT)
 HIGHEST    91           500 PM
 LOWEST     67           200 PM
 AVERAGE    79

..........................................................


THE SARANAC LAKE NY CLIMATE NORMALS FOR TODAY
                         NORMAL    RECORD    YEAR
 MAXIMUM TEMPERATURE (F)   25        35      2017
 MINIMUM TEMPERATURE (F)    1       -27      2012


SUNRISE AND SUNSET
JANUARY 16 2018.......SUNRISE   729 AM EST   SUNSET   445 PM EST
JANUARY 17 2018.......SUNRISE   728 AM EST   SUNSET   446 PM EST


-  INDICATES NEGATIVE NUMBERS.
R  INDICATES RECORD WAS SET OR TIED.
MM INDICATES DATA IS MISSING.
T  INDICATES TRACE AMOUNT.




$$
