000
CDUS41 KBTV 290540
CLISLK


CLIMATE REPORT
NATIONAL WEATHER SERVICE BURLINGTON VT
139 AM EDT FRI AUG 29 2014


...................................

...THE SARANAC LAKE NY CLIMATE SUMMARY FOR AUGUST 28 2014...

CLIMATE NORMAL PERIOD 1981 TO 2010
CLIMATE RECORD PERIOD 9999 TO 9999


WEATHER ITEM   OBSERVED TIME   NORMAL DEPARTURE LAST
                VALUE   (LST)  VALUE  FROM      YEAR
                                      NORMAL
......................................................
TEMPERATURE (F)
 YESTERDAY
  MAXIMUM         64    204 PM  73     -9       83
  MINIMUM         53   1052 PM  47      6       61
  AVERAGE         59            60     -1       72

PRECIPITATION (IN)
  YESTERDAY        0.00          0.14  -0.14     0.00
  MONTH TO DATE    2.84          3.74  -0.90     3.00
  SINCE JUN 1     13.68         11.78   1.90    17.72
  SINCE JAN 1     25.84         24.13   1.71    28.72

DEGREE DAYS
 HEATING
  YESTERDAY        6             6      0        0
  MONTH TO DATE  133           128      5      143
  SINCE JUN 1    435           406     29      433
  SINCE JUL 1    268           222     46      213

 COOLING
  YESTERDAY        0             1     -1        7
  MONTH TO DATE    4            28    -24       18
  SINCE JUN 1     63           100    -37      154
  SINCE JAN 1     64           103    -39      164
......................................................


WIND (MPH)
  HIGHEST WIND SPEED    13   HIGHEST WIND DIRECTION     N (340)
  HIGHEST GUST SPEED    20   HIGHEST GUST DIRECTION     N (360)
  AVERAGE WIND SPEED     3.5


SKY COVER
  AVERAGE SKY COVER 0.9


WEATHER CONDITIONS
 THE FOLLOWING WEATHER WAS RECORDED YESTERDAY.
  NO SIGNIFICANT WEATHER WAS OBSERVED.


RELATIVE HUMIDITY (PERCENT)
 HIGHEST    93          1200 AM
 LOWEST     56           100 PM
 AVERAGE    75

..........................................................


THE SARANAC LAKE NY CLIMATE NORMALS FOR TODAY
                         NORMAL    RECORD    YEAR
 MAXIMUM TEMPERATURE (F)   72        MM        MM
 MINIMUM TEMPERATURE (F)   47        MM        MM


SUNRISE AND SUNSET
AUGUST 29 2014........SUNRISE   616 AM EDT   SUNSET   739 PM EDT
AUGUST 30 2014........SUNRISE   617 AM EDT   SUNSET   737 PM EDT


-  INDICATES NEGATIVE NUMBERS.
R  INDICATES RECORD WAS SET OR TIED.
MM INDICATES DATA IS MISSING.
T  INDICATES TRACE AMOUNT.




$$
