000
CDUS41 KBTV 050545
CLISLK


CLIMATE REPORT
NATIONAL WEATHER SERVICE BURLINGTON VT
1245 AM EST THU MAR 5 2015


...................................

...THE SARANAC LAKE NY CLIMATE SUMMARY FOR MARCH 4 2015...

CLIMATE NORMAL PERIOD 1981 TO 2010
CLIMATE RECORD PERIOD 9999 TO 9999


WEATHER ITEM   OBSERVED TIME   NORMAL DEPARTURE LAST
                VALUE   (LST)  VALUE  FROM      YEAR
                                      NORMAL
......................................................
TEMPERATURE (F)
 YESTERDAY
  MAXIMUM         29    232 PM  33     -4       16
  MINIMUM         19   1159 PM   6     13      -17
  AVERAGE         24            19      5        0

PRECIPITATION (IN)
  YESTERDAY        T             0.05  -0.05      T
  MONTH TO DATE    0.06          0.20  -0.14     0.01
  SINCE MAR 1      0.06          0.20  -0.14     0.01
  SINCE JAN 1      0.93          3.94  -3.01     2.63

DEGREE DAYS
 HEATING
  YESTERDAY       41            46     -5       65
  MONTH TO DATE  218           185     33      250
  SINCE MAR 1    218           185     33      250
  SINCE JUL 1   7001          6890    111     7234

 COOLING
  YESTERDAY        0             0      0        0
  MONTH TO DATE    0             0      0        0
  SINCE MAR 1      0             0      0        0
  SINCE JAN 1      0             0      0        0
......................................................


WIND (MPH)
  HIGHEST WIND SPEED    23   HIGHEST WIND DIRECTION     W (250)
  HIGHEST GUST SPEED    34   HIGHEST GUST DIRECTION     W (250)
  AVERAGE WIND SPEED    12.9


SKY COVER
  AVERAGE SKY COVER 0.9


WEATHER CONDITIONS
 THE FOLLOWING WEATHER WAS RECORDED YESTERDAY.
  LIGHT SNOW
  FOG


RELATIVE HUMIDITY (PERCENT)
 HIGHEST    92           100 AM
 LOWEST     52          1100 PM
 AVERAGE    72

..........................................................


THE SARANAC LAKE NY CLIMATE NORMALS FOR TODAY
                         NORMAL    RECORD    YEAR
 MAXIMUM TEMPERATURE (F)   33        47      2004
 MINIMUM TEMPERATURE (F)    7       -19      2014


SUNRISE AND SUNSET
MARCH  5 2015.........SUNRISE   628 AM EST   SUNSET   550 PM EST
MARCH  6 2015.........SUNRISE   626 AM EST   SUNSET   551 PM EST


-  INDICATES NEGATIVE NUMBERS.
R  INDICATES RECORD WAS SET OR TIED.
MM INDICATES DATA IS MISSING.
T  INDICATES TRACE AMOUNT.




$$
