000
CDUS41 KBTV 290535
CLISLK


CLIMATE REPORT
NATIONAL WEATHER SERVICE BURLINGTON VT
1233 AM EST MON DEC 29 2014


...................................

...THE SARANAC LAKE NY CLIMATE SUMMARY FOR DECEMBER 28 2014...

CLIMATE NORMAL PERIOD 1981 TO 2010
CLIMATE RECORD PERIOD 9999 TO 9999


WEATHER ITEM   OBSERVED TIME   NORMAL DEPARTURE LAST
                VALUE   (LST)  VALUE  FROM      YEAR
                                      NORMAL
......................................................
TEMPERATURE (F)
 YESTERDAY
  MAXIMUM         44    243 AM  26     18       34
  MINIMUM         27   1159 PM   5     22       19
  AVERAGE         36            15     21       27

PRECIPITATION (IN)
  YESTERDAY        0.11          0.06   0.05      T
  MONTH TO DATE    1.94          2.13  -0.19     2.32
  SINCE DEC 1      1.94          2.13  -0.19     2.32
  SINCE JAN 1     35.16         37.36  -2.20    41.17

DEGREE DAYS
 HEATING
  YESTERDAY       29            50    -21       38
  MONTH TO DATE 1092          1273   -181     1305
  SINCE DEC 1   1092          1273   -181     1305
  SINCE JUL 1   3256          3548   -292     3691

 COOLING
  YESTERDAY        0             0      0        0
  MONTH TO DATE    0             0      0        0
  SINCE DEC 1      0             0      0        0
  SINCE JAN 1     83           114    -31      187
......................................................


WIND (MPH)
  HIGHEST WIND SPEED    21   HIGHEST WIND DIRECTION    SW (220)
  HIGHEST GUST SPEED    29   HIGHEST GUST DIRECTION    SW (210)
  AVERAGE WIND SPEED     9.7


SKY COVER
  AVERAGE SKY COVER 1.0


WEATHER CONDITIONS
 THE FOLLOWING WEATHER WAS RECORDED YESTERDAY.
  LIGHT RAIN
  LIGHT SNOW
  FOG


RELATIVE HUMIDITY (PERCENT)
 HIGHEST    92           500 AM
 LOWEST     63           800 PM
 AVERAGE    78

..........................................................


THE SARANAC LAKE NY CLIMATE NORMALS FOR TODAY
                         NORMAL    RECORD    YEAR
 MAXIMUM TEMPERATURE (F)   26        MM        MM
 MINIMUM TEMPERATURE (F)    4        MM        MM


SUNRISE AND SUNSET
DECEMBER 29 2014......SUNRISE   733 AM EST   SUNSET   425 PM EST
DECEMBER 30 2014......SUNRISE   733 AM EST   SUNSET   426 PM EST


-  INDICATES NEGATIVE NUMBERS.
R  INDICATES RECORD WAS SET OR TIED.
MM INDICATES DATA IS MISSING.
T  INDICATES TRACE AMOUNT.




$$
