000
CDUS41 KBTV 070521
CLISLK


CLIMATE REPORT
NATIONAL WEATHER SERVICE BURLINGTON VT
120 AM EDT TUE JUL 7 2015


...................................

...THE SARANAC LAKE NY CLIMATE SUMMARY FOR JULY 6 2015...

CLIMATE NORMAL PERIOD 1981 TO 2010
CLIMATE RECORD PERIOD 9999 TO 9999


WEATHER ITEM   OBSERVED TIME   NORMAL DEPARTURE LAST
                VALUE   (LST)  VALUE  FROM      YEAR
                                      NORMAL
......................................................
TEMPERATURE (F)
 YESTERDAY
  MAXIMUM         80    415 PM  76      4       75
  MINIMUM         45    502 AM  51     -6       54
  AVERAGE         63            64     -1       65

PRECIPITATION (IN)
  YESTERDAY        0.00          0.16  -0.16     0.00
  MONTH TO DATE    0.32          0.87  -0.55     0.42
  SINCE JUN 1     10.09          4.72   5.37     7.20
  SINCE JAN 1     17.88         17.07   0.81    19.36

DEGREE DAYS
 HEATING
  YESTERDAY        2             3     -1        0
  MONTH TO DATE   34            18     16       14
  SINCE JUN 1    230           202     28      181
  SINCE JUL 1     34            18     16       14

 COOLING
  YESTERDAY        0             2     -2        0
  MONTH TO DATE    0            12    -12       23
  SINCE JUN 1      6            38    -32       44
  SINCE JAN 1     22            41    -19       45
......................................................


WIND (MPH)
  HIGHEST WIND SPEED    14   HIGHEST WIND DIRECTION    SW (220)
  HIGHEST GUST SPEED    17   HIGHEST GUST DIRECTION    SW (220)
  AVERAGE WIND SPEED     2.3


SKY COVER
  AVERAGE SKY COVER 0.3


WEATHER CONDITIONS
 THE FOLLOWING WEATHER WAS RECORDED YESTERDAY.
  FOG
  FOG W/VISIBILITY <= 1/4 MILE


RELATIVE HUMIDITY (PERCENT)
 HIGHEST   100          1200 AM
 LOWEST     32           300 PM
 AVERAGE    66

..........................................................


THE SARANAC LAKE NY CLIMATE NORMALS FOR TODAY
                         NORMAL    RECORD    YEAR
 MAXIMUM TEMPERATURE (F)   76        91      2010
 MINIMUM TEMPERATURE (F)   51        37      2000


SUNRISE AND SUNSET
JULY  7 2015..........SUNRISE   520 AM EDT   SUNSET   843 PM EDT
JULY  8 2015..........SUNRISE   521 AM EDT   SUNSET   843 PM EDT


-  INDICATES NEGATIVE NUMBERS.
R  INDICATES RECORD WAS SET OR TIED.
MM INDICATES DATA IS MISSING.
T  INDICATES TRACE AMOUNT.




$$
