000
CDUS41 KBTV 160631
CLISLK


CLIMATE REPORT
NATIONAL WEATHER SERVICE BURLINGTON VT
230 AM EDT TUE SEP 16 2014


...................................

...THE SARANAC LAKE NY CLIMATE SUMMARY FOR SEPTEMBER 15 2014...

CLIMATE NORMAL PERIOD 1981 TO 2010
CLIMATE RECORD PERIOD 9999 TO 9999


WEATHER ITEM   OBSERVED TIME   NORMAL DEPARTURE LAST
                VALUE   (LST)  VALUE  FROM      YEAR
                                      NORMAL
......................................................
TEMPERATURE (F)
 YESTERDAY
  MAXIMUM         61    313 PM  67     -6       63
  MINIMUM         33   1201 AM  42     -9       33
  AVERAGE         47            54     -7       48

PRECIPITATION (IN)
  YESTERDAY        0.02          0.11  -0.09     0.06
  MONTH TO DATE    1.77          1.72   0.05     3.08
  SINCE SEP 1      1.77          1.72   0.05     3.08
  SINCE JAN 1     27.73         26.26   1.47    31.96

DEGREE DAYS
 HEATING
  YESTERDAY       18            11      7       17
  MONTH TO DATE  137           132      5      150
  SINCE SEP 1    137           132      5      150
  SINCE JUL 1    416           372     44      363

 COOLING
  YESTERDAY        0             0      0        0
  MONTH TO DATE   12             7      5       16
  SINCE SEP 1     12             7      5       16
  SINCE JAN 1     80           114    -34      187
......................................................


WIND (MPH)
  HIGHEST WIND SPEED    15   HIGHEST WIND DIRECTION    SW (220)
  HIGHEST GUST SPEED    20   HIGHEST GUST DIRECTION    SW (220)
  AVERAGE WIND SPEED     4.9


SKY COVER
  AVERAGE SKY COVER 0.9


WEATHER CONDITIONS
 THE FOLLOWING WEATHER WAS RECORDED YESTERDAY.
  LIGHT RAIN
  FOG
  FOG W/VISIBILITY <= 1/4 MILE


RELATIVE HUMIDITY (PERCENT)
 HIGHEST   100          1200 AM
 LOWEST     46           300 PM
 AVERAGE    73

..........................................................


THE SARANAC LAKE NY CLIMATE NORMALS FOR TODAY
                         NORMAL    RECORD    YEAR
 MAXIMUM TEMPERATURE (F)   66        MM        MM
 MINIMUM TEMPERATURE (F)   41        MM        MM


SUNRISE AND SUNSET
SEPTEMBER 16 2014.....SUNRISE   637 AM EDT   SUNSET   706 PM EDT
SEPTEMBER 17 2014.....SUNRISE   638 AM EDT   SUNSET   704 PM EDT


-  INDICATES NEGATIVE NUMBERS.
R  INDICATES RECORD WAS SET OR TIED.
MM INDICATES DATA IS MISSING.
T  INDICATES TRACE AMOUNT.




$$
