000
CDUS41 KBTV 240650
CLISLK


CLIMATE REPORT
NATIONAL WEATHER SERVICE BURLINGTON VT
148 AM EST MON NOV 24 2014


...................................

...THE SARANAC LAKE NY CLIMATE SUMMARY FOR NOVEMBER 23 2014...

CLIMATE NORMAL PERIOD 1981 TO 2010
CLIMATE RECORD PERIOD 9999 TO 9999


WEATHER ITEM   OBSERVED TIME   NORMAL DEPARTURE LAST
                VALUE   (LST)  VALUE  FROM      YEAR
                                      NORMAL
......................................................
TEMPERATURE (F)
 YESTERDAY
  MAXIMUM         43    334 PM  39      4       31
  MINIMUM         33   1159 PM  20     13       13
  AVERAGE         38            29      9       22

PRECIPITATION (IN)
  YESTERDAY        0.14          0.10   0.04     0.04
  MONTH TO DATE    1.24          2.60  -1.36     2.93
  SINCE SEP 1      6.47          9.94  -3.47     8.96
  SINCE JAN 1     32.43         34.48  -2.05    37.84

DEGREE DAYS
 HEATING
  YESTERDAY       27            36     -9       43
  MONTH TO DATE  706           718    -12      777
  SINCE SEP 1   1630          1770   -140     1811
  SINCE JUL 1   1909          2010   -101     2024

 COOLING
  YESTERDAY        0             0      0        0
  MONTH TO DATE    0             0      0        0
  SINCE SEP 1     15             7      8       16
  SINCE JAN 1     83           114    -31      187
......................................................


WIND (MPH)
  HIGHEST WIND SPEED    15   HIGHEST WIND DIRECTION    SW (220)
  HIGHEST GUST SPEED    19   HIGHEST GUST DIRECTION    SW (230)
  AVERAGE WIND SPEED     5.3


SKY COVER
  AVERAGE SKY COVER 1.0


WEATHER CONDITIONS
 THE FOLLOWING WEATHER WAS RECORDED YESTERDAY.
  RAIN
  LIGHT RAIN
  LIGHT SNOW
  FOG
  FOG W/VISIBILITY <= 1/4 MILE


RELATIVE HUMIDITY (PERCENT)
 HIGHEST   100           700 AM
 LOWEST     86           400 PM
 AVERAGE    93

..........................................................


THE SARANAC LAKE NY CLIMATE NORMALS FOR TODAY
                         NORMAL    RECORD    YEAR
 MAXIMUM TEMPERATURE (F)   38        MM        MM
 MINIMUM TEMPERATURE (F)   19        MM        MM


SUNRISE AND SUNSET
NOVEMBER 24 2014......SUNRISE   704 AM EST   SUNSET   422 PM EST
NOVEMBER 25 2014......SUNRISE   706 AM EST   SUNSET   422 PM EST


-  INDICATES NEGATIVE NUMBERS.
R  INDICATES RECORD WAS SET OR TIED.
MM INDICATES DATA IS MISSING.
T  INDICATES TRACE AMOUNT.




$$
