000
CDUS43 KICT 300631
CLISLN


CLIMATE REPORT
NATIONAL WEATHER SERVICE WICHITA KS
130 AM CDT SAT JUL 30 2016


...................................

...THE SALINA KS CLIMATE SUMMARY FOR JULY 29 2016...

CLIMATE NORMAL PERIOD 1981 TO 2010
CLIMATE RECORD PERIOD 1894 TO 2016


WEATHER ITEM   OBSERVED TIME   RECORD YEAR NORMAL DEPARTURE LAST
                VALUE   (LST)  VALUE       VALUE  FROM      YEAR
                                                  NORMAL
..................................................................
TEMPERATURE (F)
 YESTERDAY
  MAXIMUM         89    421 PM 108    2012  93     -4       84
                                      1940
  MINIMUM         69    523 AM  55    1994  70     -1       66
  AVERAGE         79                        81     -2       75

PRECIPITATION (IN)
  YESTERDAY        0.00          1.24 1971   0.13  -0.13     0.72
  MONTH TO DATE    2.03                      4.04  -2.01     3.86
  SINCE JUN 1      2.48                      8.15  -5.67     8.36
  SINCE JAN 1     14.30                     20.14  -5.84    19.96

DEGREE DAYS
 HEATING
  YESTERDAY        0                         0      0        0
  MONTH TO DATE    0                         0      0        0
  SINCE JUN 1      0                         7     -7        0
  SINCE JUL 1      0                         0      0        0

 COOLING
  YESTERDAY       14                        16     -2       10
  MONTH TO DATE  553                       463     90      521
  SINCE JUN 1   1045                       788    257      961
  SINCE JAN 1   1170                       916    254     1051
..................................................................


WIND (MPH)
  HIGHEST WIND SPEED    13   HIGHEST WIND DIRECTION     E (70)
  HIGHEST GUST SPEED    17   HIGHEST GUST DIRECTION    NE (30)
  AVERAGE WIND SPEED     4.9


SKY COVER
  POSSIBLE SUNSHINE  MM
  AVERAGE SKY COVER 0.3


WEATHER CONDITIONS
 THE FOLLOWING WEATHER WAS RECORDED YESTERDAY.
  THUNDERSTORM


RELATIVE HUMIDITY (PERCENT)
 HIGHEST    90          1200 AM
 LOWEST     46           500 PM
 AVERAGE    68

..........................................................


THE SALINA KS CLIMATE NORMALS FOR TODAY
                         NORMAL    RECORD    YEAR
 MAXIMUM TEMPERATURE (F)   93       108      1917
 MINIMUM TEMPERATURE (F)   70        53      1918


SUNRISE AND SUNSET
JULY 30 2016..........SUNRISE   631 AM CDT   SUNSET   843 PM CDT
JULY 31 2016..........SUNRISE   631 AM CDT   SUNSET   842 PM CDT


-  INDICATES NEGATIVE NUMBERS.
R  INDICATES RECORD WAS SET OR TIED.
MM INDICATES DATA IS MISSING.
T  INDICATES TRACE AMOUNT.




$$
