000
CDUS43 KICT 280631
CLISLN


CLIMATE REPORT
NATIONAL WEATHER SERVICE WICHITA KS
130 AM CDT SUN AUG 28 2016


...................................

...THE SALINA KS CLIMATE SUMMARY FOR AUGUST 27 2016...

CLIMATE NORMAL PERIOD 1981 TO 2010
CLIMATE RECORD PERIOD 1894 TO 2016


WEATHER ITEM   OBSERVED TIME   RECORD YEAR NORMAL DEPARTURE LAST
                VALUE   (LST)  VALUE       VALUE  FROM      YEAR
                                                  NORMAL
..................................................................
TEMPERATURE (F)
 YESTERDAY
  MAXIMUM         88    411 PM 111    1921  89     -1       89
  MINIMUM         65    224 AM  42    1916  66     -1       72
  AVERAGE         77                        78     -1       81

PRECIPITATION (IN)
  YESTERDAY        0.35          1.73 1968   0.11   0.24     0.10
  MONTH TO DATE    3.66                      3.47   0.19     3.88
  SINCE JUN 1      6.44                     11.87  -5.43    12.24
  SINCE JAN 1     18.26                     23.86  -5.60    23.84

DEGREE DAYS
 HEATING
  YESTERDAY        0                         0      0        0
  MONTH TO DATE    0                         0      0        0
  SINCE JUN 1      0                         7     -7        0
  SINCE JUL 1      0                         0      0        0

 COOLING
  YESTERDAY       12                        13     -1       16
  MONTH TO DATE  410                       405      5      336
  SINCE JUN 1   1490                      1231    259     1326
  SINCE JAN 1   1615                      1359    256     1416
..................................................................


WIND (MPH)
  HIGHEST WIND SPEED    28   HIGHEST WIND DIRECTION    NW (330)
  HIGHEST GUST SPEED    38   HIGHEST GUST DIRECTION    NW (320)
  AVERAGE WIND SPEED     6.2


SKY COVER
  POSSIBLE SUNSHINE  MM
  AVERAGE SKY COVER 0.2


WEATHER CONDITIONS
 THE FOLLOWING WEATHER WAS RECORDED YESTERDAY.
  THUNDERSTORM
  HEAVY RAIN
  LIGHT RAIN
  FOG


RELATIVE HUMIDITY (PERCENT)
 HIGHEST    93           400 AM
 LOWEST     51           200 PM
 AVERAGE    72

..........................................................


THE SALINA KS CLIMATE NORMALS FOR TODAY
                         NORMAL    RECORD    YEAR
 MAXIMUM TEMPERATURE (F)   89       109      1921
 MINIMUM TEMPERATURE (F)   66        42      1916


SUNRISE AND SUNSET
AUGUST 28 2016........SUNRISE   657 AM CDT   SUNSET   806 PM CDT
AUGUST 29 2016........SUNRISE   657 AM CDT   SUNSET   805 PM CDT


-  INDICATES NEGATIVE NUMBERS.
R  INDICATES RECORD WAS SET OR TIED.
MM INDICATES DATA IS MISSING.
T  INDICATES TRACE AMOUNT.




$$
