000
CDUS46 KLOX 291007
CLISMX


CLIMATE REPORT
NATIONAL WEATHER SERVICE LOS ANGELES/OXNARD CA
306 AM PDT SUN MAR 29 2015


...................................

...THE SANTA MARIA AIRPORT CA CLIMATE SUMMARY FOR MARCH 28 2015...

CLIMATE NORMAL PERIOD 1981 TO 2010
CLIMATE RECORD PERIOD 1906 TO 2015


WEATHER ITEM   OBSERVED TIME   RECORD YEAR NORMAL DEPARTURE LAST
                VALUE   (LST)  VALUE       VALUE  FROM      YEAR
                                                  NORMAL
..................................................................
TEMPERATURE (F)
 YESTERDAY
  MAXIMUM         75    404 PM  86    2004  66      9       73
  MINIMUM         51    703 AM  30    1975  43      8       46
  AVERAGE         63                        54      9       60

PRECIPITATION (IN)
  YESTERDAY        0.00          1.24 1963   0.07  -0.07     0.00
  MONTH TO DATE    0.30                      2.45  -2.15     0.93
  SINCE OCT 1      6.70                     12.24  -5.54     3.31
  SINCE JAN 1      1.14                      8.19  -7.05     2.82

SNOWFALL (IN)
  YESTERDAY        0.0
  MONTH TO DATE    0.0
  SINCE MAR 1      0.0
  SINCE JUL 1      0.0

DEGREE DAYS
 HEATING
  YESTERDAY        2                        11     -9
  MONTH TO DATE  123                       308   -185
  SINCE MAR 1    123                       308   -185
  SINCE JUL 1    810                      2141  -1331

 COOLING
  YESTERDAY        0                         0      0
  MONTH TO DATE   27                         0     27
  SINCE MAR 1     27                         0     27
  SINCE JAN 1     27                         1     26
..................................................................


WIND (MPH)
  HIGHEST WIND SPEED    17   HIGHEST WIND DIRECTION    NW (330)
  HIGHEST GUST SPEED    21   HIGHEST GUST DIRECTION    NW (330)
  AVERAGE WIND SPEED     3.8


SKY COVER
  POSSIBLE SUNSHINE  MM
  AVERAGE SKY COVER 0.4


WEATHER CONDITIONS
 THE FOLLOWING WEATHER WAS RECORDED YESTERDAY.
  FOG
  FOG W/VISIBILITY <= 1/4 MILE
  HAZE


RELATIVE HUMIDITY (PERCENT)
 HIGHEST   100           800 AM
 LOWEST     35           400 PM
 AVERAGE    68

..........................................................


THE SANTA MARIA AIRPORT CA CLIMATE NORMALS FOR TODAY
                         NORMAL    RECORD    YEAR
 MAXIMUM TEMPERATURE (F)   66        87      1934
 MINIMUM TEMPERATURE (F)   43        29      1975


SUNRISE AND SUNSET
MARCH 29 2015.........SUNRISE   653 AM PDT   SUNSET   721 PM PDT
MARCH 30 2015.........SUNRISE   652 AM PDT   SUNSET   721 PM PDT


-  INDICATES NEGATIVE NUMBERS.
R  INDICATES RECORD WAS SET OR TIED.
MM INDICATES DATA IS MISSING.
T  INDICATES TRACE AMOUNT.




$$
