000
CDUS46 KLOX 242212
CLISMX


CLIMATE REPORT
NATIONAL WEATHER SERVICE LOS ANGELES/OXNARD CA
312 PM PDT FRI MAR 24 2017


...................................

...THE SANTA MARIA AIRPORT CA CLIMATE SUMMARY FOR MARCH 24 2017...
VALID AS OF 0300 PM LOCAL TIME.

CLIMATE NORMAL PERIOD 1981 TO 2010
CLIMATE RECORD PERIOD 1906 TO 2017


WEATHER ITEM   OBSERVED TIME   RECORD YEAR NORMAL DEPARTURE LAST
                VALUE   (LST)  VALUE       VALUE  FROM      YEAR
                                                  NORMAL
..................................................................
TEMPERATURE (F)
 TODAY
  MAXIMUM         65    110 PM  91    1930  66     -1       79
  MINIMUM         41    614 AM  29    1929  43     -2       49
  AVERAGE         53                        54     -1       64

PRECIPITATION (IN)
  TODAY            0.00          1.25 1907   0.07  -0.07     0.00
  MONTH TO DATE    0.60                      2.18  -1.58     3.08
  SINCE OCT 1     16.68                     11.97   4.71     8.24
  SINCE JAN 1     11.88                      7.92   3.96     6.36

SNOWFALL (IN)
  TODAY            0.0
  MONTH TO DATE    0.0
  SINCE MAR 1      0.0
  SINCE JUL 1      0.0

DEGREE DAYS
 HEATING
  TODAY           12                        11      1
  MONTH TO DATE  184                       264    -80
  SINCE MAR 1    184                       264    -80
  SINCE JUL 1   1908                      2097   -189

 COOLING
  TODAY            0                         0      0
  MONTH TO DATE    5                         0      5
  SINCE MAR 1      5                         0      5
  SINCE JAN 1      5                         1      4
..................................................................


WIND (MPH)
  HIGHEST WIND SPEED    16   HIGHEST WIND DIRECTION    NW (310)
  HIGHEST GUST SPEED    19   HIGHEST GUST DIRECTION    NW (310)
  AVERAGE WIND SPEED     4.6


SKY COVER
  POSSIBLE SUNSHINE  MM
  AVERAGE SKY COVER 0.3


WEATHER CONDITIONS
 THE FOLLOWING WEATHER WAS RECORDED TODAY.
  NO SIGNIFICANT WEATHER WAS OBSERVED.


RELATIVE HUMIDITY (PERCENT)
 HIGHEST   100           100 AM
 LOWEST     52          1200 PM
 AVERAGE    76

..........................................................


THE SANTA MARIA AIRPORT CA CLIMATE NORMALS FOR TOMORROW
                         NORMAL    RECORD    YEAR
 MAXIMUM TEMPERATURE (F)   66        90      1988
 MINIMUM TEMPERATURE (F)   43        31      1964
                                             1936


SUNRISE AND SUNSET
MARCH 24 2017.........SUNRISE   659 AM PDT   SUNSET   717 PM PDT
MARCH 25 2017.........SUNRISE   658 AM PDT   SUNSET   718 PM PDT


-  INDICATES NEGATIVE NUMBERS.
R  INDICATES RECORD WAS SET OR TIED.
MM INDICATES DATA IS MISSING.
T  INDICATES TRACE AMOUNT.




$$
