499
CDUS46 KLOX 152215
CLISMX


CLIMATE REPORT
NATIONAL WEATHER SERVICE LOS ANGELES/OXNARD CA
215 PM PST FRI DEC 15 2017


...................................

...THE SANTA MARIA AIRPORT CA CLIMATE SUMMARY FOR DECEMBER 15 2017...
VALID AS OF 0200 PM LOCAL TIME.

CLIMATE NORMAL PERIOD 1981 TO 2010
CLIMATE RECORD PERIOD 1906 TO 2017


WEATHER ITEM   OBSERVED TIME   RECORD YEAR NORMAL DEPARTURE LAST
                VALUE   (LST)  VALUE       VALUE  FROM      YEAR
                                                  NORMAL
..................................................................
TEMPERATURE (F)
 TODAY
  MAXIMUM         74   1243 PM  79    1976  63     11       60
  MINIMUM         39    614 AM  24    1975  39      0       50
  AVERAGE         57                        51      6       55

PRECIPITATION (IN)
  TODAY            0.00          1.06 1988   0.06  -0.06     0.62
  MONTH TO DATE    0.00                      0.88  -0.88     1.13
  SINCE OCT 1      0.09                      2.81  -2.72     3.71
  SINCE JAN 1     14.20                     12.71   1.49    10.83

SNOWFALL (IN)
  TODAY            0.0
  MONTH TO DATE    0.0
  SINCE DEC 1      0.0
  SINCE JUL 1      0.0

DEGREE DAYS
 HEATING
  TODAY            8                        14     -6
  MONTH TO DATE  118                       200    -82
  SINCE DEC 1    118                       200    -82
  SINCE JUL 1    391                       846   -455

 COOLING
  TODAY            0                         0      0
  MONTH TO DATE    0                         0      0
  SINCE DEC 1      0                         0      0
  SINCE JAN 1    333                       104    229
..................................................................


WIND (MPH)
  HIGHEST WIND SPEED    12   HIGHEST WIND DIRECTION     W (290)
  HIGHEST GUST SPEED    14   HIGHEST GUST DIRECTION    NW (300)
  AVERAGE WIND SPEED     3.2


SKY COVER
  POSSIBLE SUNSHINE  MM
  AVERAGE SKY COVER 0.0


WEATHER CONDITIONS
 THE FOLLOWING WEATHER WAS RECORDED TODAY.
  HAZE


RELATIVE HUMIDITY (PERCENT)
 HIGHEST    51           400 AM
 LOWEST     14          1200 PM
 AVERAGE    33

..........................................................


THE SANTA MARIA AIRPORT CA CLIMATE NORMALS FOR TOMORROW
                         NORMAL    RECORD    YEAR
 MAXIMUM TEMPERATURE (F)   63        83      2013
                                             1980
 MINIMUM TEMPERATURE (F)   39        28      1971


SUNRISE AND SUNSET
DECEMBER 15 2017......SUNRISE   702 AM PST   SUNSET   452 PM PST
DECEMBER 16 2017......SUNRISE   703 AM PST   SUNSET   452 PM PST


-  INDICATES NEGATIVE NUMBERS.
R  INDICATES RECORD WAS SET OR TIED.
MM INDICATES DATA IS MISSING.
T  INDICATES TRACE AMOUNT.




$$
