000
CDUS46 KLOX 280113
CLISMX


CLIMATE REPORT
NATIONAL WEATHER SERVICE LOS ANGELES/OXNARD CA
513 PM PST FRI FEB 27 2015


...................................

...THE SANTA MARIA AIRPORT CA CLIMATE SUMMARY FOR FEBRUARY 27 2015...
VALID TODAY AS OF 0500 PM LOCAL TIME.

CLIMATE NORMAL PERIOD 1981 TO 2010
CLIMATE RECORD PERIOD 1906 TO 2015


WEATHER ITEM   OBSERVED TIME   RECORD YEAR NORMAL DEPARTURE LAST
                VALUE   (LST)  VALUE       VALUE  FROM      YEAR
                                                  NORMAL
..................................................................
TEMPERATURE (F)
 TODAY
  MAXIMUM         66    115 PM  86    1932  64      2       72
  MINIMUM         46    510 AM  22    1971  43      3       52
  AVERAGE         56                        54      2       62

PRECIPITATION (IN)
  TODAY            0.00          0.99 1991   0.10  -0.10     0.13
  MONTH TO DATE    0.46                      2.89  -2.43     0.83
  SINCE OCT 1      6.34                      9.69  -3.35     1.33
  SINCE JAN 1      0.78                      5.64  -4.86     0.84

SNOWFALL (IN)
  TODAY            0.0
  MONTH TO DATE    0.0
  SINCE DEC 1      0.0
  SINCE JUL 1      0.0

DEGREE DAYS
 HEATING
  TODAY            9                        12     -3
  MONTH TO DATE  138                       332   -194
  SINCE DEC 1    578                      1178   -600
  SINCE JUL 1    676                      1824  -1148

 COOLING
  TODAY            0                         0      0
  MONTH TO DATE    0                         0      0
  SINCE DEC 1      2                         0      2
  SINCE JAN 1      0                         0      0
..................................................................


WIND (MPH)
  HIGHEST WIND SPEED    31   HIGHEST WIND DIRECTION    NW (300)
  HIGHEST GUST SPEED    37   HIGHEST GUST DIRECTION     W (290)
  AVERAGE WIND SPEED     7.9


SKY COVER
  POSSIBLE SUNSHINE  MM
  AVERAGE SKY COVER 0.7


WEATHER CONDITIONS
 THE FOLLOWING WEATHER WAS RECORDED TODAY.
  FOG
  FOG W/VISIBILITY <= 1/4 MILE
  HAZE


RELATIVE HUMIDITY (PERCENT)
 HIGHEST   100           800 AM
 LOWEST     56          1100 AM
 AVERAGE    78

..........................................................


THE SANTA MARIA AIRPORT CA CLIMATE NORMALS FOR TOMORROW
                         NORMAL    RECORD    YEAR
 MAXIMUM TEMPERATURE (F)   64        86      1926
 MINIMUM TEMPERATURE (F)   43        26      1971


SUNRISE AND SUNSET
FEBRUARY 27 2015......SUNRISE   634 AM PST   SUNSET   556 PM PST
FEBRUARY 28 2015......SUNRISE   633 AM PST   SUNSET   557 PM PST


-  INDICATES NEGATIVE NUMBERS.
R  INDICATES RECORD WAS SET OR TIED.
MM INDICATES DATA IS MISSING.
T  INDICATES TRACE AMOUNT.




$$
