000
CDUS46 KLOX 200901
CLISMX


CLIMATE REPORT
NATIONAL WEATHER SERVICE LOS ANGELES/OXNARD CA
201 AM PDT WED AUG 20 2014


...................................

...THE SANTA MARIA AIRPORT CA CLIMATE SUMMARY FOR AUGUST 19 2014...

CLIMATE NORMAL PERIOD 1981 TO 2010
CLIMATE RECORD PERIOD 1906 TO 2014


WEATHER ITEM   OBSERVED TIME   RECORD YEAR NORMAL DEPARTURE LAST
                VALUE   (LST)  VALUE       VALUE  FROM      YEAR
                                                  NORMAL
..................................................................
TEMPERATURE (F)
 YESTERDAY
  MAXIMUM         76    133 PM  96    1997  73      3       77
  MINIMUM         60    611 AM  44    1922  54      6       56
  AVERAGE         68                        64      4       67

PRECIPITATION (IN)
  YESTERDAY        T             0.84 1976   0.00   0.00     0.00
  MONTH TO DATE    T                         0.01  -0.01      T
  SINCE JUL 1      T                         0.04  -0.04     0.01
  SINCE JAN 1      4.01                      9.75  -5.74     2.50

SNOWFALL (IN)
  YESTERDAY        0.0
  MONTH TO DATE    0.0
  SINCE JUN 1      0.0
  SINCE JUL 1      0.0

DEGREE DAYS
 HEATING
  YESTERDAY        0                         2     -2
  MONTH TO DATE    0                        38    -38
  SINCE JUN 1     60                       254   -194
  SINCE JUL 1      0                       113   -113

 COOLING
  YESTERDAY        3                         1      2
  MONTH TO DATE   64                        19     45
  SINCE JUN 1    188                        44    144
  SINCE JAN 1    294                        54    240
..................................................................


WIND (MPH)
  HIGHEST WIND SPEED    MM   HIGHEST WIND DIRECTION    MM
  HIGHEST GUST SPEED    MM   HIGHEST GUST DIRECTION    MM
  AVERAGE WIND SPEED     5.3


SKY COVER
  POSSIBLE SUNSHINE  MM
  AVERAGE SKY COVER 0.8


WEATHER CONDITIONS
 THE FOLLOWING WEATHER WAS RECORDED YESTERDAY.
  FOG
  HAZE


RELATIVE HUMIDITY (PERCENT)
 HIGHEST    90          1200 AM
 LOWEST     57           200 PM
 AVERAGE    74

..........................................................


THE SANTA MARIA AIRPORT CA CLIMATE NORMALS FOR TODAY
                         NORMAL    RECORD    YEAR
 MAXIMUM TEMPERATURE (F)   73        82      2007
 MINIMUM TEMPERATURE (F)   54        42      1947


SUNRISE AND SUNSET
AUGUST 20 2014........SUNRISE   626 AM PDT   SUNSET   744 PM PDT
AUGUST 21 2014........SUNRISE   627 AM PDT   SUNSET   743 PM PDT


-  INDICATES NEGATIVE NUMBERS.
R  INDICATES RECORD WAS SET OR TIED.
MM INDICATES DATA IS MISSING.
T  INDICATES TRACE AMOUNT.




$$
