000
CDUS46 KSGX 210018
CLISNA


CLIMATE REPORT
NATIONAL WEATHER SERVICE SAN DIEGO, CA
518 PM PDT SUN AUG 20 2017


...................................

...THE JOHN WAYNE AIRPORT CA CLIMATE SUMMARY FOR AUGUST 20 2017...
VALID TODAY AS OF 0500 PM LOCAL TIME.

CLIMATE NORMAL PERIOD 1981 TO 2010
CLIMATE RECORD PERIOD 1999 TO 2017


WEATHER ITEM   OBSERVED TIME   RECORD YEAR NORMAL DEPARTURE LAST
                VALUE   (LST)  VALUE       VALUE  FROM      YEAR
                                                  NORMAL
..................................................................
TEMPERATURE (F)
 TODAY
  MAXIMUM         76    220 PM  88    2007  80     -4       79
  MINIMUM         67   1221 AM  62    1999  65      2       66
  AVERAGE         72                        73     -1       73

PRECIPITATION (IN)
  TODAY            0.00          0.00 2006   0.00   0.00     0.00
                                      2005
  MONTH TO DATE    T                         0.03  -0.03     0.00
  SINCE OCT 1     15.88                     13.11   2.77     4.98
  SINCE JAN 1      9.69                      9.03   0.66     3.76

DEGREE DAYS
 HEATING
  TODAY            0                         0      0        0
  MONTH TO DATE    0                         0      0        0
  SINCE JUN 1      1                         7     -6        1
  SINCE JUL 1      0                         0      0        0

 COOLING
  TODAY            7                         8     -1        8
  MONTH TO DATE  178                       151     27      172
  SINCE JUN 1    572                       418    154      593
  SINCE JAN 1    682                       485    197      689
..................................................................


WIND (MPH)
  RESULTANT WIND SPEED   5   RESULTANT WIND DIRECTION  SW (210)
  HIGHEST WIND SPEED    15   HIGHEST WIND DIRECTION    SW (210)
  HIGHEST GUST SPEED    20   HIGHEST GUST DIRECTION    SW (210)
  AVERAGE WIND SPEED     5.8


SKY COVER
  POSSIBLE SUNSHINE  MM
  AVERAGE SKY COVER 0.7


WEATHER CONDITIONS
 THE FOLLOWING WEATHER WAS RECORDED TODAY.
  NO SIGNIFICANT WEATHER WAS OBSERVED.


RELATIVE HUMIDITY (PERCENT)
 HIGHEST    81          1200 AM
 LOWEST     60           100 PM
 AVERAGE    71

..........................................................


THE JOHN WAYNE AIRPORT CA CLIMATE NORMALS FOR TOMORROW
                         NORMAL    RECORD    YEAR
 MAXIMUM TEMPERATURE (F)   80        85      2007
 MINIMUM TEMPERATURE (F)   65        62      2005
                                             1999


SUNRISE AND SUNSET
AUGUST 20 2017........SUNRISE   617 AM PDT   SUNSET   732 PM PDT
AUGUST 21 2017........SUNRISE   618 AM PDT   SUNSET   730 PM PDT


-  INDICATES NEGATIVE NUMBERS.
R  INDICATES RECORD WAS SET OR TIED.
MM INDICATES DATA IS MISSING.
T  INDICATES TRACE AMOUNT.




$$
