000
CDUS46 KSGX 061419
CLISNA


CLIMATE REPORT
NATIONAL WEATHER SERVICE SAN DIEGO, CA
718 AM PDT FRI MAY 6 2016


...................................

...THE JOHN WAYNE AIRPORT CA CLIMATE SUMMARY FOR MAY 5 2016...

CLIMATE NORMAL PERIOD 1981 TO 2010
CLIMATE RECORD PERIOD 1999 TO 2016


WEATHER ITEM   OBSERVED TIME   RECORD YEAR NORMAL DEPARTURE LAST
                VALUE   (LST)  VALUE       VALUE  FROM      YEAR
                                                  NORMAL
..................................................................
TEMPERATURE (F)
 YESTERDAY
  MAXIMUM         68    315 PM  78    2011  71     -3       67
  MINIMUM         60   1159 PM  51    1999  57      3       58
  AVERAGE         64                        64      0       63

PRECIPITATION (IN)
  YESTERDAY        T             0.01 2005   0.02  -0.02     0.00
  MONTH TO DATE    T                         0.09  -0.09     0.00
  SINCE OCT 1      4.88                     12.82  -7.94     5.78
  SINCE JAN 1      3.66                      8.74  -5.08     1.98

DEGREE DAYS
 HEATING
  YESTERDAY        1                         2     -1        2
  MONTH TO DATE    6                        11     -5        4
  SINCE MAR 1    176                       312   -136       79
  SINCE JUL 1    948                      1218   -270      304

 COOLING
  YESTERDAY        0                         1     -1        0
  MONTH TO DATE    0                         5     -5       11
  SINCE MAR 1     47                        26     21      163
  SINCE JAN 1     85                        34     51      235
..................................................................


WIND (MPH)
  RESULTANT WIND SPEED   6   RESULTANT WIND DIRECTION  SW (210)
  HIGHEST WIND SPEED    17   HIGHEST WIND DIRECTION     S (200)
  HIGHEST GUST SPEED    21   HIGHEST GUST DIRECTION    SW (220)
  AVERAGE WIND SPEED     6.8


SKY COVER
  POSSIBLE SUNSHINE  MM
  AVERAGE SKY COVER 0.9


WEATHER CONDITIONS
 THE FOLLOWING WEATHER WAS RECORDED YESTERDAY.
  LIGHT RAIN


RELATIVE HUMIDITY (PERCENT)
 HIGHEST    72          1200 AM
 LOWEST     45           300 PM
 AVERAGE    59

..........................................................


THE JOHN WAYNE AIRPORT CA CLIMATE NORMALS FOR TODAY
                         NORMAL    RECORD    YEAR
 MAXIMUM TEMPERATURE (F)   71        90      2007
 MINIMUM TEMPERATURE (F)   57        54      1999


SUNRISE AND SUNSET
MAY  6 2016...........SUNRISE   558 AM PDT   SUNSET   739 PM PDT
MAY  7 2016...........SUNRISE   557 AM PDT   SUNSET   740 PM PDT


-  INDICATES NEGATIVE NUMBERS.
R  INDICATES RECORD WAS SET OR TIED.
MM INDICATES DATA IS MISSING.
T  INDICATES TRACE AMOUNT.




$$
