000
CDUS46 KSGX 300018
CLISNA


CLIMATE REPORT
NATIONAL WEATHER SERVICE SAN DIEGO, CA
518 PM PDT FRI MAY 29 2015


...................................

...THE JOHN WAYNE AIRPORT CA CLIMATE SUMMARY FOR MAY 29 2015...
VALID TODAY AS OF 0500 PM LOCAL TIME.

CLIMATE NORMAL PERIOD 1981 TO 2010
CLIMATE RECORD PERIOD 1999 TO 2015


WEATHER ITEM   OBSERVED TIME   RECORD YEAR NORMAL DEPARTURE LAST
                VALUE   (LST)  VALUE       VALUE  FROM      YEAR
                                                  NORMAL
..................................................................
TEMPERATURE (F)
 TODAY
  MAXIMUM         73    241 PM  84    2010  72      1       75
  MINIMUM         60    246 AM  56    2011  60      0       66
                                      2010
                                      2008
  AVERAGE         67                        66      1       71

PRECIPITATION (IN)
  TODAY            0.00          T    2009   0.00   0.00     0.00
                                      2009
                                      2011
  MONTH TO DATE    1.07                      0.23   0.84     0.00
  SINCE OCT 1      6.85                     12.96  -6.11     3.52
  SINCE JAN 1      3.05                      8.88  -5.83     2.59

SNOWFALL (IN)
  TODAY            0.0
  MONTH TO DATE    0.0
  SINCE MAR 1      0.0
  SINCE JUL 1      0.0
  SNOW DEPTH       0

DEGREE DAYS
 HEATING
  TODAY            0                         1     -1        0
  MONTH TO DATE   47                        40      7        1
  SINCE MAR 1    122                       341   -219      114
  SINCE JUL 1    347                      1247   -900      604

 COOLING
  TODAY            2                         1      1        6
  MONTH TO DATE   15                        29    -14      205
  SINCE MAR 1    167                        50    117      297
  SINCE JAN 1    239                        58    181      324
..................................................................


WIND (MPH)
  RESULTANT WIND SPEED   3   RESULTANT WIND DIRECTION  SW (210)
  HIGHEST WIND SPEED    13   HIGHEST WIND DIRECTION     S (200)
  HIGHEST GUST SPEED    17   HIGHEST GUST DIRECTION     S (190)
  AVERAGE WIND SPEED     4.1


SKY COVER
  POSSIBLE SUNSHINE  MM
  AVERAGE SKY COVER 0.9


WEATHER CONDITIONS
 THE FOLLOWING WEATHER WAS RECORDED TODAY.
  FOG


RELATIVE HUMIDITY (PERCENT)
 HIGHEST    84          1200 AM
 LOWEST     57          1100 AM
 AVERAGE    71

..........................................................


THE JOHN WAYNE AIRPORT CA CLIMATE NORMALS FOR TOMORROW
                         NORMAL    RECORD    YEAR
 MAXIMUM TEMPERATURE (F)   72        80      2006
 MINIMUM TEMPERATURE (F)   60        51      2011


SUNRISE AND SUNSET
MAY 29 2015...........SUNRISE   543 AM PDT   SUNSET   755 PM PDT
MAY 30 2015...........SUNRISE   543 AM PDT   SUNSET   756 PM PDT


-  INDICATES NEGATIVE NUMBERS.
R  INDICATES RECORD WAS SET OR TIED.
MM INDICATES DATA IS MISSING.
T  INDICATES TRACE AMOUNT.




$$
