000
CDAK48 PASN 241216
CLISNP

CLIMATE REPORT
NATIONAL WEATHER SERVICE ST PAUL, AK
416 AM AKDT SUN JUL 24 2016

...................................
...THE ST PAUL AIRPORT CLIMATE SUMMARY FOR JULY 23 2016...

CLIMATE NORMAL PERIOD  1981 TO  2010
CLIMATE RECORD PERIOD  1892 TO  2016

WEATHER ITEM   OBSERVED TIME    RECORD YEAR NORMAL DEPARTURE LAST
               VALUE    (LST)   VALUE       VALUE  FROM      YEAR
                                                   NORMAL
...................................................................
TEMPERATURE
YESTERDAY
 MAXIMUM            58  0512 PM    60  1979     51       7     51
 MINIMUM            50  1159 PM    33  1992     44       6     47
 AVERAGE            54                          48       6     49

PRECIPITATION
(INCHES)
 YESTERDAY        0.00           0.54  2004   0.07   -0.07   0.09
 MONTH TO DATE    0.70                        1.28   -0.58   1.55
 SINCE JUN 1      2.39                        2.63   -0.24   2.47
 SINCE JAN 1      8.31                        8.79   -0.48   8.75

SNOWFALL
(INCHES)
 YESTERDAY         0.0            0.0  2016    0.0     0.0    0.0
 MONTH TO DATE     0.0                         0.0     0.0    0.0
 SINCE JUN 1       0.0                         0.0     0.0    0.0
 SINCE JUL 1       0.0                         0.0     0.0    0.0
 SNOW DEPTH (IN)     0                                          0

DEGREE DAYS
 HEATING
  YESTERDAY         11                          17      -6     16
  MONTH TO DATE    302                         417    -115    365
  SINCE JUN 1      834                        1096    -262    985
  SINCE JUL 1      302                         417    -115    365

 COOLING
  YESTERDAY          0                           0       0      0
  MONTH TO DATE      0                           0       0      0
  SINCE JUN 1        0                           0       0      0
  SINCE JAN 1        0                           0       0      0
...................................................................

WIND (MPH)
 HIGHEST WIND SPEED    29     HIGHEST WIND DIRECTION    270
 HIGHEST GUST SPEED    34     HIGHEST GUST DIRECTION    260
 AVERAGE WIND SPEED  18.5

SKY COVER
  POSSIBLE SUNSHINE    MM          AVERAGE SKY COVER     MM

WEATHER CONDITIONS
 THE FOLLOWING WEATHER WAS RECORDED YESTERDAY.
  FOG


RELATIVE HUMIDITY
 HIGHEST RH     MM PERCENT       MM
 LOWEST  RH     MM PERCENT       MM
 AVERAGE RH     MM PERCENT       MM
...................................................................

THE ST PAUL CLIMATE NORMALS FOR TODAY
                           NORMAL    RECORD   YEAR
 MAXIMUM TEMPERATURE (F)     51        62     2013
 MINIMUM TEMPERATURE (F)     45        32     2008

SUNRISE AND SUNSET
 JUL 24 2016..........SUNRISE  7:05 AM      SUNSET 11:49 PM
 JUL 25 2016..........SUNRISE  7:07 AM      SUNSET 11:47 PM

-  INDICATES NEGATIVE NUMBERS.
R  INDICATES RECORD HAS BEEN SET OR TIED.
MM INDICATES DATA IS MISSING.
T  INDICATES TRACE OF PRECIPITATION.

&&
-------------------------------------------------------------------

AMOUNT OF DAYLIGHT TODAY  (HOUR:MIN)........16 HOURS 44 MINUTES
GAIN/LOSS SINCE YESTERDAY (HOUR:MIN:SEC)....-0:03:42

$$
WIW JUL 16
