000
CDAK48 PASN 061002
CLISNP

CLIMATE REPORT
NATIONAL WEATHER SERVICE ST PAUL, AK
202 AM AKDT FRI MAY 6 2016

...................................
...THE ST PAUL AIRPORT CLIMATE SUMMARY FOR MAY 5 2016...

CLIMATE NORMAL PERIOD  1981 TO  2010
CLIMATE RECORD PERIOD  1892 TO  2016

WEATHER ITEM   OBSERVED TIME    RECORD YEAR NORMAL DEPARTURE LAST
               VALUE    (LST)   VALUE       VALUE  FROM      YEAR
                                                   NORMAL
...................................................................
TEMPERATURE
YESTERDAY
 MAXIMUM            39  0538 PM    43  1996     38       1     40
 MINIMUM            31  1159 PM     8  1971     30       1     32
 AVERAGE            35                          34       1     36

PRECIPITATION
(INCHES)
 YESTERDAY           T           0.60  1985   0.04   -0.04   0.15
 MONTH TO DATE    0.18                        0.18    0.00   0.38
 SINCE MAR 1      2.49                        2.33    0.16   2.31
 SINCE JAN 1      5.30                        5.21    0.09   4.63

SNOWFALL
(INCHES)
 YESTERDAY           T            1.7  1987    0.1    -0.1    0.0
 MONTH TO DATE       T                         0.4    -0.4      T
 SINCE MAR 1      11.8                        14.1    -2.3   18.6
 SINCE JUL 1      52.6                        59.1    -6.5   48.3
 SNOW DEPTH (IN)     0                                          0

DEGREE DAYS
 HEATING
  YESTERDAY         30                          31      -1     29
  MONTH TO DATE    141                         157     -16    142
  SINCE MAR 1     2125                        2465    -340   2371
  SINCE JUL 1     8150                        9384   -1234   8328

 COOLING
  YESTERDAY          0                           0       0      0
  MONTH TO DATE      0                           0       0      0
  SINCE MAR 1        0                           0       0      0
  SINCE JAN 1        0                           0       0      0
...................................................................

WIND (MPH)
 HIGHEST WIND SPEED    24     HIGHEST WIND DIRECTION    350
 HIGHEST GUST SPEED    29     HIGHEST GUST DIRECTION    340
 AVERAGE WIND SPEED  16.5

SKY COVER
  POSSIBLE SUNSHINE    MM          AVERAGE SKY COVER     MM

WEATHER CONDITIONS
 THE FOLLOWING WEATHER WAS RECORDED YESTERDAY.
  SNOW


RELATIVE HUMIDITY
 HIGHEST RH     MM PERCENT       MM
 LOWEST  RH     MM PERCENT       MM
 AVERAGE RH     MM PERCENT       MM
...................................................................

THE ST PAUL CLIMATE NORMALS FOR TODAY
                           NORMAL    RECORD   YEAR
 MAXIMUM TEMPERATURE (F)     38        47     2015
 MINIMUM TEMPERATURE (F)     30        12     1971

SUNRISE AND SUNSET
 MAY 6 2016..........SUNRISE  7:19 AM      SUNSET 11:18 PM
 MAY 7 2016..........SUNRISE  7:17 AM      SUNSET 11:20 PM

-  INDICATES NEGATIVE NUMBERS.
R  INDICATES RECORD HAS BEEN SET OR TIED.
MM INDICATES DATA IS MISSING.
T  INDICATES TRACE OF PRECIPITATION.

&&
-------------------------------------------------------------------

AMOUNT OF DAYLIGHT TODAY  (HOUR:MIN)........15 HOURS 59 MINUTES
GAIN/LOSS SINCE YESTERDAY (HOUR:MIN:SEC)....+0:04:20

$$
HCH MAY 16
