000
CDAK48 PASN 301129
CLISNP

CLIMATE REPORT
NATIONAL WEATHER SERVICE ST PAUL, AK
329 AM AKDT MON MAR 30 2015

...................................
...THE ST PAUL AIRPORT CLIMATE SUMMARY FOR MARCH 29 2015...

CLIMATE NORMAL PERIOD  1981 TO  2010
CLIMATE RECORD PERIOD  1892 TO  2015

WEATHER ITEM   OBSERVED TIME    RECORD YEAR NORMAL DEPARTURE LAST
               VALUE    (LST)   VALUE       VALUE  FROM      YEAR
                                                   NORMAL
...................................................................
TEMPERATURE
YESTERDAY
 MAXIMUM            26  1227 AM    42  1996     30      -4     38
 MINIMUM            19  1155 PM    -7  1953     21      -2     28
 AVERAGE            23                          26      -3     33

PRECIPITATION
(INCHES)
 YESTERDAY        0.00           0.33  1967   0.03   -0.03      T
 MONTH TO DATE    0.67                        1.00   -0.33   0.91
 SINCE MAR 1      0.67                        1.00   -0.33   0.91
 SINCE JAN 1      2.99                        3.88   -0.89   5.24

SNOWFALL
(INCHES)
 YESTERDAY         0.0            3.1  1969    0.3    -0.3      T
 MONTH TO DATE     8.1                         7.5     0.6    8.1
 SINCE MAR 1       8.1                         7.5     0.6    8.1
 SINCE JUL 1      37.8                        52.5   -14.7   42.4
 SNOW DEPTH (IN)     4                                          1

DEGREE DAYS
 HEATING
  YESTERDAY         42                          39       3     32
  MONTH TO DATE   1077                        1159     -82   1181
  SINCE MAR 1     1077                        1159     -82   1181
  SINCE JUL 1     7034                        8078   -1044   7627

 COOLING
  YESTERDAY          0                           0       0      0
  MONTH TO DATE      0                           0       0      0
  SINCE MAR 1        0                           0       0      0
  SINCE JAN 1        0                           0       0      0
...................................................................

WIND (MPH)
 HIGHEST WIND SPEED    29     HIGHEST WIND DIRECTION    360
 HIGHEST GUST SPEED    34     HIGHEST GUST DIRECTION    360
 AVERAGE WIND SPEED  15.6

SKY COVER
  POSSIBLE SUNSHINE    MM          AVERAGE SKY COVER     MM

WEATHER CONDITIONS
 THE FOLLOWING WEATHER WAS RECORDED YESTERDAY.
  NO SIGNIFICANT WEATHER

RELATIVE HUMIDITY
 HIGHEST RH     MM PERCENT       MM
 LOWEST  RH     MM PERCENT       MM
 AVERAGE RH     MM PERCENT       MM
...................................................................

THE ST PAUL CLIMATE NORMALS FOR TODAY
                           NORMAL    RECORD   YEAR
 MAXIMUM TEMPERATURE (F)     30        43     1980
 MINIMUM TEMPERATURE (F)     21        -3     1953

SUNRISE AND SUNSET
 MAR 30 2015..........SUNRISE  8:56 AM      SUNSET  9:57 PM
 MAR 31 2015..........SUNRISE  8:53 AM      SUNSET  9:59 PM

-  INDICATES NEGATIVE NUMBERS.
R  INDICATES RECORD HAS BEEN SET OR TIED.
MM INDICATES DATA IS MISSING.
T  INDICATES TRACE OF PRECIPITATION.

&&
-------------------------------------------------------------------

AMOUNT OF DAYLIGHT TODAY  (HOUR:MIN)........13 HOURS 1 MINUTES
GAIN/LOSS SINCE YESTERDAY (HOUR:MIN:SEC)....+0:04:52

$$
HCH MAR 15
