000
CDAK48 PAFC 210055
CLISNP


CLIMATE REPORT
NATIONAL WEATHER SERVICE ANCHORAGE, AK
454 PM AKDT FRI OCT 20 2017


...................................

...THE SAINT PAUL ISLAND CLIMATE SUMMARY FOR OCTOBER 20 2017...
VALID TODAY AS OF 0400 PM LOCAL TIME.

CLIMATE NORMAL PERIOD 1981 TO 2010
CLIMATE RECORD PERIOD 1892 TO 2017


WEATHER ITEM   OBSERVED TIME   RECORD YEAR NORMAL DEPARTURE LAST
                VALUE   (LST)  VALUE       VALUE  FROM      YEAR
                                                  NORMAL
..................................................................
TEMPERATURE (F)
 TODAY
  MAXIMUM         37        MM  47    1995  42     -5       45
                                      1951
  MINIMUM         31        MM  21    1977  34     -3       34
  AVERAGE         34                        38     -4       40

PRECIPITATION (IN)
  TODAY            0.02          0.69 1959   0.10  -0.08     0.14
  MONTH TO DATE    1.46                      2.00  -0.54     2.42
  SINCE SEP 1      3.17                      4.99  -1.82     6.87
  SINCE JAN 1     15.84                     17.42  -1.58    17.61

SNOWFALL (IN)
  TODAY            0.0           1.8  1967   0.1   -0.1      0.0
  MONTH TO DATE    T                         0.8   -0.8       T
  SINCE SEP 1      T                         0.8   -0.8       T
  SINCE JUL 1      T                         0.8   -0.8       T
  SNOW DEPTH       0

DEGREE DAYS
 HEATING
  TODAY           31                        27      4       25
  MONTH TO DATE  446                       505    -59      381
  SINCE SEP 1   1014                      1095    -81      799
  SINCE JUL 1   2005                      2148   -143     1412

 COOLING
  TODAY            0                         0      0        0
  MONTH TO DATE    0                         0      0        0
  SINCE SEP 1      0                         0      0        0
  SINCE JAN 1      0                         0      0        0
..................................................................


WIND (MPH)
  RESULTANT WIND SPEED  13   RESULTANT WIND DIRECTION   N (10)
  HIGHEST WIND SPEED    24   HIGHEST WIND DIRECTION     N (340)
  HIGHEST GUST SPEED    39   HIGHEST GUST DIRECTION     N (340)
  AVERAGE WIND SPEED    13.8



WEATHER CONDITIONS
 THE FOLLOWING WEATHER WAS RECORDED TODAY.
  LIGHT SNOW
  FOG


..........................................................


THE SAINT PAUL ISLAND CLIMATE NORMALS FOR TOMORROW
                         NORMAL    RECORD    YEAR
 MAXIMUM TEMPERATURE (F)   42        47      2012
                                             1989
                                             1981
 MINIMUM TEMPERATURE (F)   34        20      1962


SUNRISE AND SUNSET
OCTOBER 20 2017.......SUNRISE  1006 AM AKDT  SUNSET   804 PM AKDT
OCTOBER 21 2017.......SUNRISE  1009 AM AKDT  SUNSET   801 PM AKDT


-  INDICATES NEGATIVE NUMBERS.
R  INDICATES RECORD WAS SET OR TIED.
MM INDICATES DATA IS MISSING.
T  INDICATES TRACE AMOUNT.




$$
