690
CDAK48 PAFC 191335
CLISNP

CLIMATE REPORT
NATIONAL WEATHER SERVICE ANCHORAGE, AK
434 AM AKST THU JAN 19 2017


...................................

...THE SAINT PAUL ISLAND CLIMATE SUMMARY FOR JANUARY 18 2017...

CLIMATE NORMAL PERIOD 1981 TO 2010
CLIMATE RECORD PERIOD 1892 TO 2017


WEATHER ITEM   OBSERVED TIME   RECORD YEAR NORMAL DEPARTURE LAST
                VALUE   (LST)  VALUE       VALUE  FROM      YEAR
                                                  NORMAL
..................................................................
TEMPERATURE (F)
 YESTERDAY
  MAXIMUM         32    539 PM  39    2008  29      3       MM
                                      2003
                                      1963
  MINIMUM         24    703 AM  -8    1893  21      3       MM
  AVERAGE         28                        25      3       MM

PRECIPITATION (IN)
  YESTERDAY        0.34          0.66 1964   0.05   0.29     0.03
  MONTH TO DATE    0.88                      0.97  -0.09     1.12
  SINCE DEC 1      4.08                      3.22   0.86     5.85
  SINCE JAN 1      0.88                      0.97  -0.09     1.12

SNOWFALL (IN)
  YESTERDAY        3.0          MM      MM   0.4    2.6     MM
  MONTH TO DATE    9.6                       7.4    2.2      0.2
  SINCE DEC 1     13.2                      19.5   -6.3     11.7
  SINCE JUL 1     19.8                      29.8  -10.0     23.7
  SNOW DEPTH       7

DEGREE DAYS
 HEATING
  YESTERDAY       37                        40     -3       MM
  MONTH TO DATE  675                       707    -32      537
  SINCE DEC 1   1631                      1828   -197     1440
  SINCE JUL 1   4200                      5249  -1049     3988

 COOLING
  YESTERDAY        0                         0      0       MM
  MONTH TO DATE    0                         0      0        0
  SINCE DEC 1      0                         0      0        0
  SINCE JAN 1      0                         0      0        0
..................................................................


WIND (MPH)
  RESULTANT WIND SPEED  23   RESULTANT WIND DIRECTION   S (160)
  HIGHEST WIND SPEED    43   HIGHEST WIND DIRECTION    SE (150)
  HIGHEST GUST SPEED    50   HIGHEST GUST DIRECTION    SE (140)
  AVERAGE WIND SPEED    21.0



WEATHER CONDITIONS
 THE FOLLOWING WEATHER WAS RECORDED YESTERDAY.
  HEAVY SNOW
  SNOW
  LIGHT SNOW
  FOG
  FOG W/VISIBILITY <= 1/4 MILE
  BLOWING SNOW


..........................................................


THE SAINT PAUL ISLAND CLIMATE NORMALS FOR TODAY
                         NORMAL    RECORD    YEAR
 MAXIMUM TEMPERATURE (F)   29        39      1963
                                             1961
                                             1952
 MINIMUM TEMPERATURE (F)   21        -6      1893


SUNRISE AND SUNSET
JANUARY 19 2017.......SUNRISE  1042 AM AKST  SUNSET   622 PM AKST
JANUARY 20 2017.......SUNRISE  1041 AM AKST  SUNSET   624 PM AKST

CIVIL TWILIGHT
JANUARY 19 2017         START    958 AM GMT     END    708 PM GMT
JANUARY 20 2017         START    956 AM GMT     END    710 PM GMT



-  INDICATES NEGATIVE NUMBERS.
R  INDICATES RECORD WAS SET OR TIED.
MM INDICATES DATA IS MISSING.
T  INDICATES TRACE AMOUNT.




$$
&&
------------------------------------------------------
AMOUNT OF DAYLIGHT TODAY  (HOUR:MIN)........ 7:39
GAIN/LOSS SINCE YESTERDAY (HOUR:MIN:SEC)....+0:03:32
