000
CDAK48 PASN 072346
CLISNP

CLIMATE REPORT
NATIONAL WEATHER SERVICE ST PAUL, AK
346 PM AKDT TUE JUL 7 2015

...................................
...THE ST PAUL AIRPORT CLIMATE SUMMARY FOR JULY 7 2015...
VALID TODAY AS OF 2:00 PM LOCAL TIME

CLIMATE NORMAL PERIOD  1981 TO  2010
CLIMATE RECORD PERIOD  1892 TO  2015

WEATHER ITEM   OBSERVED TIME    RECORD YEAR NORMAL DEPARTURE LAST
               VALUE    (LST)   VALUE       VALUE  FROM      YEAR
                                                   NORMAL
...................................................................
TEMPERATURE
TODAY
 MAXIMUM            51  0123 PM    65  2008     50       1     55
 MINIMUM            45  0517 AM    30  2001     43       2     46
 AVERAGE            48                          46       2     51

PRECIPITATION
(INCHES)
 TODAY               T           0.38  1978   0.05   -0.05   0.00
 MONTH TO DATE    0.32                        0.35   -0.03   0.53
 SINCE JUN 1      1.24                        1.70   -0.46   1.55
 SINCE JAN 1      7.52                        7.86   -0.34   8.69

SNOWFALL
(INCHES)
 TODAY             0.0            0.0  2015    0.0     0.0    0.0
 MONTH TO DATE     0.0                         0.0     0.0    0.0
 SINCE JUN 1       0.0                         0.0     0.0    0.0
 SINCE JUL 1       0.0                         0.0     0.0    0.0
 SNOW DEPTH (IN)     0                                          0

DEGREE DAYS
 HEATING
  TODAY             17                          19      -2     14
  MONTH TO DATE    115                         134     -19    114
  SINCE JUN 1      735                         813     -78    742
  SINCE JUL 1      115                         134     -19    114

 COOLING
  TODAY              0                           0       0      0
  MONTH TO DATE      0                           0       0      0
  SINCE JUN 1        0                           0       0      0
  SINCE JAN 1        0                           0       0      0
...................................................................

WIND (MPH)
 HIGHEST WIND SPEED    21     HIGHEST WIND DIRECTION    170
 HIGHEST GUST SPEED    25     HIGHEST GUST DIRECTION    210
 AVERAGE WIND SPEED    MM

SKY COVER
  POSSIBLE SUNSHINE  MM            AVERAGE SKY COVER MM

WEATHER CONDITIONS
 THE FOLLOWING WEATHER WAS RECORDED TODAY.
FOG
DRIZZLE
RAIN


RELATIVE HUMIDITY
 HIGHEST RH     MM PERCENT       MM
 LOWEST  RH     MM PERCENT       MM
 AVERAGE RH     MM PERCENT       MM
...................................................................

THE ST PAUL CLIMATE NORMALS FOR TOMORROW
                        NORMAL    RECORD   YEAR
 MAXIMUM TEMPERATURE      50        56     2005
 MINIMUM TEMPERATURE      43        33     1961

SUNRISE AND SUNSET
 JUL 7 2015..........SUNRISE  6:37 AM      SUNSET 12:15 AM
 JUL 8 2015..........SUNRISE  6:38 AM      SUNSET 12:14 AM

-  INDICATES NEGATIVE NUMBERS.
R  INDICATES RECORD HAS BEEN SET OR TIED.
MM INDICATES DATA IS MISSING.
T  INDICATES TRACE OF PRECIPITATION.

&&
-------------------------------------------------------------------

AMOUNT OF DAYLIGHT TODAY  (HOUR:MIN)........17 HOURS 38 MINUTES
GAIN/LOSS SINCE YESTERDAY (HOUR:MIN:SEC)....-0:02:03

$$
WIW JUL 15
