000
CDAK48 PASN 211142
CLISNP

CLIMATE REPORT
NATIONAL WEATHER SERVICE ST PAUL, AK
342 AM AKDT TUE OCT 21 2014

...................................
...THE ST PAUL AIRPORT CLIMATE SUMMARY FOR OCTOBER 20 2014...

CLIMATE NORMAL PERIOD  1981 TO  2010
CLIMATE RECORD PERIOD  1892 TO  2014

WEATHER ITEM   OBSERVED TIME    RECORD YEAR NORMAL DEPARTURE LAST
               VALUE    (LST)   VALUE       VALUE  FROM      YEAR
                                                   NORMAL
...................................................................
TEMPERATURE
YESTERDAY
 MAXIMUM            39  0229 PM    47  1995     42      -3     43
 MINIMUM            32  0244 AM    21  1977     34      -2     34
 AVERAGE            36                          38      -2     39

PRECIPITATION
(INCHES)
 YESTERDAY        0.11           0.69  1959   0.10    0.01   0.02
 MONTH TO DATE    0.56                        2.00   -1.44   2.09
 SINCE SEP 1      4.13                        4.99   -0.86   5.10
 SINCE JAN 1     17.36                       17.42   -0.06  19.13

SNOWFALL
(INCHES)
 YESTERDAY           T            1.8  1967    0.1    -0.1      T
 MONTH TO DATE       T                         0.8    -0.8      T
 SINCE SEP 1       0.0                         0.8    -0.8    0.0
 SINCE JUL 1         T                         0.8    -0.8      T
 SNOW DEPTH (IN)     0                                          0

DEGREE DAYS
 HEATING
  YESTERDAY         29                          27       2     26
  MONTH TO DATE    504                         505      -1    457
  SINCE SEP 1      963                        1096    -133   1049
  SINCE JUL 1     1780                        2148    -368   2092

 COOLING
  YESTERDAY          0                           0       0      0
  MONTH TO DATE      0                           0       0      0
  SINCE SEP 1        0                           0       0      0
  SINCE JAN 1        0                           0       0      0
...................................................................

WIND (MPH)
 HIGHEST WIND SPEED    32     HIGHEST WIND DIRECTION    330
 HIGHEST GUST SPEED    39     HIGHEST GUST DIRECTION    330
 AVERAGE WIND SPEED  20.3

SKY COVER
  POSSIBLE SUNSHINE    MM          AVERAGE SKY COVER     MM

WEATHER CONDITIONS
 THE FOLLOWING WEATHER WAS RECORDED YESTERDAY.
FOG
HAIL
RAIN
SNOW


RELATIVE HUMIDITY
 HIGHEST RH     MM PERCENT       MM
 LOWEST  RH     MM PERCENT       MM
 AVERAGE RH     MM PERCENT       MM
...................................................................

THE ST PAUL CLIMATE NORMALS FOR TODAY
                           NORMAL    RECORD   YEAR
 MAXIMUM TEMPERATURE (F)     42        47     2012
 MINIMUM TEMPERATURE (F)     34        20     1962

SUNRISE AND SUNSET
 OCT 21 2014..........SUNRISE 10:09 AM      SUNSET  8:02 PM
 OCT 22 2014..........SUNRISE 10:11 AM      SUNSET  8:00 PM

-  INDICATES NEGATIVE NUMBERS.
R  INDICATES RECORD HAS BEEN SET OR TIED.
MM INDICATES DATA IS MISSING.
T  INDICATES TRACE OF PRECIPITATION.

&&
-------------------------------------------------------------------

AMOUNT OF DAYLIGHT TODAY  (HOUR:MIN)........9 HOURS 53 MINUTES
GAIN/LOSS SINCE YESTERDAY (HOUR:MIN:SEC)....-0:04:42

$$
WIW OCT 14
