000
CDAK48 PAFC 281316 RRA
CLISNP

CLIMATE REPORT
NATIONAL WEATHER SERVICE ANCHORAGE, AK
509 AM AKDT TUE MAR 28 2017


...................................

...THE SAINT PAUL ISLAND CLIMATE SUMMARY FOR MARCH 27 2017...

CLIMATE NORMAL PERIOD 1981 TO 2010
CLIMATE RECORD PERIOD 1892 TO 2017


WEATHER ITEM   OBSERVED TIME   RECORD YEAR NORMAL DEPARTURE LAST
                VALUE   (LST)  VALUE       VALUE  FROM      YEAR
                                                  NORMAL
..................................................................
TEMPERATURE (F)
 YESTERDAY
  MAXIMUM         29    435 PM  39    2003  30     -1       30
                                      1996
                                      1981
  MINIMUM         20   1159 PM -13    1976  21     -1       26
  AVERAGE         25                        25      0       28

PRECIPITATION (IN)
  YESTERDAY        0.00          0.30 2006   0.04  -0.04      T
                                      1893
  MONTH TO DATE    0.10                      0.93  -0.83     1.00
  SINCE MAR 1      0.10                      0.93  -0.83     1.00
  SINCE JAN 1      3.19                      3.81  -0.62     3.76

SNOWFALL (IN)
  YESTERDAY        0.0          MM      MM   0.3   -0.3     MM
  MONTH TO DATE    0.4                       7.0   -6.6      0.0
  SINCE MAR 1      0.4                       7.0   -6.6      0.0
  SINCE JUL 1     48.6                      52.0   -3.4     23.7
  SNOW DEPTH       0

DEGREE DAYS
 HEATING
  YESTERDAY       40                        40      0       37
  MONTH TO DATE 1023                      1080    -57      801
  SINCE MAR 1   1023                      1080    -57      801
  SINCE JUL 1   6898                      7997  -1099     5986

 COOLING
  YESTERDAY        0                         0      0        0
  MONTH TO DATE    0                         0      0        0
  SINCE MAR 1      0                         0      0        0
  SINCE JAN 1      0                         0      0        0
..................................................................


WIND (MPH)
  RESULTANT WIND SPEED  18   RESULTANT WIND DIRECTION  NE (40)
  HIGHEST WIND SPEED    26   HIGHEST WIND DIRECTION    NE (40)
  HIGHEST GUST SPEED    31   HIGHEST GUST DIRECTION    NE (30)
  AVERAGE WIND SPEED    18.1



WEATHER CONDITIONS
 THE FOLLOWING WEATHER WAS RECORDED YESTERDAY.
  LIGHT SNOW
  HAZE


..........................................................


THE SAINT PAUL ISLAND CLIMATE NORMALS FOR TODAY
                         NORMAL    RECORD    YEAR
 MAXIMUM TEMPERATURE (F)   30        41      1979
 MINIMUM TEMPERATURE (F)   21        -3      1976


SUNRISE AND SUNSET
MARCH 28 2017.........SUNRISE   859 AM AKDT  SUNSET   953 PM AKDT
MARCH 29 2017.........SUNRISE   857 AM AKDT  SUNSET   955 PM AKDT

CIVIL TWILIGHT
MARCH 28 2017           START    821 AM GMT     END   1033 PM GMT
MARCH 29 2017           START    818 AM GMT     END   1035 PM GMT



-  INDICATES NEGATIVE NUMBERS.
R  INDICATES RECORD WAS SET OR TIED.
MM INDICATES DATA IS MISSING.
T  INDICATES TRACE AMOUNT.




$$
&&
------------------------------------------------------
AMOUNT OF DAYLIGHT TODAY  (HOUR:MIN)........12:54
GAIN/LOSS SINCE YESTERDAY (HOUR:MIN:SEC)....+0:04:53

$$
