000
CDAK48 PASN 021133
CLISNP

CLIMATE REPORT
NATIONAL WEATHER SERVICE ST PAUL, AK
333 AM AKDT TUE JUN 2 2015

...................................
...THE ST PAUL AIRPORT CLIMATE SUMMARY FOR JUNE 1 2015...

CLIMATE NORMAL PERIOD  1981 TO  2010
CLIMATE RECORD PERIOD  1892 TO  2015

WEATHER ITEM   OBSERVED TIME    RECORD YEAR NORMAL DEPARTURE LAST
               VALUE    (LST)   VALUE       VALUE  FROM      YEAR
                                                   NORMAL
...................................................................
TEMPERATURE
YESTERDAY
 MAXIMUM            47  0530 PM    54  1990     44       3     42
 MINIMUM            38  0810 AM    22  1985     35       3     38
 AVERAGE            43                          39       4     40

PRECIPITATION
(INCHES)
 YESTERDAY           T           0.35  1980   0.04   -0.04   0.16
 MONTH TO DATE       T                        0.04   -0.04   0.16
 SINCE JUN 1      0.00                        0.04   -0.04   0.16
 SINCE JAN 1      6.28                        6.20    0.08   7.30

SNOWFALL
(INCHES)
 YESTERDAY         0.0            0.1  1985    0.0     0.0    0.0
 MONTH TO DATE     0.0                         0.0     0.0    0.0
 SINCE JUN 1       0.0                         0.0     0.0    0.0
 SINCE JUL 1      48.6                        59.8   -11.2   43.7
 SNOW DEPTH (IN)     0                                          0

DEGREE DAYS
 HEATING
  YESTERDAY         22                          26      -4     25
  MONTH TO DATE     22                          26      -4     25
  SINCE JUN 1       22                          26      -4     25
  SINCE JUL 1     8976                       10147   -1171   9449

 COOLING
  YESTERDAY          0                           0       0      0
  MONTH TO DATE      0                           0       0      0
  SINCE JUN 1        0                           0       0      0
  SINCE JAN 1        0                           0       0      0
...................................................................

WIND (MPH)
 HIGHEST WIND SPEED    16     HIGHEST WIND DIRECTION    360
 HIGHEST GUST SPEED    20     HIGHEST GUST DIRECTION    340
 AVERAGE WIND SPEED   8.1

SKY COVER
  POSSIBLE SUNSHINE    MM          AVERAGE SKY COVER     MM

WEATHER CONDITIONS
 THE FOLLOWING WEATHER WAS RECORDED YESTERDAY.
FOG
DRIZZLE
RAIN


RELATIVE HUMIDITY
 HIGHEST RH     MM PERCENT       MM
 LOWEST  RH     MM PERCENT       MM
 AVERAGE RH     MM PERCENT       MM
...................................................................

THE ST PAUL CLIMATE NORMALS FOR TODAY
                           NORMAL    RECORD   YEAR
 MAXIMUM TEMPERATURE (F)     44        57     2005
 MINIMUM TEMPERATURE (F)     35        20     1985

SUNRISE AND SUNSET
 JUN 2 2015..........SUNRISE  6:34 AM      SUNSET 12:06 AM
 JUN 3 2015..........SUNRISE  6:33 AM      SUNSET 12:07 AM

-  INDICATES NEGATIVE NUMBERS.
R  INDICATES RECORD HAS BEEN SET OR TIED.
MM INDICATES DATA IS MISSING.
T  INDICATES TRACE OF PRECIPITATION.

&&
-------------------------------------------------------------------

AMOUNT OF DAYLIGHT TODAY  (HOUR:MIN)........17 HOURS 32 MINUTES
GAIN/LOSS SINCE YESTERDAY (HOUR:MIN:SEC)....+0:02:33

$$
WIW JUN 15
