000
CDAK48 PASN 311128
CLISNP

CLIMATE REPORT
NATIONAL WEATHER SERVICE ST PAUL, AK
229 AM AKST SAT JAN 31 2015

...................................
...THE ST PAUL AIRPORT CLIMATE SUMMARY FOR JANUARY 30 2015...

CLIMATE NORMAL PERIOD  1981 TO  2010
CLIMATE RECORD PERIOD  1892 TO  2015

WEATHER ITEM   OBSERVED TIME    RECORD YEAR NORMAL DEPARTURE LAST
               VALUE    (LST)   VALUE       VALUE  FROM      YEAR
                                                   NORMAL
...................................................................
TEMPERATURE
YESTERDAY
 MAXIMUM            31  0351 PM    39  1979     28       3     36
 MINIMUM            25  0414 AM    -8  1993     20       5     16
 AVERAGE            28                          24       4     26

PRECIPITATION
(INCHES)
 YESTERDAY        0.00           1.38  1964   0.05   -0.05   0.03
 MONTH TO DATE    1.20                        1.54   -0.34   3.31
 SINCE DEC 1      4.16                        3.79    0.37   6.50
 SINCE JAN 1      1.20                        1.54   -0.34   3.31

SNOWFALL
(INCHES)
 YESTERDAY         0.0           13.8  1964    0.3    -0.3      T
 MONTH TO DATE    14.2                        12.2     2.0   17.9
 SINCE DEC 1      18.5                        24.3    -5.8   23.4
 SINCE JUL 1      19.2                        34.6   -15.4   26.1
 SNOW DEPTH (IN)     7                                          9

DEGREE DAYS
 HEATING
  YESTERDAY         37                          41      -4     39
  MONTH TO DATE   1038                        1197    -159   1047
  SINCE DEC 1     2002                        2318    -316   2030
  SINCE JUL 1     4907                        5738    -831   5312

 COOLING
  YESTERDAY          0                           0       0      0
  MONTH TO DATE      0                           0       0      0
  SINCE DEC 1        0                           0       0      0
  SINCE JAN 1        0                           0       0      0
...................................................................

WIND (MPH)
 HIGHEST WIND SPEED    25     HIGHEST WIND DIRECTION     40
 HIGHEST GUST SPEED    31     HIGHEST GUST DIRECTION     40
 AVERAGE WIND SPEED  18.4

SKY COVER
  POSSIBLE SUNSHINE    MM          AVERAGE SKY COVER     MM

WEATHER CONDITIONS
 THE FOLLOWING WEATHER WAS RECORDED YESTERDAY.
  SMOKE OR HAZE


RELATIVE HUMIDITY
 HIGHEST RH     MM PERCENT       MM
 LOWEST  RH     MM PERCENT       MM
 AVERAGE RH     MM PERCENT       MM
...................................................................

THE ST PAUL CLIMATE NORMALS FOR TODAY
                           NORMAL    RECORD   YEAR
 MAXIMUM TEMPERATURE (F)     28        40     1985
 MINIMUM TEMPERATURE (F)     20        -9     1993

SUNRISE AND SUNSET
 JAN 31 2015..........SUNRISE 10:23 AM      SUNSET  6:48 PM
 FEB 1 2015..........SUNRISE 10:21 AM      SUNSET  6:50 PM

-  INDICATES NEGATIVE NUMBERS.
R  INDICATES RECORD HAS BEEN SET OR TIED.
MM INDICATES DATA IS MISSING.
T  INDICATES TRACE OF PRECIPITATION.

&&
-------------------------------------------------------------------

AMOUNT OF DAYLIGHT TODAY  (HOUR:MIN)........8 HOURS 25 MINUTES
GAIN/LOSS SINCE YESTERDAY (HOUR:MIN:SEC)....+0:04:14

$$
HCH JAN 15
