548
CDUS46 KMTR 060827
CLISNS


CLIMATE REPORT
NATIONAL WEATHER SERVICE SAN FRANCISCO BAY AREA
1227 AM PST SAT FEB 6 2016


...................................

...THE SALINAS AIRPORT CLIMATE SUMMARY FOR FEBRUARY 5 2016...

CLIMATE NORMAL PERIOD 1981 TO 2010
CLIMATE RECORD PERIOD 1930 TO 2016


WEATHER ITEM   OBSERVED TIME   RECORD YEAR NORMAL DEPARTURE LAST
                VALUE   (LST)  VALUE       VALUE  FROM      YEAR
                                                  NORMAL
..................................................................
TEMPERATURE (F)
 YESTERDAY
  MAXIMUM         70    328 PM  76    1954  62      8       66
  MINIMUM         42    721 AM  29    1989  43     -1       51
  AVERAGE         56                        52      4       59

PRECIPITATION (IN)
  YESTERDAY        0.00          0.74 1978   0.09  -0.09     0.00
  MONTH TO DATE    0.01                      0.46  -0.45     0.00
  SINCE OCT 1      8.95                      6.97   1.98     8.00
  SINCE JAN 1      4.05                      3.06   0.99     0.01

DEGREE DAYS
 HEATING
  YESTERDAY        9                        13     -4        6
  MONTH TO DATE   71                        65      6       26
  SINCE DEC 1    911                       925    -14      512
  SINCE JUL 1   1271                      1543   -272      726

 COOLING
  YESTERDAY        0                         0      0        0
  MONTH TO DATE    0                         0      0        0
  SINCE DEC 1      0                         0      0        2
  SINCE JAN 1      0                         0      0        1
..................................................................


WIND (MPH)
  RESULTANT WIND SPEED   6   RESULTANT WIND DIRECTION   E (90)
  HIGHEST WIND SPEED    21   HIGHEST WIND DIRECTION     E (100)
  HIGHEST GUST SPEED    24   HIGHEST GUST DIRECTION     E (100)
  AVERAGE WIND SPEED     9.2


SKY COVER
  POSSIBLE SUNSHINE  MM
  AVERAGE SKY COVER 0.0


WEATHER CONDITIONS
 THE FOLLOWING WEATHER WAS RECORDED YESTERDAY.
  NO SIGNIFICANT WEATHER WAS OBSERVED.


RELATIVE HUMIDITY (PERCENT)
 HIGHEST    83           800 PM
 LOWEST     33           300 PM
 AVERAGE    58

..........................................................


THE SALINAS AIRPORT CLIMATE NORMALS FOR TODAY
                         NORMAL    RECORD    YEAR
 MAXIMUM TEMPERATURE (F)   62        83      1954
 MINIMUM TEMPERATURE (F)   43        28      1989


SUNRISE AND SUNSET
FEBRUARY  6 2016......SUNRISE   704 AM PST   SUNSET   537 PM PST
FEBRUARY  7 2016......SUNRISE   703 AM PST   SUNSET   538 PM PST


-  INDICATES NEGATIVE NUMBERS.
R  INDICATES RECORD WAS SET OR TIED.
MM INDICATES DATA IS MISSING.
T  INDICATES TRACE AMOUNT.




$$
