000
CDUS46 KMTR 230027
CLISNS


CLIMATE REPORT
NATIONAL WEATHER SERVICE SAN FRANCISCO BAY AREA
427 PM PST WED NOV 22 2017


...................................

...THE SALINAS AIRPORT CLIMATE SUMMARY FOR NOVEMBER 22 2017...
VALID TODAY AS OF 0400 PM LOCAL TIME.

CLIMATE NORMAL PERIOD 1981 TO 2010
CLIMATE RECORD PERIOD 1930 TO 2017


WEATHER ITEM   OBSERVED TIME   RECORD YEAR NORMAL DEPARTURE LAST
                VALUE   (LST)  VALUE       VALUE  FROM      YEAR
                                                  NORMAL
..................................................................
TEMPERATURE (F)
 TODAY
  MAXIMUM         86R   138 PM  86    1933  65     21       62
  MINIMUM         51    522 AM  25    1931  43      8       42
  AVERAGE         69                        54     15       52

PRECIPITATION (IN)
  TODAY            0.00          0.57 1965   0.05  -0.05     0.00
  MONTH TO DATE    0.27                      0.95  -0.68     0.30
  SINCE OCT 1      0.40                      1.53  -1.13     1.91
  SINCE JAN 1     12.89                     10.45   2.44    10.48

DEGREE DAYS
 HEATING
  TODAY            0                        11    -11       13
  MONTH TO DATE  143                       190    -47      121
  SINCE SEP 1    293                       389    -96      310
  SINCE JUL 1    384                       524   -140      458

 COOLING
  TODAY            4                         0      4        0
  MONTH TO DATE    6                         0      6       11
  SINCE SEP 1    211                        58    153       80
  SINCE JAN 1    279                       127    152      113
..................................................................


WIND (MPH)
  RESULTANT WIND SPEED   5   RESULTANT WIND DIRECTION   E (100)
  HIGHEST WIND SPEED    21   HIGHEST WIND DIRECTION     E (100)
  HIGHEST GUST SPEED    24   HIGHEST GUST DIRECTION     E (110)
  AVERAGE WIND SPEED     8.5


SKY COVER
  POSSIBLE SUNSHINE  MM
  AVERAGE SKY COVER 0.0


WEATHER CONDITIONS
 THE FOLLOWING WEATHER WAS RECORDED TODAY.
  NO SIGNIFICANT WEATHER WAS OBSERVED.


RELATIVE HUMIDITY (PERCENT)
 HIGHEST    89           300 AM
 LOWEST     27           100 PM
 AVERAGE    58

..........................................................


THE SALINAS AIRPORT CLIMATE NORMALS FOR TOMORROW
                         NORMAL    RECORD    YEAR
 MAXIMUM TEMPERATURE (F)   65        89      1933
 MINIMUM TEMPERATURE (F)   43        26      1931


SUNRISE AND SUNSET
NOVEMBER 22 2017......SUNRISE   652 AM PST   SUNSET   453 PM PST
NOVEMBER 23 2017......SUNRISE   653 AM PST   SUNSET   453 PM PST


-  INDICATES NEGATIVE NUMBERS.
R  INDICATES RECORD WAS SET OR TIED.
MM INDICATES DATA IS MISSING.
T  INDICATES TRACE AMOUNT.




$$
