220
CDUS46 KMTR 200827
CLISNS


CLIMATE REPORT
NATIONAL WEATHER SERVICE SAN FRANCISCO BAY AREA
1226 AM PST FRI JAN 20 2017


...................................

...THE SALINAS AIRPORT CLIMATE SUMMARY FOR JANUARY 19 2017...

CLIMATE NORMAL PERIOD 1981 TO 2010
CLIMATE RECORD PERIOD 1930 TO 2017


WEATHER ITEM   OBSERVED TIME   RECORD YEAR NORMAL DEPARTURE LAST
                VALUE   (LST)  VALUE       VALUE  FROM      YEAR
                                                  NORMAL
..................................................................
TEMPERATURE (F)
 YESTERDAY
  MAXIMUM         57    314 PM  79    2014  61     -4       63
                                      2009
                                      1961
  MINIMUM         45    337 AM  27    1943  41      4       50
  AVERAGE         51                        51      0       57

PRECIPITATION (IN)
  YESTERDAY        0.18          1.25 1969   0.08   0.10     1.20
  MONTH TO DATE    3.99                      1.57   2.42     3.16
  SINCE OCT 1      7.99                      5.48   2.51     8.06
  SINCE JAN 1      3.99                      1.57   2.42     3.16

DEGREE DAYS
 HEATING
  YESTERDAY       14                        14      0        8
  MONTH TO DATE  277                       266     11      234
  SINCE DEC 1    722                       701     21      717
  SINCE JUL 1   1292                      1319    -27     1077

 COOLING
  YESTERDAY        0                         0      0        0
  MONTH TO DATE    0                         0      0        0
  SINCE DEC 1      0                         0      0        0
  SINCE JAN 1      0                         0      0        0
..................................................................


WIND (MPH)
  RESULTANT WIND SPEED   3   RESULTANT WIND DIRECTION  SE (140)
  HIGHEST WIND SPEED    15   HIGHEST WIND DIRECTION    SE (120)
  HIGHEST GUST SPEED    19   HIGHEST GUST DIRECTION     E (110)
  AVERAGE WIND SPEED     7.0


SKY COVER
  POSSIBLE SUNSHINE  MM
  AVERAGE SKY COVER 0.8


WEATHER CONDITIONS
 THE FOLLOWING WEATHER WAS RECORDED YESTERDAY.
  FOG
  HAZE


RELATIVE HUMIDITY (PERCENT)
 HIGHEST   100           600 AM
 LOWEST     67           300 PM
 AVERAGE    84

..........................................................


THE SALINAS AIRPORT CLIMATE NORMALS FOR TODAY
                         NORMAL    RECORD    YEAR
 MAXIMUM TEMPERATURE (F)   62        79      1968
 MINIMUM TEMPERATURE (F)   42        25      1937


SUNRISE AND SUNSET
JANUARY 20 2017.......SUNRISE   716 AM PST   SUNSET   520 PM PST
JANUARY 21 2017.......SUNRISE   715 AM PST   SUNSET   521 PM PST


-  INDICATES NEGATIVE NUMBERS.
R  INDICATES RECORD WAS SET OR TIED.
MM INDICATES DATA IS MISSING.
T  INDICATES TRACE AMOUNT.




$$
