000
CDUS46 KMTR 310036
CLISNS


CLIMATE REPORT
NATIONAL WEATHER SERVICE SAN FRANCISCO BAY AREA
535 PM PDT WED JUL 30 2014


...................................

...THE SALINAS AIRPORT CLIMATE SUMMARY FOR JULY 30 2014...
VALID TODAY AS OF 0500 PM LOCAL TIME.

CLIMATE NORMAL PERIOD 1981 TO 2010
CLIMATE RECORD PERIOD 1930 TO 2014


WEATHER ITEM   OBSERVED TIME   RECORD YEAR NORMAL DEPARTURE LAST
                VALUE   (LST)  VALUE       VALUE  FROM      YEAR
                                                  NORMAL
..................................................................
TEMPERATURE (F)
 TODAY
  MAXIMUM         76   1223 PM  84    1977  71      5       70
  MINIMUM         60    618 AM  46    1930  56      4       58
  AVERAGE         68                        63      5       64

PRECIPITATION (IN)
  TODAY            0.00          0.22 1966   0.00   0.00     0.00
  MONTH TO DATE    0.01                      0.00   0.01      T
  SINCE JUL 1      0.01                      0.00   0.01      T
  SINCE JAN 1      4.98                      8.72  -3.74     2.33

DEGREE DAYS
 HEATING
  TODAY            0                         2     -2        1
  MONTH TO DATE   38                        80    -42       67
  SINCE JUN 1    152                       193    -41      165
  SINCE JUL 1     38                        80    -42       67

 COOLING
  TODAY            3                         0      3        0
  MONTH TO DATE   41                        26     15       13
  SINCE JUN 1     41                        38      3       37
  SINCE JAN 1     91                        54     37       47
..................................................................


WIND (MPH)
  RESULTANT WIND SPEED   6   RESULTANT WIND DIRECTION   W (290)
  HIGHEST WIND SPEED    21   HIGHEST WIND DIRECTION     W (270)
  HIGHEST GUST SPEED    23   HIGHEST GUST DIRECTION     W (260)
  AVERAGE WIND SPEED     6.1


SKY COVER
  POSSIBLE SUNSHINE  MM
  AVERAGE SKY COVER 0.5


WEATHER CONDITIONS
 THE FOLLOWING WEATHER WAS RECORDED TODAY.
  NO SIGNIFICANT WEATHER WAS OBSERVED.


RELATIVE HUMIDITY (PERCENT)
 HIGHEST    90          1200 AM
 LOWEST     54          1200 PM
 AVERAGE    72

..........................................................


THE SALINAS AIRPORT CLIMATE NORMALS FOR TOMORROW
                         NORMAL    RECORD    YEAR
 MAXIMUM TEMPERATURE (F)   71        96      1993
 MINIMUM TEMPERATURE (F)   56        47      1982


SUNRISE AND SUNSET
JULY 30 2014..........SUNRISE   511 AM PST   SUNSET   714 PM PST
JULY 31 2014..........SUNRISE   512 AM PST   SUNSET   713 PM PST


-  INDICATES NEGATIVE NUMBERS.
R  INDICATES RECORD WAS SET OR TIED.
MM INDICATES DATA IS MISSING.
T  INDICATES TRACE AMOUNT.




$$
