000
CDUS45 KPIH 240733
CLISNT


CLIMATE REPORT
NATIONAL WEATHER SERVICE POCATELLO ID
132 AM MDT FRI OCT 24 2014


...................................

...THE STANLEY ID CLIMATE SUMMARY FOR OCTOBER 23 2014...

CLIMATE NORMAL PERIOD 1981 TO 2010
CLIMATE RECORD PERIOD 1916 TO 2014


WEATHER ITEM   OBSERVED TIME   RECORD YEAR NORMAL DEPARTURE LAST
                VALUE   (LST)  VALUE       VALUE  FROM      YEAR
                                                  NORMAL
..................................................................
TEMPERATURE (F)
 YESTERDAY
  MAXIMUM         53    206 PM  68    2005  50      3       65
  MINIMUM         40   1159 PM   3    1916  22     18       18
  AVERAGE         47                        36     11       42

PRECIPITATION (IN)
  YESTERDAY        0.23          0.44 1967   0.06   0.17     0.00
  MONTH TO DATE    0.79                      0.88  -0.09     0.03
  SINCE OCT 1      0.79                      0.88  -0.09     0.03
  SINCE JAN 1     16.70                     13.09   3.61    10.53

SNOWFALL (IN)
  YESTERDAY       MM
  MONTH TO DATE   MM
  SINCE SEP 1     MM
  SINCE JUL 1     MM
  SNOW DEPTH      MM

DEGREE DAYS
 HEATING
  YESTERDAY       18                        29    -11       23
  MONTH TO DATE  474                       573    -99      637
  SINCE SEP 1    886                      1094   -208     1061
  SINCE JUL 1   1225                      1614   -389     1388

 COOLING
  YESTERDAY        0                         0      0        0
  MONTH TO DATE    0                         0      0        0
  SINCE SEP 1      0                         0      0        0
  SINCE JAN 1     16                         3     13       19
..................................................................


WIND (MPH)
  HIGHEST WIND SPEED    17   HIGHEST WIND DIRECTION     S (160)
  HIGHEST GUST SPEED    24   HIGHEST GUST DIRECTION     S (160)
  AVERAGE WIND SPEED     5.6


SKY COVER
  POSSIBLE SUNSHINE  MM
  AVERAGE SKY COVER 0.0


WEATHER CONDITIONS
 THE FOLLOWING WEATHER WAS RECORDED YESTERDAY.
  NO SIGNIFICANT WEATHER WAS OBSERVED.


RELATIVE HUMIDITY (PERCENT)
 HIGHEST    93           900 PM
 LOWEST     54           200 PM
 AVERAGE    74

..........................................................


THE STANLEY ID CLIMATE NORMALS FOR TODAY
                         NORMAL    RECORD    YEAR
 MAXIMUM TEMPERATURE (F)   50        69      2005
 MINIMUM TEMPERATURE (F)   21         1      2012


SUNRISE AND SUNSET
OCTOBER 24 2014.......SUNRISE   806 AM MDT   SUNSET   641 PM MDT
OCTOBER 25 2014.......SUNRISE   807 AM MDT   SUNSET   640 PM MDT


-  INDICATES NEGATIVE NUMBERS.
R  INDICATES RECORD WAS SET OR TIED.
MM INDICATES DATA IS MISSING.
T  INDICATES TRACE AMOUNT.




$$
