000
CDUS45 KPIH 230002
CLISNT


CLIMATE REPORT
NATIONAL WEATHER SERVICE POCATELLO ID
520 PM MDT TUE JUL 22 2014


...................................

...THE STANLEY ID CLIMATE SUMMARY FOR JULY 22 2014...
VALID TODAY AS OF 0500 PM LOCAL TIME.

CLIMATE NORMAL PERIOD 1981 TO 2010
CLIMATE RECORD PERIOD 1916 TO 2014


WEATHER ITEM   OBSERVED TIME   RECORD YEAR NORMAL DEPARTURE LAST
                VALUE   (LST)  VALUE       VALUE  FROM      YEAR
                                                  NORMAL
..................................................................
TEMPERATURE (F)
 TODAY
  MAXIMUM         80    220 PM  93    2006  80      0       86
  MINIMUM         42    537 AM  27    1981  38      4       30
  AVERAGE         61                        59      2       58

PRECIPITATION (IN)
  TODAY            0.00          0.36 2008   0.02  -0.02     0.00
  MONTH TO DATE    0.11                      0.51  -0.40     0.28
  SINCE OCT 1     16.98                     15.28   1.70    14.40
  SINCE JAN 1     13.37                     10.43   2.94     6.21

SNOWFALL (IN)
  TODAY           MM
  MONTH TO DATE   MM
  SINCE JUN 1     MM
  SINCE JUL 1     MM
  SNOW DEPTH      MM

DEGREE DAYS
 HEATING
  TODAY            4                         6     -2        7
  MONTH TO DATE   66                       185   -119       96
  SINCE JUN 1    536                       639   -103      465
  SINCE JUL 1     66                       185   -119       96

 COOLING
  TODAY            0                         0      0        0
  MONTH TO DATE   10                         0     10       16
  SINCE JUN 1     10                         0     10       19
  SINCE JAN 1     10                         0     10       19
..................................................................


WIND (MPH)
  HIGHEST WIND SPEED    17   HIGHEST WIND DIRECTION     S (180)
  HIGHEST GUST SPEED    25   HIGHEST GUST DIRECTION     S (170)
  AVERAGE WIND SPEED     5.2


SKY COVER
  POSSIBLE SUNSHINE  MM
  AVERAGE SKY COVER 0.0


WEATHER CONDITIONS
 THE FOLLOWING WEATHER WAS RECORDED TODAY.
  NO SIGNIFICANT WEATHER WAS OBSERVED.


RELATIVE HUMIDITY (PERCENT)
 HIGHEST    93           300 AM
 LOWEST     23           100 PM
 AVERAGE    58

..........................................................


THE STANLEY ID CLIMATE NORMALS FOR TOMORROW
                         NORMAL    RECORD    YEAR
 MAXIMUM TEMPERATURE (F)   80        92      2003
                                             1994
 MINIMUM TEMPERATURE (F)   38        25      1964


SUNRISE AND SUNSET
JULY 22 2014..........SUNRISE   617 AM MDT   SUNSET   915 PM MDT
JULY 23 2014..........SUNRISE   618 AM MDT   SUNSET   914 PM MDT


-  INDICATES NEGATIVE NUMBERS.
R  INDICATES RECORD WAS SET OR TIED.
MM INDICATES DATA IS MISSING.
T  INDICATES TRACE AMOUNT.




$$
