000
CDUS45 KPIH 270734
CLISNT


CLIMATE REPORT
NATIONAL WEATHER SERVICE POCATELLO ID
132 AM MDT THU APR 27 2017


...................................

...THE STANLEY ID CLIMATE SUMMARY FOR APRIL 26 2017...

CLIMATE NORMAL PERIOD 1981 TO 2010
CLIMATE RECORD PERIOD 1916 TO 2017


WEATHER ITEM   OBSERVED TIME   RECORD YEAR NORMAL DEPARTURE LAST
                VALUE   (LST)  VALUE       VALUE  FROM      YEAR
                                                  NORMAL
..................................................................
TEMPERATURE (F)
 YESTERDAY
  MAXIMUM         41    120 PM  75    1977  51    -10       54
  MINIMUM         31   1159 PM   8    1924  22      9       29
  AVERAGE         36                        37     -1       42

PRECIPITATION (IN)
  YESTERDAY        0.13          1.06 2012   0.07   0.06     0.00
  MONTH TO DATE    2.03                      1.50   0.53     1.04
  SINCE OCT 1     25.49                     11.47  14.02    15.24
  SINCE JAN 1     14.16                      6.62   7.54     7.67

SNOWFALL (IN)
  YESTERDAY       MM
  MONTH TO DATE   MM
  SINCE MAR 1     MM
  SINCE JUL 1     MM
  SNOW DEPTH      MM

DEGREE DAYS
 HEATING
  YESTERDAY       29                        28      1       23
  MONTH TO DATE  817                       833    -16      641
  SINCE MAR 1   1822                      2017   -195     1717
  SINCE JUL 1   9079                      9551   -472     8667

 COOLING
  YESTERDAY        0                         0      0        0
  MONTH TO DATE    0                         0      0        0
  SINCE MAR 1      0                         0      0        0
  SINCE JAN 1      0                         0      0        0
..................................................................


WIND (MPH)
  HIGHEST WIND SPEED    14   HIGHEST WIND DIRECTION    NW (330)
  HIGHEST GUST SPEED    22   HIGHEST GUST DIRECTION    NW (330)
  AVERAGE WIND SPEED     3.0


SKY COVER
  POSSIBLE SUNSHINE  MM
  AVERAGE SKY COVER 0.0


WEATHER CONDITIONS
 THE FOLLOWING WEATHER WAS RECORDED YESTERDAY.
  NO SIGNIFICANT WEATHER WAS OBSERVED.


RELATIVE HUMIDITY (PERCENT)
 HIGHEST    96           900 PM
 LOWEST     50          1200 PM
 AVERAGE    73

..........................................................


THE STANLEY ID CLIMATE NORMALS FOR TODAY
                         NORMAL    RECORD    YEAR
 MAXIMUM TEMPERATURE (F)   51        76      1977
 MINIMUM TEMPERATURE (F)   23         8      2011


SUNRISE AND SUNSET
APRIL 27 2017.........SUNRISE   636 AM MDT   SUNSET   839 PM MDT
APRIL 28 2017.........SUNRISE   635 AM MDT   SUNSET   840 PM MDT


-  INDICATES NEGATIVE NUMBERS.
R  INDICATES RECORD WAS SET OR TIED.
MM INDICATES DATA IS MISSING.
T  INDICATES TRACE AMOUNT.




$$
