000
CDUS45 KPIH 030736
CLISNT


CLIMATE REPORT
NATIONAL WEATHER SERVICE POCATELLO ID
1235 AM MST TUE MAR 3 2015


...................................

...THE STANLEY ID CLIMATE SUMMARY FOR MARCH 2 2015...

CLIMATE NORMAL PERIOD 1981 TO 2010
CLIMATE RECORD PERIOD 1916 TO 2015


WEATHER ITEM   OBSERVED TIME   RECORD YEAR NORMAL DEPARTURE LAST
                VALUE   (LST)  VALUE       VALUE  FROM      YEAR
                                                  NORMAL
..................................................................
TEMPERATURE (F)
 YESTERDAY
  MAXIMUM         37    422 PM  53    1994  38     -1       38
  MINIMUM          1    755 AM -28    1971   8     -7       26
  AVERAGE         19                        23     -4       32

PRECIPITATION (IN)
  YESTERDAY        0.00          0.67 1972   0.04  -0.04     0.22
  MONTH TO DATE    0.00                      0.08  -0.08     0.29
  SINCE OCT 1      9.98                      8.24   1.74    10.44
  SINCE JAN 1      3.27                      3.39  -0.12     6.83

SNOWFALL (IN)
  YESTERDAY       MM
  MONTH TO DATE   MM
  SINCE MAR 1     MM
  SINCE JUL 1     MM
  SNOW DEPTH      MM

DEGREE DAYS
 HEATING
  YESTERDAY       46                        42      4       33
  MONTH TO DATE   92                        84      8       68
  SINCE MAR 1     92                        84      8       68
  SINCE JUL 1   6470                      7618  -1148     7236

 COOLING
  YESTERDAY        0                         0      0        0
  MONTH TO DATE    0                         0      0        0
  SINCE MAR 1      0                         0      0        0
  SINCE JAN 1      0                         0      0        0
..................................................................


WIND (MPH)
  HIGHEST WIND SPEED    13   HIGHEST WIND DIRECTION    NW (310)
  HIGHEST GUST SPEED    18   HIGHEST GUST DIRECTION     W (290)
  AVERAGE WIND SPEED     3.7


SKY COVER
  POSSIBLE SUNSHINE  MM
  AVERAGE SKY COVER 0.0


WEATHER CONDITIONS
 THE FOLLOWING WEATHER WAS RECORDED YESTERDAY.
  NO SIGNIFICANT WEATHER WAS OBSERVED.


RELATIVE HUMIDITY (PERCENT)
 HIGHEST    83           600 AM
 LOWEST     38           300 PM
 AVERAGE    61

..........................................................


THE STANLEY ID CLIMATE NORMALS FOR TODAY
                         NORMAL    RECORD    YEAR
 MAXIMUM TEMPERATURE (F)   39        54      1986
 MINIMUM TEMPERATURE (F)    8       -29      1917


SUNRISE AND SUNSET
MARCH  3 2015.........SUNRISE   714 AM MST   SUNSET   630 PM MST
MARCH  4 2015.........SUNRISE   712 AM MST   SUNSET   632 PM MST


-  INDICATES NEGATIVE NUMBERS.
R  INDICATES RECORD WAS SET OR TIED.
MM INDICATES DATA IS MISSING.
T  INDICATES TRACE AMOUNT.




$$
