000
CDUS45 KCYS 290727
CLISNY


CLIMATE REPORT
NATIONAL WEATHER SERVICE CHEYENNE WY
127 AM MDT WED JUL 29 2015


...................................

...THE SIDNEY NE AIRPORT CLIMATE SUMMARY FOR JULY 28 2015...

CLIMATE NORMAL PERIOD 1981 TO 2010
CLIMATE RECORD PERIOD 1948 TO 2015


WEATHER ITEM   OBSERVED TIME   RECORD YEAR NORMAL DEPARTURE LAST
                VALUE   (LST)  VALUE       VALUE  FROM      YEAR
                                                  NORMAL
..................................................................
TEMPERATURE (F)
 YESTERDAY
  MAXIMUM         83    343 PM 100    1959  91     -8       91
  MINIMUM         50   1159 PM  46    1971  61    -11       56
  AVERAGE         67                        76     -9       74

PRECIPITATION (IN)
  YESTERDAY        0.00          1.79 1961   0.09  -0.09     0.00
  MONTH TO DATE    1.64                      2.69  -1.05     0.21
  SINCE JAN 1     18.73                     12.63   6.10     8.63

DEGREE DAYS
 HEATING
  YESTERDAY        0                         0      0        0
  MONTH TO DATE    7                         0      7        9
  SINCE JUN 1      7                        59    -52       64
  SINCE JUL 1      7                         0      7        9

 COOLING
  YESTERDAY        2                        11     -9        9
  MONTH TO DATE  223                       288    -65      246
  SINCE JUN 1    332                       425    -93      314
  SINCE JAN 1    332                       447   -115      330
..................................................................


WIND (MPH)
  HIGHEST WIND SPEED    28   HIGHEST WIND DIRECTION    NW (330)
  HIGHEST GUST SPEED    34   HIGHEST GUST DIRECTION     N (340)
  AVERAGE WIND SPEED    12.2


SKY COVER
  AVERAGE SKY COVER 0.0


WEATHER CONDITIONS
 THE FOLLOWING WEATHER WAS RECORDED YESTERDAY.
  NO SIGNIFICANT WEATHER WAS OBSERVED.


RELATIVE HUMIDITY (PERCENT)
 HIGHEST    77           400 AM
 LOWEST     15           300 PM
 AVERAGE    46

..........................................................


THE SIDNEY NE AIRPORT CLIMATE NORMALS FOR TODAY
                         NORMAL    RECORD    YEAR
 MAXIMUM TEMPERATURE (F)   90        99      2006
                                             2001
                                             1986
 MINIMUM TEMPERATURE (F)   61        44      1971


SUNRISE AND SUNSET
JULY 29 2015..........SUNRISE   545 AM MDT   SUNSET   812 PM MDT
JULY 30 2015..........SUNRISE   546 AM MDT   SUNSET   811 PM MDT


-  INDICATES NEGATIVE NUMBERS.
R  INDICATES RECORD WAS SET OR TIED.
MM INDICATES DATA IS MISSING.
T  INDICATES TRACE AMOUNT.




$$
