000
CDUS45 KCYS 070426
CLISNY


CLIMATE REPORT
NATIONAL WEATHER SERVICE CHEYENNE WY
925 PM MST FRI MAR 6 2015


...................................

...THE SIDNEY NE AIRPORT CLIMATE SUMMARY FOR MARCH 6 2015...
VALID TODAY AS OF 0900 PM LOCAL TIME.

CLIMATE NORMAL PERIOD 1981 TO 2010
CLIMATE RECORD PERIOD 1948 TO 2015


WEATHER ITEM   OBSERVED TIME   RECORD YEAR NORMAL DEPARTURE LAST
                VALUE   (LST)  VALUE       VALUE  FROM      YEAR
                                                  NORMAL
..................................................................
TEMPERATURE (F)
 TODAY
  MAXIMUM         57    236 PM  74    2012  51      6       61
                                      1972
  MINIMUM         26    434 AM -12    1989  23      3       31
  AVERAGE         42                        37      5       46

PRECIPITATION (IN)
  TODAY            0.00          0.60 1996   0.03  -0.03     0.00
  MONTH TO DATE    0.05                      0.13  -0.08     0.06
  SINCE JAN 1      0.79                      0.65   0.14     1.01

DEGREE DAYS
 HEATING
  TODAY           23                        28     -5       19
  MONTH TO DATE  232                       174     58      233
  SINCE MAR 1    232                       174     58      233
  SINCE JUL 1   4964                      4756    208     5222

 COOLING
  TODAY            0                         0      0        0
  MONTH TO DATE    0                         0      0        0
  SINCE MAR 1      0                         0      0        0
  SINCE JAN 1      0                         0      0        0
..................................................................


WIND (MPH)
  HIGHEST WIND SPEED    23   HIGHEST WIND DIRECTION    NW (300)
  HIGHEST GUST SPEED    29   HIGHEST GUST DIRECTION     W (290)
  AVERAGE WIND SPEED    14.0


SKY COVER
  AVERAGE SKY COVER 0.1


WEATHER CONDITIONS
 THE FOLLOWING WEATHER WAS RECORDED TODAY.
  NO SIGNIFICANT WEATHER WAS OBSERVED.


RELATIVE HUMIDITY (PERCENT)
 HIGHEST    69           700 AM
 LOWEST     19           100 PM
 AVERAGE    44

..........................................................


THE SIDNEY NE AIRPORT CLIMATE NORMALS FOR TOMORROW
                         NORMAL    RECORD    YEAR
 MAXIMUM TEMPERATURE (F)   51        69      2006
 MINIMUM TEMPERATURE (F)   23        -5      1995


SUNRISE AND SUNSET
MARCH  6 2015.........SUNRISE   619 AM MST   SUNSET   548 PM MST
MARCH  7 2015.........SUNRISE   617 AM MST   SUNSET   549 PM MST


-  INDICATES NEGATIVE NUMBERS.
R  INDICATES RECORD WAS SET OR TIED.
MM INDICATES DATA IS MISSING.
T  INDICATES TRACE AMOUNT.




$$
