000
CDUS45 KCYS 180727
CLISNY


CLIMATE REPORT
NATIONAL WEATHER SERVICE CHEYENNE WY
126 AM MDT THU SEP 18 2014


...................................

...THE SIDNEY NE AIRPORT CLIMATE SUMMARY FOR SEPTEMBER 17 2014...

CLIMATE NORMAL PERIOD 1981 TO 2010
CLIMATE RECORD PERIOD 1948 TO 2014


WEATHER ITEM   OBSERVED TIME   RECORD YEAR NORMAL DEPARTURE LAST
                VALUE   (LST)  VALUE       VALUE  FROM      YEAR
                                                  NORMAL
..................................................................
TEMPERATURE (F)
 YESTERDAY
  MAXIMUM         91    311 PM  99    2000  78     13       88
  MINIMUM         47    318 AM  28    1965  48     -1       56
  AVERAGE         69                        63      6       72

PRECIPITATION (IN)
  YESTERDAY        0.00          0.49 1971   0.04  -0.04     0.00
  MONTH TO DATE    0.67                      0.81  -0.14     4.25
  SINCE JAN 1     12.35                     15.97  -3.62    12.42

DEGREE DAYS
 HEATING
  YESTERDAY        0                         4     -4        0
  MONTH TO DATE   96                        39     57       17
  SINCE SEP 1     96                        39     57       17
  SINCE JUL 1    108                        50     58       26

 COOLING
  YESTERDAY        4                         2      2        7
  MONTH TO DATE   35                        67    -32      137
  SINCE SEP 1     35                        67    -32      137
  SINCE JAN 1    593                       809   -216      900
..................................................................


WIND (MPH)
  HIGHEST WIND SPEED    16   HIGHEST WIND DIRECTION    NW (310)
  HIGHEST GUST SPEED    19   HIGHEST GUST DIRECTION    NW (330)
  AVERAGE WIND SPEED     7.4


SKY COVER
  AVERAGE SKY COVER 0.1


WEATHER CONDITIONS
 THE FOLLOWING WEATHER WAS RECORDED YESTERDAY.
  NO SIGNIFICANT WEATHER WAS OBSERVED.


RELATIVE HUMIDITY (PERCENT)
 HIGHEST    86          1100 PM
 LOWEST     17           200 PM
 AVERAGE    52

..........................................................


THE SIDNEY NE AIRPORT CLIMATE NORMALS FOR TODAY
                         NORMAL    RECORD    YEAR
 MAXIMUM TEMPERATURE (F)   78        93      1998
                                             1948
 MINIMUM TEMPERATURE (F)   47        30      1987
                                             1949


SUNRISE AND SUNSET
SEPTEMBER 18 2014.....SUNRISE   635 AM MDT   SUNSET   656 PM MDT
SEPTEMBER 19 2014.....SUNRISE   636 AM MDT   SUNSET   654 PM MDT


-  INDICATES NEGATIVE NUMBERS.
R  INDICATES RECORD WAS SET OR TIED.
MM INDICATES DATA IS MISSING.
T  INDICATES TRACE AMOUNT.




$$
