000
CDUS45 KCYS 280737
CLISNY


CLIMATE REPORT
NATIONAL WEATHER SERVICE CHEYENNE WY
1236 AM MST WED JAN 28 2015


...................................

...THE SIDNEY NE AIRPORT CLIMATE SUMMARY FOR JANUARY 27 2015...

CLIMATE NORMAL PERIOD 1981 TO 2010
CLIMATE RECORD PERIOD 1948 TO 2015


WEATHER ITEM   OBSERVED TIME   RECORD YEAR NORMAL DEPARTURE LAST
                VALUE   (LST)  VALUE       VALUE  FROM      YEAR
                                                  NORMAL
..................................................................
TEMPERATURE (F)
 YESTERDAY
  MAXIMUM         73R   243 PM  73    1982  42     31       20
  MINIMUM         28    722 AM -25    1948  17     11        2
  AVERAGE         51                        29     22       11

PRECIPITATION (IN)
  YESTERDAY        0.00          0.37 1973   0.01  -0.01     0.00
  MONTH TO DATE    0.03                      0.17  -0.14     0.05
  SINCE JAN 1      0.03                      0.17  -0.14     0.05

DEGREE DAYS
 HEATING
  YESTERDAY       14                        36    -22       54
  MONTH TO DATE 1002                       972     30      946
  SINCE DEC 1   2205                      2097    108     2088
  SINCE JUL 1   3695                      3519    176     3580

 COOLING
  YESTERDAY        0                         0      0        0
  MONTH TO DATE    0                         0      0        0
  SINCE DEC 1      0                         0      0        0
  SINCE JAN 1      0                         0      0        0
..................................................................


WIND (MPH)
  HIGHEST WIND SPEED    17   HIGHEST WIND DIRECTION    NW (300)
  HIGHEST GUST SPEED    18   HIGHEST GUST DIRECTION    NW (300)
  AVERAGE WIND SPEED     8.3


SKY COVER
  AVERAGE SKY COVER 0.0


WEATHER CONDITIONS
 THE FOLLOWING WEATHER WAS RECORDED YESTERDAY.
  NO SIGNIFICANT WEATHER WAS OBSERVED.


RELATIVE HUMIDITY (PERCENT)
 HIGHEST    78           200 AM
 LOWEST     16           200 PM
 AVERAGE    47

..........................................................


THE SIDNEY NE AIRPORT CLIMATE NORMALS FOR TODAY
                         NORMAL    RECORD    YEAR
 MAXIMUM TEMPERATURE (F)   42        65      2011
 MINIMUM TEMPERATURE (F)   17       -23      1948


SUNRISE AND SUNSET
JANUARY 28 2015.......SUNRISE   707 AM MST   SUNSET   504 PM MST
JANUARY 29 2015.......SUNRISE   706 AM MST   SUNSET   505 PM MST


-  INDICATES NEGATIVE NUMBERS.
R  INDICATES RECORD WAS SET OR TIED.
MM INDICATES DATA IS MISSING.
T  INDICATES TRACE AMOUNT.




$$
