000
CDUS45 KCYS 250728
CLISNY


CLIMATE REPORT
NATIONAL WEATHER SERVICE CHEYENNE WY
128 AM MDT MON MAY 25 2015


...................................

...THE SIDNEY NE AIRPORT CLIMATE SUMMARY FOR MAY 24 2015...

CLIMATE NORMAL PERIOD 1981 TO 2010
CLIMATE RECORD PERIOD 1948 TO 2015


WEATHER ITEM   OBSERVED TIME   RECORD YEAR NORMAL DEPARTURE LAST
                VALUE   (LST)  VALUE       VALUE  FROM      YEAR
                                                  NORMAL
..................................................................
TEMPERATURE (F)
 YESTERDAY
  MAXIMUM         66    212 PM  93    1967  74     -8       72
  MINIMUM         49    713 AM  30    2001  46      3       53
  AVERAGE         58                        60     -2       63

PRECIPITATION (IN)
  YESTERDAY        0.20          1.26 1968   0.10   0.10     0.00
  MONTH TO DATE    7.17                      2.32   4.85     2.26
  SINCE JAN 1     13.70                      5.99   7.71     4.26

DEGREE DAYS
 HEATING
  YESTERDAY        7                         6      1        2
  MONTH TO DATE  342                       215    127      267
  SINCE MAR 1   1518                      1545    -27     1586
  SINCE JUL 1   6250                      6127    123     6575

 COOLING
  YESTERDAY        0                         1     -1        0
  MONTH TO DATE    0                        15    -15        0
  SINCE MAR 1      0                        16    -16        0
  SINCE JAN 1      0                        16    -16        0
..................................................................


WIND (MPH)
  HIGHEST WIND SPEED    31   HIGHEST WIND DIRECTION    SW (230)
  HIGHEST GUST SPEED    37   HIGHEST GUST DIRECTION    SW (230)
  AVERAGE WIND SPEED     5.5


SKY COVER
  AVERAGE SKY COVER 0.7


WEATHER CONDITIONS
 THE FOLLOWING WEATHER WAS RECORDED YESTERDAY.
  THUNDERSTORM
  RAIN
  LIGHT RAIN
  FOG
  FOG W/VISIBILITY <= 1/4 MILE


RELATIVE HUMIDITY (PERCENT)
 HIGHEST   100           500 AM
 LOWEST     52           200 PM
 AVERAGE    76

..........................................................


THE SIDNEY NE AIRPORT CLIMATE NORMALS FOR TODAY
                         NORMAL    RECORD    YEAR
 MAXIMUM TEMPERATURE (F)   74        90      1964
 MINIMUM TEMPERATURE (F)   46        28      2001


SUNRISE AND SUNSET
MAY 25 2015...........SUNRISE   526 AM MDT   SUNSET   812 PM MDT
MAY 26 2015...........SUNRISE   525 AM MDT   SUNSET   813 PM MDT


-  INDICATES NEGATIVE NUMBERS.
R  INDICATES RECORD WAS SET OR TIED.
MM INDICATES DATA IS MISSING.
T  INDICATES TRACE AMOUNT.




$$
