000
CDUS45 KCYS 272121
CLISNY


CLIMATE REPORT
NATIONAL WEATHER SERVICE CHEYENNE WY
321 PM MDT WED AUG 27 2014


...................................

...THE SIDNEY NE AIRPORT CLIMATE SUMMARY FOR AUGUST 27 2014...
VALID AS OF 0300 PM LOCAL TIME.

CLIMATE NORMAL PERIOD 1981 TO 2010
CLIMATE RECORD PERIOD 1948 TO 2014


WEATHER ITEM   OBSERVED TIME   RECORD YEAR NORMAL DEPARTURE LAST
                VALUE   (LST)  VALUE       VALUE  FROM      YEAR
                                                  NORMAL
..................................................................
TEMPERATURE (F)
 TODAY
  MAXIMUM         81    132 PM 101    2012  87     -6       99
                                      2010
  MINIMUM         59    536 AM  40    1964  56      3       60
  AVERAGE         70                        71     -1       80

PRECIPITATION (IN)
  TODAY            0.00          0.45 2006   0.06  -0.06     0.00
  MONTH TO DATE    2.71                      1.99   0.72     0.69
  SINCE JAN 1     11.48                     14.89  -3.41     8.17

DEGREE DAYS
 HEATING
  TODAY            0                         0      0        0
  MONTH TO DATE    0                         0      0        1
  SINCE JUN 1     64                        62      2       46
  SINCE JUL 1      9                         3      6        9

 COOLING
  TODAY            5                         7     -2       15
  MONTH TO DATE  205                       239    -34      235
  SINCE JUN 1    532                       695   -163      673
  SINCE JAN 1    548                       717   -169      706
..................................................................


WIND (MPH)
  HIGHEST WIND SPEED    17   HIGHEST WIND DIRECTION     W (280)
  HIGHEST GUST SPEED    22   HIGHEST GUST DIRECTION    NW (310)
  AVERAGE WIND SPEED     8.5


SKY COVER
  AVERAGE SKY COVER 0.3


WEATHER CONDITIONS
 THE FOLLOWING WEATHER WAS RECORDED TODAY.
  NO SIGNIFICANT WEATHER WAS OBSERVED.


RELATIVE HUMIDITY (PERCENT)
 HIGHEST    93          1200 AM
 LOWEST     49           200 PM
 AVERAGE    71

..........................................................


THE SIDNEY NE AIRPORT CLIMATE NORMALS FOR TOMORROW
                         NORMAL    RECORD    YEAR
 MAXIMUM TEMPERATURE (F)   86       102      2012
                                             1948
 MINIMUM TEMPERATURE (F)   56        36      1964


SUNRISE AND SUNSET
AUGUST 27 2014........SUNRISE   614 AM MDT   SUNSET   733 PM MDT
AUGUST 28 2014........SUNRISE   615 AM MDT   SUNSET   731 PM MDT


-  INDICATES NEGATIVE NUMBERS.
R  INDICATES RECORD WAS SET OR TIED.
MM INDICATES DATA IS MISSING.
T  INDICATES TRACE AMOUNT.




$$
