000
CDUS45 KCYS 270731
CLISNY


CLIMATE REPORT
NATIONAL WEATHER SERVICE CHEYENNE WY
1229 AM MST THU NOV 27 2014


...................................

...THE SIDNEY NE AIRPORT CLIMATE SUMMARY FOR NOVEMBER 26 2014...

CLIMATE NORMAL PERIOD 1981 TO 2010
CLIMATE RECORD PERIOD 1948 TO 2014


WEATHER ITEM   OBSERVED TIME   RECORD YEAR NORMAL DEPARTURE LAST
                VALUE   (LST)  VALUE       VALUE  FROM      YEAR
                                                  NORMAL
..................................................................
TEMPERATURE (F)
 YESTERDAY
  MAXIMUM         31    301 PM  74    1995  46    -15       39
  MINIMUM         15    922 PM  -8    1952  20     -5       21
  AVERAGE         23                        33    -10       30

PRECIPITATION (IN)
  YESTERDAY        0.07          0.43 1983   0.01   0.06     0.00
  MONTH TO DATE    0.43                      0.50  -0.07     0.45
  SINCE JAN 1     15.96                     17.93  -1.97    16.92

DEGREE DAYS
 HEATING
  YESTERDAY       42                        32     10       35
  MONTH TO DATE  864                       688    176      722
  SINCE SEP 1   1358                      1280     78     1374
  SINCE JUL 1   1370                      1291     79     1383

 COOLING
  YESTERDAY        0                         0      0        0
  MONTH TO DATE    0                         0      0        0
  SINCE SEP 1     79                        88     -9      155
  SINCE JAN 1    637                       830   -193      918
..................................................................


WIND (MPH)
  HIGHEST WIND SPEED    25   HIGHEST WIND DIRECTION     N (340)
  HIGHEST GUST SPEED    31   HIGHEST GUST DIRECTION     N (340)
  AVERAGE WIND SPEED     8.0


SKY COVER
  AVERAGE SKY COVER 0.9


WEATHER CONDITIONS
 THE FOLLOWING WEATHER WAS RECORDED YESTERDAY.
  SNOW
  LIGHT SNOW
  FOG
  HAZE


RELATIVE HUMIDITY (PERCENT)
 HIGHEST    92          1000 AM
 LOWEST     78          1200 AM
 AVERAGE    85

..........................................................


THE SIDNEY NE AIRPORT CLIMATE NORMALS FOR TODAY
                         NORMAL    RECORD    YEAR
 MAXIMUM TEMPERATURE (F)   45        75      1998
 MINIMUM TEMPERATURE (F)   20       -12      1952


SUNRISE AND SUNSET
NOVEMBER 27 2014......SUNRISE   653 AM MST   SUNSET   425 PM MST
NOVEMBER 28 2014......SUNRISE   655 AM MST   SUNSET   425 PM MST


-  INDICATES NEGATIVE NUMBERS.
R  INDICATES RECORD WAS SET OR TIED.
MM INDICATES DATA IS MISSING.
T  INDICATES TRACE AMOUNT.




$$
