000
CDUS45 KCYS 110727
CLISNY


CLIMATE REPORT
NATIONAL WEATHER SERVICE CHEYENNE WY
1227 AM MST THU FEB 11 2016


...................................

...THE SIDNEY NE AIRPORT CLIMATE SUMMARY FOR FEBRUARY 10 2016...

CLIMATE NORMAL PERIOD 1981 TO 2010
CLIMATE RECORD PERIOD 1948 TO 2016


WEATHER ITEM   OBSERVED TIME   RECORD YEAR NORMAL DEPARTURE LAST
                VALUE   (LST)  VALUE       VALUE  FROM      YEAR
                                                  NORMAL
..................................................................
TEMPERATURE (F)
 YESTERDAY
  MAXIMUM         52    123 PM  72    1999  44      8       57
                                      1962
  MINIMUM         22    633 AM -11    1986  18      4       37
  AVERAGE         37                        31      6       47

PRECIPITATION (IN)
  YESTERDAY        0.00          0.67 1998   0.01  -0.01     0.00
  MONTH TO DATE    0.11                      0.09   0.02     0.22
  SINCE JAN 1      0.17                      0.29  -0.12     0.59

DEGREE DAYS
 HEATING
  YESTERDAY       28                        34     -6       18
  MONTH TO DATE  391                       348     43      247
  SINCE DEC 1   2748                      2583    165     2566
  SINCE JUL 1   4098                      4005     93     4056

 COOLING
  YESTERDAY        0                         0      0        0
  MONTH TO DATE    0                         0      0        0
  SINCE DEC 1      0                         0      0        0
  SINCE JAN 1      0                         0      0        0
..................................................................


WIND (MPH)
  HIGHEST WIND SPEED    21   HIGHEST WIND DIRECTION     W (280)
  HIGHEST GUST SPEED    25   HIGHEST GUST DIRECTION     W (280)
  AVERAGE WIND SPEED    13.7


SKY COVER
  AVERAGE SKY COVER 0.0


WEATHER CONDITIONS
 THE FOLLOWING WEATHER WAS RECORDED YESTERDAY.
  NO SIGNIFICANT WEATHER WAS OBSERVED.


RELATIVE HUMIDITY (PERCENT)
 HIGHEST    81           600 AM
 LOWEST     42          1200 PM
 AVERAGE    62

..........................................................


THE SIDNEY NE AIRPORT CLIMATE NORMALS FOR TODAY
                         NORMAL    RECORD    YEAR
 MAXIMUM TEMPERATURE (F)   44        73      1962
 MINIMUM TEMPERATURE (F)   18       -14      1986


SUNRISE AND SUNSET
FEBRUARY 11 2016......SUNRISE   652 AM MST   SUNSET   521 PM MST
FEBRUARY 12 2016......SUNRISE   651 AM MST   SUNSET   522 PM MST


-  INDICATES NEGATIVE NUMBERS.
R  INDICATES RECORD WAS SET OR TIED.
MM INDICATES DATA IS MISSING.
T  INDICATES TRACE AMOUNT.




$$
