000
CDUS45 KCYS 252123
CLISNY


CLIMATE REPORT
NATIONAL WEATHER SERVICE CHEYENNE WY
323 PM MDT FRI JUL 25 2014


...................................

...THE SIDNEY NE AIRPORT CLIMATE SUMMARY FOR JULY 25 2014...
VALID AS OF 0300 PM LOCAL TIME.

CLIMATE NORMAL PERIOD 1981 TO 2010
CLIMATE RECORD PERIOD 1948 TO 2014


WEATHER ITEM   OBSERVED TIME   RECORD YEAR NORMAL DEPARTURE LAST
                VALUE   (LST)  VALUE       VALUE  FROM      YEAR
                                                  NORMAL
..................................................................
TEMPERATURE (F)
 TODAY
  MAXIMUM         92    151 PM 105    2003  91      1       83
  MINIMUM         64    501 AM  50    2004  61      3       57
                                      1996
  AVERAGE         78                        76      2       70

PRECIPITATION (IN)
  TODAY            0.00          1.34 1981   0.09  -0.09     0.00
  MONTH TO DATE    0.21                      2.41  -2.20     1.43
  SINCE JAN 1      8.63                     12.35  -3.72     7.46

DEGREE DAYS
 HEATING
  TODAY            0                         0      0        0
  MONTH TO DATE    9                         0      9        0
  SINCE JUN 1     64                        59      5       37
  SINCE JUL 1      9                         0      9        0

 COOLING
  TODAY           13                        11      2        5
  MONTH TO DATE  216                       255    -39      244
  SINCE JUN 1    284                       392   -108      412
  SINCE JAN 1    300                       414   -114      445
..................................................................


WIND (MPH)
  HIGHEST WIND SPEED    26   HIGHEST WIND DIRECTION     N (360)
  HIGHEST GUST SPEED    33   HIGHEST GUST DIRECTION     N (360)
  AVERAGE WIND SPEED    12.2


SKY COVER
  AVERAGE SKY COVER 0.0


WEATHER CONDITIONS
 THE FOLLOWING WEATHER WAS RECORDED TODAY.
  NO SIGNIFICANT WEATHER WAS OBSERVED.


RELATIVE HUMIDITY (PERCENT)
 HIGHEST    67           500 AM
 LOWEST     25           200 PM
 AVERAGE    46

..........................................................


THE SIDNEY NE AIRPORT CLIMATE NORMALS FOR TOMORROW
                         NORMAL    RECORD    YEAR
 MAXIMUM TEMPERATURE (F)   91        99      2011
                                             2000
 MINIMUM TEMPERATURE (F)   61        48      1971


SUNRISE AND SUNSET
JULY 25 2014..........SUNRISE   541 AM MDT   SUNSET   815 PM MDT
JULY 26 2014..........SUNRISE   542 AM MDT   SUNSET   814 PM MDT


-  INDICATES NEGATIVE NUMBERS.
R  INDICATES RECORD WAS SET OR TIED.
MM INDICATES DATA IS MISSING.
T  INDICATES TRACE AMOUNT.




$$
