000
CDUS45 KPUB 231133
CLISPD


CLIMATE REPORT
NATIONAL WEATHER SERVICE PUEBLO
532 AM MDT SAT AUG 23 2014


...................................

...THE SPRINGFIELD CO CLIMATE SUMMARY FOR AUGUST 22 2014...

CLIMATE NORMAL PERIOD 1981 TO 2010
CLIMATE RECORD PERIOD 9999 TO 9999


WEATHER ITEM   OBSERVED TIME   NORMAL DEPARTURE LAST
                VALUE   (LST)  VALUE  FROM      YEAR
                                      NORMAL
......................................................
TEMPERATURE (F)
 YESTERDAY
  MAXIMUM         92    146 PM  87      5       94
  MINIMUM         59    207 AM  60     -1       63
  AVERAGE         76                            79

PRECIPITATION (IN)
  YESTERDAY        0.06          0.10  -0.04     0.00
  MONTH TO DATE    0.50          2.15  -1.65     2.29
  SINCE JUN 1      6.02          7.48  -1.46     7.76
  SINCE JAN 1      9.91         13.05  -3.14     9.74

DEGREE DAYS
 HEATING
  YESTERDAY        0             0      0        0
  MONTH TO DATE    0             0      0        1
  SINCE JUN 1     28            23      5       20
  SINCE JUL 1      6             2      4        1

 COOLING
  YESTERDAY       11             9      2       14
  MONTH TO DATE  239           221     18      202
  SINCE JUN 1    776           778     -2      912
  SINCE JAN 1    834           832      2     1029
......................................................


WIND (MPH)
  HIGHEST WIND SPEED    26   HIGHEST WIND DIRECTION    NW (300)
  HIGHEST GUST SPEED    36   HIGHEST GUST DIRECTION     W (250)
  AVERAGE WIND SPEED     7.4


SKY COVER
  POSSIBLE SUNSHINE  MM



RELATIVE HUMIDITY (PERCENT)
 HIGHEST    93          1100 PM
 LOWEST     30           100 PM
 AVERAGE    62

..........................................................


THE SPRINGFIELD CO CLIMATE NORMALS FOR TODAY
                         NORMAL    RECORD    YEAR
 MAXIMUM TEMPERATURE (F)   87        MM        MM
 MINIMUM TEMPERATURE (F)   60        MM        MM


SUNRISE AND SUNSET
AUGUST 23 2014........SUNRISE   614 AM MDT   SUNSET   732 PM MDT
AUGUST 24 2014........SUNRISE   614 AM MDT   SUNSET   731 PM MDT


-  INDICATES NEGATIVE NUMBERS.
R  INDICATES RECORD WAS SET OR TIED.
MM INDICATES DATA IS MISSING.
T  INDICATES TRACE AMOUNT.




$$
