336
CDUS45 KPUB 201129
CLISPD


CLIMATE REPORT
NATIONAL WEATHER SERVICE PUEBLO
428 AM MST MON FEB 20 2017


...................................

...THE SPRINGFIELD CO CLIMATE SUMMARY FOR FEBRUARY 19 2017...

CLIMATE NORMAL PERIOD 1981 TO 2010
CLIMATE RECORD PERIOD 9999 TO 9999


WEATHER ITEM   OBSERVED TIME   NORMAL DEPARTURE LAST
                VALUE   (LST)  VALUE  FROM      YEAR
                                      NORMAL
......................................................
TEMPERATURE (F)
 YESTERDAY
  MAXIMUM         60    330 PM  51      9       67
  MINIMUM         34   1159 PM  21     13       32
  AVERAGE         47                            50

PRECIPITATION (IN)
  YESTERDAY        0.00          0.01  -0.01     0.00
  MONTH TO DATE    0.01          0.32  -0.31     0.14
  SINCE DEC 1      0.26          1.20  -0.94     0.39
  SINCE JAN 1      0.19          0.69  -0.50     0.30

DEGREE DAYS
 HEATING
  YESTERDAY       18            29    -11       15
  MONTH TO DATE  441           580   -139      487
  SINCE DEC 1   2551          2610    -59     2436
  SINCE JUL 1   3368          3756   -388     3441

 COOLING
  YESTERDAY        0             0      0        0
  MONTH TO DATE    0             0      0        0
  SINCE DEC 1      0             0      0        0
  SINCE JAN 1      0             0      0        0
......................................................


WIND (MPH)
  HIGHEST WIND SPEED    35   HIGHEST WIND DIRECTION     S (170)
  HIGHEST GUST SPEED    41   HIGHEST GUST DIRECTION     S (200)
  AVERAGE WIND SPEED    15.5


SKY COVER
  POSSIBLE SUNSHINE  MM



RELATIVE HUMIDITY (PERCENT)
 HIGHEST    76           100 AM
 LOWEST     32           300 PM
 AVERAGE    54

..........................................................


THE SPRINGFIELD CO CLIMATE NORMALS FOR TODAY
                         NORMAL    RECORD    YEAR
 MAXIMUM TEMPERATURE (F)   51        MM        MM
 MINIMUM TEMPERATURE (F)   22        MM        MM


SUNRISE AND SUNSET
FEBRUARY 20 2017......SUNRISE   633 AM MST   SUNSET   536 PM MST
FEBRUARY 21 2017......SUNRISE   632 AM MST   SUNSET   537 PM MST


-  INDICATES NEGATIVE NUMBERS.
R  INDICATES RECORD WAS SET OR TIED.
MM INDICATES DATA IS MISSING.
T  INDICATES TRACE AMOUNT.




$$
