000
CDUS45 KPUB 051028
CLISPD


CLIMATE REPORT
NATIONAL WEATHER SERVICE PUEBLO
428 AM MDT SUN JUL 5 2015


...................................

...THE SPRINGFIELD CO CLIMATE SUMMARY FOR JULY 4 2015...

CLIMATE NORMAL PERIOD 1981 TO 2010
CLIMATE RECORD PERIOD 9999 TO 9999


WEATHER ITEM   OBSERVED TIME   NORMAL DEPARTURE LAST
                VALUE   (LST)  VALUE  FROM      YEAR
                                      NORMAL
......................................................
TEMPERATURE (F)
 YESTERDAY
  MAXIMUM         96    248 PM  91      5       93
  MINIMUM         62    406 AM  60      2       63
  AVERAGE         79                            78

PRECIPITATION (IN)
  YESTERDAY        0.51          0.09   0.42     0.00
  MONTH TO DATE    0.62          0.36   0.26     0.05
  SINCE JUN 1      1.48          2.86  -1.38     1.98
  SINCE JAN 1      9.05          8.43   0.62     5.87

DEGREE DAYS
 HEATING
  YESTERDAY        0             0      0        0
  MONTH TO DATE    0             0      0        0
  SINCE JUN 1      0            21    -21       22
  SINCE JUL 1      0             0      0        0

 COOLING
  YESTERDAY       14            11      3       13
  MONTH TO DATE   49            42      7       28
  SINCE JUN 1    296           250     46      247
  SINCE JAN 1    297           304     -7      305
......................................................


WIND (MPH)
  HIGHEST WIND SPEED    41   HIGHEST WIND DIRECTION    SW (230)
  HIGHEST GUST SPEED    53   HIGHEST GUST DIRECTION    SW (230)
  AVERAGE WIND SPEED    14.0


SKY COVER
  POSSIBLE SUNSHINE  MM



RELATIVE HUMIDITY (PERCENT)
 HIGHEST    90           300 AM
 LOWEST     24           200 PM
 AVERAGE    57

..........................................................


THE SPRINGFIELD CO CLIMATE NORMALS FOR TODAY
                         NORMAL    RECORD    YEAR
 MAXIMUM TEMPERATURE (F)   91        MM        MM
 MINIMUM TEMPERATURE (F)   61        MM        MM


SUNRISE AND SUNSET
JULY  5 2015..........SUNRISE   536 AM MDT   SUNSET   814 PM MDT
JULY  6 2015..........SUNRISE   536 AM MDT   SUNSET   814 PM MDT


-  INDICATES NEGATIVE NUMBERS.
R  INDICATES RECORD WAS SET OR TIED.
MM INDICATES DATA IS MISSING.
T  INDICATES TRACE AMOUNT.




$$
