000
CDUS45 KPUB 291053
CLISPD


CLIMATE REPORT
NATIONAL WEATHER SERVICE PUEBLO
452 AM MDT FRI MAY 29 2015


...................................

...THE SPRINGFIELD CO CLIMATE SUMMARY FOR MAY 28 2015...

CLIMATE NORMAL PERIOD 1981 TO 2010
CLIMATE RECORD PERIOD 9999 TO 9999


WEATHER ITEM   OBSERVED TIME   NORMAL DEPARTURE LAST
                VALUE   (LST)  VALUE  FROM      YEAR
                                      NORMAL
......................................................
TEMPERATURE (F)
 YESTERDAY
  MAXIMUM         75   1154 AM  80     -5       86
  MINIMUM         50   1159 PM  51     -1       51
  AVERAGE         63                            69

PRECIPITATION (IN)
  YESTERDAY        0.03          0.10  -0.07     0.00
  MONTH TO DATE    4.47          2.07   2.40     0.68
  SINCE MAR 1      5.70          4.47   1.23     2.05
  SINCE JAN 1      7.54          5.28   2.26     2.38

DEGREE DAYS
 HEATING
  YESTERDAY        2             2      0        0
  MONTH TO DATE  224           156     68      165
  SINCE MAR 1   1214          1249    -35     1301
  SINCE JUL 1   5118          5255   -137     5298

 COOLING
  YESTERDAY        0             3     -3        4
  MONTH TO DATE    0            41    -41       36
  SINCE MAR 1      0            45    -45       42
  SINCE JAN 1      0            45    -45       42
......................................................


WIND (MPH)
  HIGHEST WIND SPEED    31   HIGHEST WIND DIRECTION     S (170)
  HIGHEST GUST SPEED    37   HIGHEST GUST DIRECTION     S (180)
  AVERAGE WIND SPEED    13.5


SKY COVER
  POSSIBLE SUNSHINE  MM



RELATIVE HUMIDITY (PERCENT)
 HIGHEST   100          1200 AM
 LOWEST     47           300 PM
 AVERAGE    74

..........................................................


THE SPRINGFIELD CO CLIMATE NORMALS FOR TODAY
                         NORMAL    RECORD    YEAR
 MAXIMUM TEMPERATURE (F)   80        MM        MM
 MINIMUM TEMPERATURE (F)   51        MM        MM


SUNRISE AND SUNSET
MAY 29 2015...........SUNRISE   533 AM MDT   SUNSET   803 PM MDT
MAY 30 2015...........SUNRISE   532 AM MDT   SUNSET   804 PM MDT


-  INDICATES NEGATIVE NUMBERS.
R  INDICATES RECORD WAS SET OR TIED.
MM INDICATES DATA IS MISSING.
T  INDICATES TRACE AMOUNT.




$$
