000
CDUS45 KPUB 191151
CLISPD


CLIMATE REPORT
NATIONAL WEATHER SERVICE PUEBLO
451 AM MST THU JAN 19 2017


...................................

...THE SPRINGFIELD CO CLIMATE SUMMARY FOR JANUARY 18 2017...

CLIMATE NORMAL PERIOD 1981 TO 2010
CLIMATE RECORD PERIOD 9999 TO 9999


WEATHER ITEM   OBSERVED TIME   NORMAL DEPARTURE LAST
                VALUE   (LST)  VALUE  FROM      YEAR
                                      NORMAL
......................................................
TEMPERATURE (F)
 YESTERDAY
  MAXIMUM         52    306 PM  47      5       59
  MINIMUM         25   1045 PM  18      7        9
  AVERAGE         39                            34

PRECIPITATION (IN)
  YESTERDAY        0.00          0.02  -0.02     0.00
  MONTH TO DATE    0.17          0.16   0.01     0.12
  SINCE DEC 1      0.24          0.67  -0.43     0.21
  SINCE JAN 1      0.17          0.16   0.01     0.12

DEGREE DAYS
 HEATING
  YESTERDAY       26            33     -7       31
  MONTH TO DATE  641           599     42      623
  SINCE DEC 1   1734          1611    123     1600
  SINCE JUL 1   2551          2757   -206     2605

 COOLING
  YESTERDAY        0             0      0        0
  MONTH TO DATE    0             0      0        0
  SINCE DEC 1      0             0      0        0
  SINCE JAN 1      0             0      0        0
......................................................


WIND (MPH)
  HIGHEST WIND SPEED    15   HIGHEST WIND DIRECTION     S (170)
  HIGHEST GUST SPEED    19   HIGHEST GUST DIRECTION    SW (220)
  AVERAGE WIND SPEED     6.5


SKY COVER
  POSSIBLE SUNSHINE  MM



RELATIVE HUMIDITY (PERCENT)
 HIGHEST   100           100 AM
 LOWEST     54           300 PM
 AVERAGE    77

..........................................................


THE SPRINGFIELD CO CLIMATE NORMALS FOR TODAY
                         NORMAL    RECORD    YEAR
 MAXIMUM TEMPERATURE (F)   47        MM        MM
 MINIMUM TEMPERATURE (F)   18        MM        MM


SUNRISE AND SUNSET
JANUARY 19 2017.......SUNRISE   702 AM MST   SUNSET   501 PM MST
JANUARY 20 2017.......SUNRISE   701 AM MST   SUNSET   502 PM MST


-  INDICATES NEGATIVE NUMBERS.
R  INDICATES RECORD WAS SET OR TIED.
MM INDICATES DATA IS MISSING.
T  INDICATES TRACE AMOUNT.




$$
