000
CDUS43 KILX 240644
CLISPI


CLIMATE REPORT
NATIONAL WEATHER SERVICE LINCOLN IL
143 AM CDT TUE OCT 24 2017


...................................

...THE SPRINGFIELD IL CLIMATE SUMMARY FOR OCTOBER 23 2017...

CLIMATE NORMAL PERIOD 1981 TO 2010
CLIMATE RECORD PERIOD 1879 TO 2017


WEATHER ITEM   OBSERVED TIME   RECORD YEAR NORMAL DEPARTURE LAST
                VALUE   (LST)  VALUE       VALUE  FROM      YEAR
                                                  NORMAL
..................................................................
TEMPERATURE (F)
 YESTERDAY
  MAXIMUM         67    352 PM  85    1963  64      3       80
  MINIMUM         50   1159 PM  24    1981  42      8       49
  AVERAGE         59                        53      6       65

PRECIPITATION (IN)
  YESTERDAY        0.05          1.54 1951   0.10  -0.05     0.00
  MONTH TO DATE    5.20                      2.32   2.88     1.80
  SINCE SEP 1      5.21                      5.22  -0.01     3.65
  SINCE JAN 1     30.25                     30.87  -0.62    39.50

SNOWFALL (IN)
  YESTERDAY        0.0           1.7  1929   0.0    0.0      0.0
  MONTH TO DATE    0.0                       0.0    0.0      0.0
  SINCE SEP 1      0.0                       0.0    0.0      0.0
  SINCE JUL 1      0.0                       0.0    0.0      0.0
  SNOW DEPTH       0

DEGREE DAYS
 HEATING
  YESTERDAY        6                        12     -6        0
  MONTH TO DATE   56                       217   -161       98
  SINCE SEP 1     92                       293   -201      110
  SINCE JUL 1     92                       298   -206      111

 COOLING
  YESTERDAY        0                         0      0        0
  MONTH TO DATE   80                        19     61       65
  SINCE SEP 1    289                       148    141      323
  SINCE JAN 1   1401                      1118    283     1599
..................................................................


WIND (MPH)
  HIGHEST WIND SPEED    29   HIGHEST WIND DIRECTION     W (280)
  HIGHEST GUST SPEED    35   HIGHEST GUST DIRECTION     W (290)
  AVERAGE WIND SPEED     9.6


SKY COVER
  POSSIBLE SUNSHINE  MM
  AVERAGE SKY COVER 0.7


WEATHER CONDITIONS
 THE FOLLOWING WEATHER WAS RECORDED YESTERDAY.
  THUNDERSTORM
  LIGHT RAIN
  HAZE


RELATIVE HUMIDITY (PERCENT)
 HIGHEST   100           100 AM
 LOWEST     45           400 PM
 AVERAGE    73

..........................................................


THE SPRINGFIELD IL CLIMATE NORMALS FOR TODAY
                         NORMAL    RECORD    YEAR
 MAXIMUM TEMPERATURE (F)   63        83      1963
 MINIMUM TEMPERATURE (F)   42        23      1999
                                             1981


SUNRISE AND SUNSET
OCTOBER 24 2017.......SUNRISE   719 AM CDT   SUNSET   606 PM CDT
OCTOBER 25 2017.......SUNRISE   720 AM CDT   SUNSET   605 PM CDT


-  INDICATES NEGATIVE NUMBERS.
R  INDICATES RECORD WAS SET OR TIED.
MM INDICATES DATA IS MISSING.
T  INDICATES TRACE AMOUNT.




$$
