000
CDUS43 KILX 260634
CLISPI


CLIMATE REPORT
NATIONAL WEATHER SERVICE LINCOLN IL
133 AM CDT SUN MAR 26 2017


...................................

...THE SPRINGFIELD IL CLIMATE SUMMARY FOR MARCH 25 2017...

CLIMATE NORMAL PERIOD 1981 TO 2010
CLIMATE RECORD PERIOD 1879 TO 2017


WEATHER ITEM   OBSERVED TIME   RECORD YEAR NORMAL DEPARTURE LAST
                VALUE   (LST)  VALUE       VALUE  FROM      YEAR
                                                  NORMAL
..................................................................
TEMPERATURE (F)
 YESTERDAY
  MAXIMUM         65    150 PM  82    1907  56      9       51
  MINIMUM         58   1159 PM   7    1960  35     23       29
  AVERAGE         62                        46     16       40

PRECIPITATION (IN)
  YESTERDAY        0.52          1.85 1920   0.08   0.44     0.00
  MONTH TO DATE    1.96                      2.07  -0.11     3.04
  SINCE MAR 1      1.96                      2.07  -0.11     3.04
  SINCE JAN 1      3.43                      5.70  -2.27     5.37

SNOWFALL (IN)
  YESTERDAY        0.0           2.8  1944   0.1   -0.1      0.0
  MONTH TO DATE    4.6                       2.3    2.3      0.1
  SINCE MAR 1      4.6                       2.3    2.3      0.1
  SINCE JUL 1     10.3                      20.4  -10.1     15.7
  SNOW DEPTH       0

DEGREE DAYS
 HEATING
  YESTERDAY        3                        19    -16       25
  MONTH TO DATE  517                       601    -84      387
  SINCE MAR 1    517                       601    -84      387
  SINCE JUL 1   3772                      4872  -1100     3813

 COOLING
  YESTERDAY        0                         0      0        0
  MONTH TO DATE    0                         0      0        0
  SINCE MAR 1      0                         0      0        0
  SINCE JAN 1      0                         0      0        0
..................................................................


WIND (MPH)
  HIGHEST WIND SPEED    23   HIGHEST WIND DIRECTION     S (180)
  HIGHEST GUST SPEED    30   HIGHEST GUST DIRECTION     S (190)
  AVERAGE WIND SPEED    11.3


SKY COVER
  POSSIBLE SUNSHINE  MM
  AVERAGE SKY COVER 0.7


WEATHER CONDITIONS
 THE FOLLOWING WEATHER WAS RECORDED YESTERDAY.
  THUNDERSTORM
  HEAVY RAIN
  RAIN
  LIGHT RAIN
  FOG


RELATIVE HUMIDITY (PERCENT)
 HIGHEST    93           800 PM
 LOWEST     72          1100 AM
 AVERAGE    83

..........................................................


THE SPRINGFIELD IL CLIMATE NORMALS FOR TODAY
                         NORMAL    RECORD    YEAR
 MAXIMUM TEMPERATURE (F)   57        81      1991
 MINIMUM TEMPERATURE (F)   36         6      1955


SUNRISE AND SUNSET
MARCH 26 2017.........SUNRISE   652 AM CDT   SUNSET   717 PM CDT
MARCH 27 2017.........SUNRISE   650 AM CDT   SUNSET   718 PM CDT


-  INDICATES NEGATIVE NUMBERS.
R  INDICATES RECORD WAS SET OR TIED.
MM INDICATES DATA IS MISSING.
T  INDICATES TRACE AMOUNT.




$$
