000
CDUS43 KILX 222229
CLISPI


CLIMATE REPORT
NATIONAL WEATHER SERVICE LINCOLN IL
429 PM CST MON JAN 22 2018


...................................

...THE SPRINGFIELD IL CLIMATE SUMMARY FOR JANUARY 22 2018...
VALID TODAY AS OF 0400 PM LOCAL TIME.

CLIMATE NORMAL PERIOD 1981 TO 2010
CLIMATE RECORD PERIOD 1879 TO 2018


WEATHER ITEM   OBSERVED TIME   RECORD YEAR NORMAL DEPARTURE LAST
                VALUE   (LST)  VALUE       VALUE  FROM      YEAR
                                                  NORMAL
..................................................................
TEMPERATURE (F)
 TODAY
  MAXIMUM         61    142 PM  64    1967  35     26       52
  MINIMUM         50    359 PM -15    1936  19     31       40
  AVERAGE         56                        27     29       46

PRECIPITATION (IN)
  TODAY            0.27          1.07 1965   0.06   0.21     0.00
  MONTH TO DATE    0.49                      1.34  -0.85     1.02
  SINCE DEC 1      0.86                      3.86  -3.00     1.93
  SINCE JAN 1      0.49                      1.34  -0.85     1.02

SNOWFALL (IN)
  TODAY            0.0           6.0  1937   0.2   -0.2      0.0
  MONTH TO DATE    1.6                       4.5   -2.9      0.9
  SINCE DEC 1      5.7                      10.1   -4.4      3.6
  SINCE JUL 1      5.7                      10.7   -5.0      3.6
  SNOW DEPTH       0

DEGREE DAYS
 HEATING
  TODAY            9                        38    -29       19
  MONTH TO DATE  930                       843     87      691
  SINCE DEC 1   1989                      1915     74     1739
  SINCE JUL 1   2854                      2983   -129     2390

 COOLING
  TODAY            0                         0      0        0
  MONTH TO DATE    0                         0      0        0
  SINCE DEC 1      0                         0      0        0
  SINCE JAN 1      0                         0      0        0
..................................................................


WIND (MPH)
  HIGHEST WIND SPEED    30   HIGHEST WIND DIRECTION     S (190)
  HIGHEST GUST SPEED    38   HIGHEST GUST DIRECTION     S (190)
  AVERAGE WIND SPEED    20.1


SKY COVER
  POSSIBLE SUNSHINE  MM
  AVERAGE SKY COVER 0.7


WEATHER CONDITIONS
 THE FOLLOWING WEATHER WAS RECORDED TODAY.
  THUNDERSTORM
  RAIN
  LIGHT RAIN
  FOG


RELATIVE HUMIDITY (PERCENT)
 HIGHEST   100          1200 AM
 LOWEST     61           400 PM
 AVERAGE    81

..........................................................


THE SPRINGFIELD IL CLIMATE NORMALS FOR TOMORROW
                         NORMAL    RECORD    YEAR
 MAXIMUM TEMPERATURE (F)   35        73      1909
 MINIMUM TEMPERATURE (F)   19       -16      1936


SUNRISE AND SUNSET
JANUARY 22 2018.......SUNRISE   715 AM CST   SUNSET   506 PM CST
JANUARY 23 2018.......SUNRISE   714 AM CST   SUNSET   508 PM CST


-  INDICATES NEGATIVE NUMBERS.
R  INDICATES RECORD WAS SET OR TIED.
MM INDICATES DATA IS MISSING.
T  INDICATES TRACE AMOUNT.




$$
