000
CDUS43 KILX 232132
CLISPI


CLIMATE REPORT
NATIONAL WEATHER SERVICE LINCOLN IL
432 PM CDT SUN APR 23 2017


...................................

...THE SPRINGFIELD IL CLIMATE SUMMARY FOR APRIL 23 2017...
VALID TODAY AS OF 0400 PM LOCAL TIME.

CLIMATE NORMAL PERIOD 1981 TO 2010
CLIMATE RECORD PERIOD 1879 TO 2017


WEATHER ITEM   OBSERVED TIME   RECORD YEAR NORMAL DEPARTURE LAST
                VALUE   (LST)  VALUE       VALUE  FROM      YEAR
                                                  NORMAL
..................................................................
TEMPERATURE (F)
 TODAY
  MAXIMUM         74    327 PM  89    1925  68      6       69
  MINIMUM         37    524 AM  23    1956  45     -8       43
  AVERAGE         56                        56      0       56

PRECIPITATION (IN)
  TODAY            0.00          1.54 1975   0.13  -0.13     0.00
  MONTH TO DATE    2.79                      2.60   0.19     1.52
  SINCE MAR 1      7.05                      5.23   1.82     7.11
  SINCE JAN 1      8.52                      8.86  -0.34     9.44

SNOWFALL (IN)
  TODAY            0.0           1.6  1910   0.0    0.0      0.0
  MONTH TO DATE    0.0                       0.3   -0.3      0.0
  SINCE MAR 1      4.6                       2.8    1.8      0.1
  SINCE JUL 1     10.3                      20.9  -10.6     15.7
  SNOW DEPTH       0

DEGREE DAYS
 HEATING
  TODAY            9                        10     -1        9
  MONTH TO DATE  158                       307   -149      278
  SINCE MAR 1    755                      1018   -263      742
  SINCE JUL 1   4010                      5289  -1279     4168

 COOLING
  TODAY            0                         1     -1        0
  MONTH TO DATE   33                        12     21        8
  SINCE MAR 1     33                        14     19        8
  SINCE JAN 1     33                        14     19        8
..................................................................


WIND (MPH)
  HIGHEST WIND SPEED    16   HIGHEST WIND DIRECTION     N (20)
  HIGHEST GUST SPEED    22   HIGHEST GUST DIRECTION     N (20)
  AVERAGE WIND SPEED     7.8


SKY COVER
  POSSIBLE SUNSHINE  MM
  AVERAGE SKY COVER 0.0


WEATHER CONDITIONS
 THE FOLLOWING WEATHER WAS RECORDED TODAY.
  NO SIGNIFICANT WEATHER WAS OBSERVED.


RELATIVE HUMIDITY (PERCENT)
 HIGHEST    79           400 AM
 LOWEST     19           300 PM
 AVERAGE    49

..........................................................


THE SPRINGFIELD IL CLIMATE NORMALS FOR TOMORROW
                         NORMAL    RECORD    YEAR
 MAXIMUM TEMPERATURE (F)   68        89      1925
 MINIMUM TEMPERATURE (F)   45        22      1910


SUNRISE AND SUNSET
APRIL 23 2017.........SUNRISE   609 AM CDT   SUNSET   745 PM CDT
APRIL 24 2017.........SUNRISE   608 AM CDT   SUNSET   746 PM CDT


-  INDICATES NEGATIVE NUMBERS.
R  INDICATES RECORD WAS SET OR TIED.
MM INDICATES DATA IS MISSING.
T  INDICATES TRACE AMOUNT.




$$
