000
CDUS43 KILX 030651
CLISPI


CLIMATE REPORT
NATIONAL WEATHER SERVICE LINCOLN IL
1245 AM CST TUE MAR 3 2015


...................................

...THE SPRINGFIELD IL CLIMATE SUMMARY FOR MARCH 2 2015...

CLIMATE NORMAL PERIOD 1981 TO 2010
CLIMATE RECORD PERIOD 1879 TO 2015


WEATHER ITEM   OBSERVED TIME   RECORD YEAR NORMAL DEPARTURE LAST
                VALUE   (LST)  VALUE       VALUE  FROM      YEAR
                                                  NORMAL
..................................................................
TEMPERATURE (F)
 YESTERDAY
  MAXIMUM         35   1208 PM  76    1992  46    -11       18
                                      1976
  MINIMUM         10    711 AM  -2    1980  28    -18        5
  AVERAGE         23                        37    -14       12

PRECIPITATION (IN)
  YESTERDAY        T             1.42 1940   0.07  -0.07     0.12
  MONTH TO DATE    0.28                      0.15   0.13     0.12
  SINCE MAR 1      0.28                      0.15   0.13     0.12
  SINCE JAN 1      3.56                      3.78  -0.22     5.55

SNOWFALL (IN)
  YESTERDAY        T             6.3  1978   0.1   -0.1      0.9
  MONTH TO DATE    3.7                       0.2    3.5      0.9
  SINCE MAR 1      3.7                       0.2    3.5      0.9
  SINCE JUL 1     33.9                      18.3   15.6     43.2
  SNOW DEPTH      10

DEGREE DAYS
 HEATING
  YESTERDAY       42                        28     14       53
  MONTH TO DATE   84                        57     27       90
  SINCE MAR 1     84                        57     27       90
  SINCE JUL 1   4653                      4328    325     5037

 COOLING
  YESTERDAY        0                         0      0        0
  MONTH TO DATE    0                         0      0        0
  SINCE MAR 1      0                         0      0        0
  SINCE JAN 1      0                         0      0        0
..................................................................


WIND (MPH)
  HIGHEST WIND SPEED    15   HIGHEST WIND DIRECTION    SE (130)
  HIGHEST GUST SPEED    17   HIGHEST GUST DIRECTION    SE (130)
  AVERAGE WIND SPEED     5.8


SKY COVER
  POSSIBLE SUNSHINE  MM
  AVERAGE SKY COVER 0.2


WEATHER CONDITIONS
 THE FOLLOWING WEATHER WAS RECORDED YESTERDAY.
  LIGHT SNOW
  FOG
  FOG W/VISIBILITY <= 1/4 MILE
  HAZE


RELATIVE HUMIDITY (PERCENT)
 HIGHEST    96           800 AM
 LOWEST     54           300 PM
 AVERAGE    75

..........................................................


THE SPRINGFIELD IL CLIMATE NORMALS FOR TODAY
                         NORMAL    RECORD    YEAR
 MAXIMUM TEMPERATURE (F)   46        80      1974
 MINIMUM TEMPERATURE (F)   28        -2      2014


SUNRISE AND SUNSET
MARCH  3 2015.........SUNRISE   629 AM CST   SUNSET   553 PM CST
MARCH  4 2015.........SUNRISE   628 AM CST   SUNSET   554 PM CST


-  INDICATES NEGATIVE NUMBERS.
R  INDICATES RECORD WAS SET OR TIED.
MM INDICATES DATA IS MISSING.
T  INDICATES TRACE AMOUNT.




$$
