000
CDUS43 KILX 192128
CLISPI


CLIMATE REPORT
NATIONAL WEATHER SERVICE LINCOLN IL
428 PM CDT FRI SEP 19 2014


...................................

...THE SPRINGFIELD IL CLIMATE SUMMARY FOR SEPTEMBER 19 2014...
VALID TODAY AS OF 0400 PM LOCAL TIME.

CLIMATE NORMAL PERIOD 1981 TO 2010
CLIMATE RECORD PERIOD 1879 TO 2014


WEATHER ITEM   OBSERVED TIME   RECORD YEAR NORMAL DEPARTURE LAST
                VALUE   (LST)  VALUE       VALUE  FROM      YEAR
                                                  NORMAL
..................................................................
TEMPERATURE (F)
 TODAY
  MAXIMUM         78    259 PM  95    1978  78      0       92
                                      1931
                                      1925
  MINIMUM         49    541 AM  38    1991  53     -4       70
  AVERAGE         64                        66     -2       81

PRECIPITATION (IN)
  TODAY            0.00          2.15 1880   0.09  -0.09     0.10
  MONTH TO DATE    4.97                      1.85   3.12     0.88
  SINCE SEP 1      4.97                      1.85   3.12     0.88
  SINCE JAN 1     37.30                     27.50   9.80    31.55

SNOWFALL (IN)
  TODAY            0.0           0.0    MM   0.0    0.0      0.0
  MONTH TO DATE    0.0                       0.0    0.0      0.0
  SINCE SEP 1      0.0                       0.0    0.0      0.0
  SINCE JUL 1      0.0                       0.0    0.0      0.0
  SNOW DEPTH       0

DEGREE DAYS
 HEATING
  TODAY            1                         3     -2        0
  MONTH TO DATE   69                        26     43       13
  SINCE SEP 1     69                        26     43       13
  SINCE JUL 1     72                        31     41       24

 COOLING
  TODAY            0                         3     -3       16
  MONTH TO DATE   78                       101    -23      142
  SINCE SEP 1     78                       101    -23      142
  SINCE JAN 1   1111                      1071     40     1082
..................................................................


WIND (MPH)
  HIGHEST WIND SPEED    15   HIGHEST WIND DIRECTION    SE (130)
  HIGHEST GUST SPEED    20   HIGHEST GUST DIRECTION    SE (150)
  AVERAGE WIND SPEED     5.8


SKY COVER
  POSSIBLE SUNSHINE  MM
  AVERAGE SKY COVER 0.0


WEATHER CONDITIONS
 THE FOLLOWING WEATHER WAS RECORDED TODAY.
  NO SIGNIFICANT WEATHER WAS OBSERVED.


RELATIVE HUMIDITY (PERCENT)
 HIGHEST    93           300 AM
 LOWEST     43           300 PM
 AVERAGE    68

..........................................................


THE SPRINGFIELD IL CLIMATE NORMALS FOR TOMORROW
                         NORMAL    RECORD    YEAR
 MAXIMUM TEMPERATURE (F)   77        96      1931
 MINIMUM TEMPERATURE (F)   53        34      1991


SUNRISE AND SUNSET
SEPTEMBER 19 2014.....SUNRISE   643 AM CDT   SUNSET   701 PM CDT
SEPTEMBER 20 2014.....SUNRISE   644 AM CDT   SUNSET   659 PM CDT


-  INDICATES NEGATIVE NUMBERS.
R  INDICATES RECORD WAS SET OR TIED.
MM INDICATES DATA IS MISSING.
T  INDICATES TRACE AMOUNT.




$$
