000
CDUS44 KOUN 200629
CLISPS

OUNCLISPS 000
TTAA00 KOUN 200627


CLIMATE REPORT
NATIONAL WEATHER SERVICE NORMAN OK
127 AM CDT SUN AUG 20 2017


...................................

...THE WICHITA FALLS CLIMATE SUMMARY FOR AUGUST 19 2017...

CLIMATE NORMAL PERIOD 1981 TO 2010
CLIMATE RECORD PERIOD 1897 TO 2017


WEATHER ITEM   OBSERVED TIME   RECORD YEAR NORMAL DEPARTURE LAST
                VALUE   (LST)  VALUE       VALUE  FROM      YEAR
                                                  NORMAL
..................................................................
TEMPERATURE (F)
 YESTERDAY
  MAXIMUM         98    252 PM 108    2011  97      1       77
  MINIMUM         72    625 AM  59    1950  71      1       67
  AVERAGE         85                        84      1       72

PRECIPITATION (IN)
  YESTERDAY        0.00          3.27 2008   0.08  -0.08     0.05
  MONTH TO DATE    3.70                      1.45   2.25     0.50
  SINCE JUN 1      9.30                      7.19   2.11     5.61
  SINCE JAN 1     19.62                     18.68   0.94    22.10

SNOWFALL (IN)
  YESTERDAY        0.0

DEGREE DAYS
 HEATING
  YESTERDAY        0                         0      0        0
  MONTH TO DATE    0                         0      0        0
  SINCE JUN 1      0                         1     -1        0
  SINCE JUL 1      0                         0      0        0

 COOLING
  YESTERDAY       20                        19      1        7
  MONTH TO DATE  318                       376    -58      373
  SINCE JUN 1   1334                      1413    -79     1482
  SINCE JAN 1   1683                      1732    -49     1735
..................................................................


WIND (MPH)
  HIGHEST WIND SPEED    29   HIGHEST WIND DIRECTION     S (180)
  HIGHEST GUST SPEED    38   HIGHEST GUST DIRECTION     S (160)
  AVERAGE WIND SPEED     7.8


SKY COVER
  AVERAGE SKY COVER 0.0


WEATHER CONDITIONS
 THE FOLLOWING WEATHER WAS RECORDED YESTERDAY.
  THUNDERSTORM


RELATIVE HUMIDITY (PERCENT)
 HIGHEST    94           100 AM
 LOWEST     39           300 PM
 AVERAGE    67

..........................................................


THE WICHITA FALLS CLIMATE NORMALS FOR TODAY
                         NORMAL    RECORD    YEAR
 MAXIMUM TEMPERATURE (F)   96       107      2011
 MINIMUM TEMPERATURE (F)   71        56      2015


SUNRISE AND SUNSET
AUGUST 20 2017........SUNRISE   659 AM CDT   SUNSET   815 PM CDT
AUGUST 21 2017........SUNRISE   700 AM CDT   SUNSET   813 PM CDT


-  INDICATES NEGATIVE NUMBERS.
R  INDICATES RECORD WAS SET OR TIED.
MM INDICATES DATA IS MISSING.
T  INDICATES TRACE AMOUNT.




$$
