000
CDUS44 KOUN 282204
CLISPS

CLIMATE REPORT
NATIONAL WEATHER SERVICE NORMAN OK
503 PM CDT THU APR 28 2016


...................................

...THE WICHITA FALLS CLIMATE SUMMARY FOR APRIL 28 2016...
VALID TODAY AS OF 0500 PM LOCAL TIME.

CLIMATE NORMAL PERIOD 1981 TO 2010
CLIMATE RECORD PERIOD 1897 TO 2016


WEATHER ITEM   OBSERVED TIME   RECORD YEAR NORMAL DEPARTURE LAST
                VALUE   (LST)  VALUE       VALUE  FROM      YEAR
                                                  NORMAL
..................................................................
TEMPERATURE (F)
 TODAY
  MAXIMUM         82    341 PM  92    1933  79      3       64
  MINIMUM         52    605 AM  39    1979  54     -2       50
  AVERAGE         67                        66      1       57

PRECIPITATION (IN)
  TODAY            0.00          2.03 1982   0.11  -0.11      T
  MONTH TO DATE    7.30                      2.37   4.93     3.73
  SINCE JAN 1     10.35                      7.46   2.89     8.11

SNOWFALL (IN)
  TODAY            0.0                       0.0    0.0      0.0
  MONTH TO DATE    T                         0.0    0.0      0.0
  SINCE JUL 1      2.6                       3.9   -1.3      6.5
  SNOW DEPTH       0

DEGREE DAYS
 HEATING
  TODAY            0                         2     -2        8
  MONTH TO DATE   78                       139    -61       90
  SINCE JUL 1   2268                      2942   -674     2872

 COOLING
  TODAY            2                         4     -2        0
  MONTH TO DATE   40                        62    -22       63
  SINCE JAN 1     61                        84    -23       80
..................................................................


WIND (MPH)
  HIGHEST WIND SPEED    23   HIGHEST WIND DIRECTION    SE (130)
  HIGHEST GUST SPEED    31   HIGHEST GUST DIRECTION    SE (140)
  AVERAGE WIND SPEED    10.5


SKY COVER
  AVERAGE SKY COVER 0.0


WEATHER CONDITIONS
 THE FOLLOWING WEATHER WAS RECORDED TODAY.
  NO SIGNIFICANT WEATHER WAS OBSERVED.


RELATIVE HUMIDITY (PERCENT)
 HIGHEST    89           400 AM
 LOWEST     42           200 PM
 AVERAGE    66

..........................................................


THE WICHITA FALLS CLIMATE NORMALS FOR TOMORROW
                         NORMAL    RECORD    YEAR
 MAXIMUM TEMPERATURE (F)   79        98      1936
 MINIMUM TEMPERATURE (F)   54        40      1982
                                             1956


SUNRISE AND SUNSET
APRIL 28 2016.........SUNRISE   647 AM CDT   SUNSET   816 PM CDT
APRIL 29 2016.........SUNRISE   646 AM CDT   SUNSET   817 PM CDT


-  INDICATES NEGATIVE NUMBERS.
R  INDICATES RECORD WAS SET OR TIED.
MM INDICATES DATA IS MISSING.
T  INDICATES TRACE AMOUNT.

$$
