000
CDUS44 KOUN 270638
CLISPS

CLIMATE REPORT
NATIONAL WEATHER SERVICE NORMAN OK
138 AM CDT WED MAY 27 2015


...................................

...THE WICHITA FALLS CLIMATE SUMMARY FOR MAY 26 2015...

CLIMATE NORMAL PERIOD 1981 TO 2010
CLIMATE RECORD PERIOD 1897 TO 2015


WEATHER ITEM   OBSERVED TIME   RECORD YEAR NORMAL DEPARTURE LAST
                VALUE   (LST)  VALUE       VALUE  FROM      YEAR
                                                  NORMAL
..................................................................
TEMPERATURE (F)
 YESTERDAY
  MAXIMUM         82    322 PM 102    1990  86     -4       87
                                      1963
  MINIMUM         55    300 AM  51    1946  63     -8       62
  AVERAGE         69                        74     -5       75

PRECIPITATION (IN)
  YESTERDAY        0.38          3.98 1915   0.13   0.25     0.03
  MONTH TO DATE   14.53                      3.08  11.45     0.87
  SINCE JAN 1     22.64                     10.78  11.86     4.89

DEGREE DAYS
 COOLING
  YESTERDAY        4                        10     -6       10
  MONTH TO DATE  124                       174    -50      231
  SINCE JAN 1    204                       266    -62      337
..................................................................


WIND (MPH)
  HIGHEST WIND SPEED    32   HIGHEST WIND DIRECTION     S (190)
  HIGHEST GUST SPEED    41   HIGHEST GUST DIRECTION     S (180)
  AVERAGE WIND SPEED    11.6


SKY COVER
  AVERAGE SKY COVER 0.4


WEATHER CONDITIONS
 THE FOLLOWING WEATHER WAS RECORDED YESTERDAY.
  THUNDERSTORM
  HEAVY RAIN
  RAIN
  LIGHT RAIN
  HAIL
  FOG


RELATIVE HUMIDITY (PERCENT)
 HIGHEST   100          1200 AM
 LOWEST     63           600 PM
 AVERAGE    82

..........................................................


THE WICHITA FALLS CLIMATE NORMALS FOR TODAY
                         NORMAL    RECORD    YEAR
 MAXIMUM TEMPERATURE (F)   87       106      2011
                                             1927
 MINIMUM TEMPERATURE (F)   63        45      1961


SUNRISE AND SUNSET
MAY 27 2015...........SUNRISE   626 AM CDT   SUNSET   837 PM CDT
MAY 28 2015...........SUNRISE   625 AM CDT   SUNSET   837 PM CDT


-  INDICATES NEGATIVE NUMBERS.
R  INDICATES RECORD WAS SET OR TIED.
MM INDICATES DATA IS MISSING.
T  INDICATES TRACE AMOUNT.




$$
