000
CDUS44 KOUN 230638
CLISPS

CLIMATE REPORT
NATIONAL WEATHER SERVICE NORMAN OK
136 AM CDT SAT AUG 23 2014


...................................

...THE WICHITA FALLS CLIMATE SUMMARY FOR AUGUST 22 2014...

CLIMATE NORMAL PERIOD 1981 TO 2010
CLIMATE RECORD PERIOD 1897 TO 2014


WEATHER ITEM   OBSERVED TIME   RECORD YEAR NORMAL DEPARTURE LAST
                VALUE   (LST)  VALUE       VALUE  FROM      YEAR
                                                  NORMAL
..................................................................
TEMPERATURE (F)
 YESTERDAY
  MAXIMUM        104    438 PM 108    1980  96      8       98
  MINIMUM         78    632 AM  60    1949  71      7       72
  AVERAGE         91                        84      7       85

PRECIPITATION (IN)
  YESTERDAY        0.00          2.25 1950   0.08  -0.08     0.00
  MONTH TO DATE    1.12                      1.69  -0.57     1.49
  SINCE JAN 1     14.89                     18.92  -4.03    15.48

DEGREE DAYS
 COOLING
  YESTERDAY       26                        18      8       20
  MONTH TO DATE  420                       432    -12      427
  SINCE JAN 1   1810                      1788     22     1873
..................................................................


WIND (MPH)
  HIGHEST WIND SPEED    24   HIGHEST WIND DIRECTION    SW (210)
  HIGHEST GUST SPEED    30   HIGHEST GUST DIRECTION     S (190)
  AVERAGE WIND SPEED    14.9


SKY COVER
  AVERAGE SKY COVER 0.0


WEATHER CONDITIONS
 THE FOLLOWING WEATHER WAS RECORDED YESTERDAY.
  NO SIGNIFICANT WEATHER WAS OBSERVED.


RELATIVE HUMIDITY (PERCENT)
 HIGHEST    71           700 AM
 LOWEST     16           500 PM
 AVERAGE    44

..........................................................


THE WICHITA FALLS CLIMATE NORMALS FOR TODAY
                         NORMAL    RECORD    YEAR
 MAXIMUM TEMPERATURE (F)   96       108      2011
 MINIMUM TEMPERATURE (F)   71        59      1961


SUNRISE AND SUNSET
AUGUST 23 2014........SUNRISE   701 AM CDT   SUNSET   811 PM CDT
AUGUST 24 2014........SUNRISE   702 AM CDT   SUNSET   810 PM CDT


-  INDICATES NEGATIVE NUMBERS.
R  INDICATES RECORD WAS SET OR TIED.
MM INDICATES DATA IS MISSING.
T  INDICATES TRACE AMOUNT.

$$
