000
CDUS44 KOUN 030639
CLISPS

CLIMATE REPORT
NATIONAL WEATHER SERVICE NORMAN OK
136 AM CDT FRI JUL 3 2015


...................................

...THE WICHITA FALLS CLIMATE SUMMARY FOR JULY 2 2015...

CLIMATE NORMAL PERIOD 1981 TO 2010
CLIMATE RECORD PERIOD 1897 TO 2015


WEATHER ITEM   OBSERVED TIME   RECORD YEAR NORMAL DEPARTURE LAST
                VALUE   (LST)  VALUE       VALUE  FROM      YEAR
                                                  NORMAL
..................................................................
TEMPERATURE (F)
 YESTERDAY
  MAXIMUM         93    355 PM 114    1980  95     -2       85
  MINIMUM         76    651 AM  60    2013  71      5       71
  AVERAGE         85                        83      2       78

PRECIPITATION (IN)
  YESTERDAY        0.00          3.10 1914   0.06  -0.06     0.06
  MONTH TO DATE    0.00                      0.12  -0.12     2.00
  SINCE JAN 1     29.30                     15.76  13.54    10.24

DEGREE DAYS
 COOLING
  YESTERDAY       20                        18      2       13
  MONTH TO DATE   39                        36      3       31
  SINCE JAN 1    731                       791    -60      921
..................................................................


WIND (MPH)
  HIGHEST WIND SPEED    22   HIGHEST WIND DIRECTION     S (200)
  HIGHEST GUST SPEED    28   HIGHEST GUST DIRECTION    SW (210)
  AVERAGE WIND SPEED    13.7


SKY COVER
  AVERAGE SKY COVER 0.0


WEATHER CONDITIONS
 THE FOLLOWING WEATHER WAS RECORDED YESTERDAY.
  NO SIGNIFICANT WEATHER WAS OBSERVED.


RELATIVE HUMIDITY (PERCENT)
 HIGHEST    74           500 AM
 LOWEST     44           400 PM
 AVERAGE    59

..........................................................


THE WICHITA FALLS CLIMATE NORMALS FOR TODAY
                         NORMAL    RECORD    YEAR
 MAXIMUM TEMPERATURE (F)   95       114      1980
 MINIMUM TEMPERATURE (F)   71        57      1924


SUNRISE AND SUNSET
JULY  3 2015..........SUNRISE   627 AM CDT   SUNSET   849 PM CDT
JULY  4 2015..........SUNRISE   628 AM CDT   SUNSET   849 PM CDT


-  INDICATES NEGATIVE NUMBERS.
R  INDICATES RECORD WAS SET OR TIED.
MM INDICATES DATA IS MISSING.
T  INDICATES TRACE AMOUNT.




$$
