291
CDUS44 KOUN 100634 RRA
CLISPS

CLIMATE REPORT
NATIONAL WEATHER SERVICE NORMAN OK
1233 AM CST SAT DEC 10 2016


...................................

...THE WICHITA FALLS CLIMATE SUMMARY FOR DECEMBER 9 2016...

CLIMATE NORMAL PERIOD 1981 TO 2010
CLIMATE RECORD PERIOD 1897 TO 2016


WEATHER ITEM   OBSERVED TIME   RECORD YEAR NORMAL DEPARTURE LAST
                VALUE   (LST)  VALUE       VALUE  FROM      YEAR
                                                  NORMAL
..................................................................
TEMPERATURE (F)
 YESTERDAY
  MAXIMUM         37    539 PM  79    1929  56    -19       73
  MINIMUM         24   1243 AM  10    2005  32     -8       41
  AVERAGE         31                        44    -13       57

PRECIPITATION (IN)
  YESTERDAY        0.00          2.16 1911   0.05  -0.05     0.00
  MONTH TO DATE    0.82                      0.50   0.32     0.00
  SINCE JAN 1     37.16                     27.80   9.36    44.76

SNOWFALL (IN)
  YESTERDAY        0.0                       0.0    0.0      0.0
  MONTH TO DATE    0.0                       0.2   -0.2      0.0
  SINCE JUL 1      0.0                       0.5   -0.5      0.0
  SNOW DEPTH       0

DEGREE DAYS
 HEATING
  YESTERDAY       34                        21     13        8
  MONTH TO DATE  219                       182     37      144
  SINCE JUL 1    470                       689   -219      520
..................................................................


WIND (MPH)
  HIGHEST WIND SPEED    15   HIGHEST WIND DIRECTION    SE (150)
  HIGHEST GUST SPEED    19   HIGHEST GUST DIRECTION     S (160)
  AVERAGE WIND SPEED     7.7


SKY COVER
  AVERAGE SKY COVER 0.9


WEATHER CONDITIONS
 THE FOLLOWING WEATHER WAS RECORDED YESTERDAY.
  NO SIGNIFICANT WEATHER WAS OBSERVED.


RELATIVE HUMIDITY (PERCENT)
 HIGHEST    75           800 AM
 LOWEST     38           100 PM
 AVERAGE    57

..........................................................


THE WICHITA FALLS CLIMATE NORMALS FOR TODAY
                         NORMAL    RECORD    YEAR
 MAXIMUM TEMPERATURE (F)   55        81      1996
 MINIMUM TEMPERATURE (F)   31        12      2013
                                             1977


SUNRISE AND SUNSET
DECEMBER 10 2016......SUNRISE   729 AM CST   SUNSET   525 PM CST
DECEMBER 11 2016......SUNRISE   729 AM CST   SUNSET   525 PM CST


-  INDICATES NEGATIVE NUMBERS.
R  INDICATES RECORD WAS SET OR TIED.
MM INDICATES DATA IS MISSING.
T  INDICATES TRACE AMOUNT.




$$
