000
CDUS44 KOUN 280631 RRA
CLISPS

OUNCLISPS 000
TTAA00 KOUN 280630


CLIMATE REPORT
NATIONAL WEATHER SERVICE NORMAN OK
129 AM CDT SUN AUG 28 2016


...................................

...THE WICHITA FALLS CLIMATE SUMMARY FOR AUGUST 27 2016...

CLIMATE NORMAL PERIOD 1981 TO 2010
CLIMATE RECORD PERIOD 1897 TO 2016


WEATHER ITEM   OBSERVED TIME   RECORD YEAR NORMAL DEPARTURE LAST
                VALUE   (LST)  VALUE       VALUE  FROM      YEAR
                                                  NORMAL
..................................................................
TEMPERATURE (F)
 YESTERDAY
  MAXIMUM         95    222 PM 109    2011  95      0       98
  MINIMUM         69    453 AM  59    1962  70     -1       71
  AVERAGE         82                        82      0       85

PRECIPITATION (IN)
  YESTERDAY        0.03          0.74 1941   0.09  -0.06     0.00
  MONTH TO DATE    0.77                      2.12  -1.35     1.49
  SINCE JAN 1     22.37                     19.35   3.02    33.58

DEGREE DAYS
 COOLING
  YESTERDAY       17                        17      0       20
  MONTH TO DATE  504                       521    -17      515
  SINCE JAN 1   1866                      1877    -11     1812
..................................................................


WIND (MPH)
  HIGHEST WIND SPEED    24   HIGHEST WIND DIRECTION    SW (210)
  HIGHEST GUST SPEED    30   HIGHEST GUST DIRECTION    SW (210)
  AVERAGE WIND SPEED     7.1


SKY COVER
  AVERAGE SKY COVER 0.1


WEATHER CONDITIONS
 THE FOLLOWING WEATHER WAS RECORDED YESTERDAY.
  THUNDERSTORM
  LIGHT RAIN


RELATIVE HUMIDITY (PERCENT)
 HIGHEST    93           700 AM
 LOWEST     39           200 PM
 AVERAGE    66

..........................................................


THE WICHITA FALLS CLIMATE NORMALS FOR TODAY
                         NORMAL    RECORD    YEAR
 MAXIMUM TEMPERATURE (F)   95       110      2011
 MINIMUM TEMPERATURE (F)   70        53      1992


SUNRISE AND SUNSET
AUGUST 28 2016........SUNRISE   705 AM CDT   SUNSET   804 PM CDT
AUGUST 29 2016........SUNRISE   706 AM CDT   SUNSET   803 PM CDT


-  INDICATES NEGATIVE NUMBERS.
R  INDICATES RECORD WAS SET OR TIED.
MM INDICATES DATA IS MISSING.
T  INDICATES TRACE AMOUNT.




$$
