000
CDUS44 KOUN 130814 RRA
CLISPS

CLIMATE REPORT
NATIONAL WEATHER SERVICE NORMAN OK
211 AM CST SAT FEB 13 2016


...................................

...THE WICHITA FALLS CLIMATE SUMMARY FOR FEBRUARY 12 2016...

CLIMATE NORMAL PERIOD 1981 TO 2010
CLIMATE RECORD PERIOD 1897 TO 2016


WEATHER ITEM   OBSERVED TIME   RECORD YEAR NORMAL DEPARTURE LAST
                VALUE   (LST)  VALUE       VALUE  FROM      YEAR
                                                  NORMAL
..................................................................
TEMPERATURE (F)
 YESTERDAY
  MAXIMUM         68    437 PM  87    1962  58     10       52
                                      1951
  MINIMUM         34    552 AM  12    1958  33      1       31
  AVERAGE         51                        45      6       42

PRECIPITATION (IN)
  YESTERDAY        0.00          0.92 2013   0.06  -0.06     0.00
  MONTH TO DATE    0.01                      0.62  -0.61      T
  SINCE JAN 1      0.44                      1.76  -1.32     2.17

SNOWFALL (IN)
  YESTERDAY        0.0                       0.0    0.0      0.0
  MONTH TO DATE    0.0                       0.3   -0.3      0.0
  SINCE JUL 1      2.6                       3.0   -0.4      2.3
  SNOW DEPTH       0

DEGREE DAYS
 HEATING
  YESTERDAY       14                        20     -6       23
  MONTH TO DATE  221                       251    -30      217
  SINCE JUL 1   1790                      2161   -371     2033
..................................................................


WIND (MPH)
  HIGHEST WIND SPEED    16   HIGHEST WIND DIRECTION    NE (40)
  HIGHEST GUST SPEED    18   HIGHEST GUST DIRECTION    NE (60)
  AVERAGE WIND SPEED     7.7


SKY COVER
  AVERAGE SKY COVER 0.0


WEATHER CONDITIONS
 THE FOLLOWING WEATHER WAS RECORDED YESTERDAY.
  NO SIGNIFICANT WEATHER WAS OBSERVED.


RELATIVE HUMIDITY (PERCENT)
 HIGHEST    89           600 AM
 LOWEST     30           400 PM
 AVERAGE    60

..........................................................


THE WICHITA FALLS CLIMATE NORMALS FOR TODAY
                         NORMAL    RECORD    YEAR
 MAXIMUM TEMPERATURE (F)   58        87      1962
 MINIMUM TEMPERATURE (F)   33        10      1958


SUNRISE AND SUNSET
FEBRUARY 13 2016......SUNRISE   721 AM CST   SUNSET   616 PM CST
FEBRUARY 14 2016......SUNRISE   720 AM CST   SUNSET   617 PM CST


-  INDICATES NEGATIVE NUMBERS.
R  INDICATES RECORD WAS SET OR TIED.
MM INDICATES DATA IS MISSING.
T  INDICATES TRACE AMOUNT.




$$
