000
CDUS42 KTBW 262112
CLISRQ


CLIMATE REPORT
NATIONAL WEATHER SERVICE TAMPA BAY FL
511 PM EDT THU MAY 26 2016


...................................

...THE SARASOTA BRADENTON CLIMATE SUMMARY FOR MAY 26 2016...
VALID TODAY AS OF 0500 PM LOCAL TIME.

CLIMATE NORMAL PERIOD 1981 TO 2010
CLIMATE RECORD PERIOD 1911 TO 2016


WEATHER ITEM   OBSERVED TIME   RECORD YEAR NORMAL DEPARTURE LAST
                VALUE   (LST)  VALUE       VALUE  FROM      YEAR
                                                  NORMAL
..................................................................
TEMPERATURE (F)
 TODAY
  MAXIMUM         91    313 PM  94    2012  87      4       90
                                      1995
                                      1986
  MINIMUM         67    603 AM  55    1979  69     -2       74
  AVERAGE         79                        78      1       82

PRECIPITATION (IN)
  TODAY            0.00          3.71 1961   0.09  -0.09     0.02
  MONTH TO DATE    4.77                      1.71   3.06     4.67
  SINCE MAR 1      6.60                      8.01  -1.41     7.31
  SINCE JAN 1     12.28                     13.20  -0.92    12.19

DEGREE DAYS
 HEATING
  TODAY            0                         0      0        0
  MONTH TO DATE    0                         0      0        0
  SINCE MAR 1     14                        59    -45       13
  SINCE JUL 1    320                       477   -157      470

 COOLING
  TODAY           14                        13      1       17
  MONTH TO DATE  341                       286     55      343
  SINCE MAR 1    821                       579    242      899
  SINCE JAN 1    887                       683    204      968
..................................................................


WIND (MPH)
  RESULTANT WIND SPEED   9   RESULTANT WIND DIRECTION   E (80)
  HIGHEST WIND SPEED    18   HIGHEST WIND DIRECTION    NE (60)
  HIGHEST GUST SPEED    24   HIGHEST GUST DIRECTION    NE (50)
  AVERAGE WIND SPEED     8.8


SKY COVER
  POSSIBLE SUNSHINE  MM
  AVERAGE SKY COVER 0.1


WEATHER CONDITIONS
 THE FOLLOWING WEATHER WAS RECORDED TODAY.
  NO SIGNIFICANT WEATHER WAS OBSERVED.


RELATIVE HUMIDITY (PERCENT)
 HIGHEST    76           400 AM
 LOWEST     27           200 PM

..........................................................


THE SARASOTA BRADENTON CLIMATE NORMALS FOR TOMORROW
                         NORMAL    RECORD    YEAR
 MAXIMUM TEMPERATURE (F)   87        95      1953
 MINIMUM TEMPERATURE (F)   70        52      1979


SUNRISE AND SUNSET
MAY 26 2016...........SUNRISE   637 AM EDT   SUNSET   818 PM EDT
MAY 27 2016...........SUNRISE   636 AM EDT   SUNSET   819 PM EDT


-  INDICATES NEGATIVE NUMBERS.
R  INDICATES RECORD WAS SET OR TIED.
MM INDICATES DATA IS MISSING.
T  INDICATES TRACE AMOUNT.




$$


&&
------------------------------------------------------------------
******************** SUPPLEMENTAL DATA ***************************

...GULF WATER TEMPERATURE AT VENICE 81 DEGREES
