000
CDUS42 KTBW 240831
CLISRQ


CLIMATE REPORT
NATIONAL WEATHER SERVICE TAMPA BAY FL
430 AM EDT SUN SEP 24 2017


...................................

...THE SARASOTA BRADENTON CLIMATE SUMMARY FOR SEPTEMBER 23 2017...

CLIMATE NORMAL PERIOD 1981 TO 2010
CLIMATE RECORD PERIOD 1911 TO 2017


WEATHER ITEM   OBSERVED TIME   RECORD YEAR NORMAL DEPARTURE LAST
                VALUE   (LST)  VALUE       VALUE  FROM      YEAR
                                                  NORMAL
..................................................................
TEMPERATURE (F)
 YESTERDAY
  MAXIMUM         88    325 PM  96    1987  88      0       92
  MINIMUM         71    403 PM  62    1999  74     -3       77
                                      1913
  AVERAGE         80                        81     -1       85

PRECIPITATION (IN)
  YESTERDAY        1.28          3.40 1947   0.19   1.09     0.00
  MONTH TO DATE   10.43                      6.00   4.43     3.91
  SINCE SEP 1     10.43                      6.00   4.43     3.91
  SINCE JAN 1     59.94                     44.33  15.61    43.63

DEGREE DAYS
 HEATING
  YESTERDAY        0                         0      0        0
  MONTH TO DATE    0                         0      0        0
  SINCE SEP 1      0                         0      0        0
  SINCE JUL 1      0                         0      0        0

 COOLING
  YESTERDAY       15                        16     -1       20
  MONTH TO DATE  387                       385      2      450
  SINCE SEP 1    387                       385      2      450
  SINCE JAN 1   3046                      2682    364     3229
..................................................................


WIND (MPH)
  HIGHEST WIND SPEED    23   HIGHEST WIND DIRECTION     E (70)
  HIGHEST GUST SPEED    34   HIGHEST GUST DIRECTION     E (80)
  AVERAGE WIND SPEED     8.1


SKY COVER
  POSSIBLE SUNSHINE  MM
  AVERAGE SKY COVER 0.3


WEATHER CONDITIONS
 THE FOLLOWING WEATHER WAS RECORDED YESTERDAY.
  THUNDERSTORM
  HEAVY RAIN
  RAIN
  LIGHT RAIN
  FOG


RELATIVE HUMIDITY (PERCENT)
 HIGHEST   100          1200 AM
 LOWEST     63           300 PM

..........................................................


THE SARASOTA BRADENTON CLIMATE NORMALS FOR TODAY
                         NORMAL    RECORD    YEAR
 MAXIMUM TEMPERATURE (F)   88        95      1921
 MINIMUM TEMPERATURE (F)   73        59      1916


SUNRISE AND SUNSET
SEPTEMBER 24 2017.....SUNRISE   720 AM EDT   SUNSET   724 PM EDT
SEPTEMBER 25 2017.....SUNRISE   720 AM EDT   SUNSET   723 PM EDT


-  INDICATES NEGATIVE NUMBERS.
R  INDICATES RECORD WAS SET OR TIED.
MM INDICATES DATA IS MISSING.
T  INDICATES TRACE AMOUNT.




$$


&&
------------------------------------------------------------------
******************** SUPPLEMENTAL DATA ***************************

...GULF WATER TEMPERATURE AT VENICE 84 DEGREES
