000
CDUS42 KTBW 272223
CLISRQ


CLIMATE REPORT
NATIONAL WEATHER SERVICE TAMPA BAY FL
521 PM EST FRI FEB 27 2015


...................................

...THE SARASOTA BRADENTON CLIMATE SUMMARY FOR FEBRUARY 27 2015...
VALID TODAY AS OF 0500 PM LOCAL TIME.

CLIMATE NORMAL PERIOD 1981 TO 2010
CLIMATE RECORD PERIOD 1911 TO 2015


WEATHER ITEM   OBSERVED TIME   RECORD YEAR NORMAL DEPARTURE LAST
                VALUE   (LST)  VALUE       VALUE  FROM      YEAR
                                                  NORMAL
..................................................................
TEMPERATURE (F)
 TODAY
  MAXIMUM         62    204 PM  86    1927  74    -12       68
  MINIMUM         55    952 AM  31    1974  55      0       53
  AVERAGE         59                        64     -5       61

PRECIPITATION (IN)
  TODAY            0.00          5.17 2005   0.15  -0.15     0.05
  MONTH TO DATE    3.81                      2.55   1.26     1.52
  SINCE DEC 1      5.35                      7.57  -2.22     3.83
  SINCE JAN 1      4.88                      5.04  -0.16     3.62

DEGREE DAYS
 HEATING
  TODAY            6                         3      3        4
  MONTH TO DATE  150                        95     55       49
  SINCE DEC 1    371                       382    -11      284
  SINCE JUL 1    456                       415     41      302

 COOLING
  TODAY            0                         2     -2        0
  MONTH TO DATE   10                        50    -40       85
  SINCE DEC 1    158                       176    -18      273
  SINCE JAN 1     69                       102    -33      116
..................................................................


WIND (MPH)
  RESULTANT WIND SPEED   9   RESULTANT WIND DIRECTION  NE (40)
  HIGHEST WIND SPEED    16   HIGHEST WIND DIRECTION    NE (60)
  HIGHEST GUST SPEED    20   HIGHEST GUST DIRECTION    NE (40)
  AVERAGE WIND SPEED    10.0


SKY COVER
  POSSIBLE SUNSHINE  MM
  AVERAGE SKY COVER 1.0


WEATHER CONDITIONS
 THE FOLLOWING WEATHER WAS RECORDED TODAY.
  NO SIGNIFICANT WEATHER WAS OBSERVED.


RELATIVE HUMIDITY (PERCENT)
 HIGHEST    86           500 AM
 LOWEST     64           200 PM

..........................................................


THE SARASOTA BRADENTON CLIMATE NORMALS FOR TOMORROW
                         NORMAL    RECORD    YEAR
 MAXIMUM TEMPERATURE (F)   74        88      1997
 MINIMUM TEMPERATURE (F)   55        31      1935


SUNRISE AND SUNSET
FEBRUARY 27 2015......SUNRISE   657 AM EST   SUNSET   630 PM EST
FEBRUARY 28 2015......SUNRISE   656 AM EST   SUNSET   630 PM EST


-  INDICATES NEGATIVE NUMBERS.
R  INDICATES RECORD WAS SET OR TIED.
MM INDICATES DATA IS MISSING.
T  INDICATES TRACE AMOUNT.




$$


&&
------------------------------------------------------------------
******************** SUPPLEMENTAL DATA ***************************

...GULF WATER TEMPERATURE AT NEW PASS 63
