000
CDUS42 KTBW 302216
CLISRQ


CLIMATE REPORT
NATIONAL WEATHER SERVICE TAMPA BAY FL
513 PM EST FRI JAN 30 2015


...................................

...THE SARASOTA BRADENTON CLIMATE SUMMARY FOR JANUARY 30 2015...
VALID TODAY AS OF 0500 PM LOCAL TIME.

CLIMATE NORMAL PERIOD 1981 TO 2010
CLIMATE RECORD PERIOD 1911 TO 2015


WEATHER ITEM   OBSERVED TIME   RECORD YEAR NORMAL DEPARTURE LAST
                VALUE   (LST)  VALUE       VALUE  FROM      YEAR
                                                  NORMAL
..................................................................
TEMPERATURE (F)
 TODAY
  MAXIMUM         67    356 PM  85    2002  72     -5       55
  MINIMUM         45    709 AM  31    1978  52     -7       48
  AVERAGE         56                        62     -6       52

PRECIPITATION (IN)
  TODAY            0.00          1.27 1926   0.05  -0.05     0.21
  MONTH TO DATE    1.07                      2.43  -1.36     1.68
  SINCE DEC 1      1.54                      4.96  -3.42     1.89
  SINCE JAN 1      1.07                      2.43  -1.36     1.68

DEGREE DAYS
 HEATING
  TODAY            9                         5      4       13
  MONTH TO DATE  117                       159    -42      207
  SINCE DEC 1    216                       281    -65      231
  SINCE JUL 1    301                       314    -13      249

 COOLING
  TODAY            0                         2     -2        0
  MONTH TO DATE   59                        60     -1       31
  SINCE DEC 1    148                       134     14      188
  SINCE JAN 1     59                        60     -1       31
..................................................................


WIND (MPH)
  RESULTANT WIND SPEED   2   RESULTANT WIND DIRECTION  SW (240)
  HIGHEST WIND SPEED    10   HIGHEST WIND DIRECTION    SW (230)
  HIGHEST GUST SPEED    16   HIGHEST GUST DIRECTION     W (280)
  AVERAGE WIND SPEED     3.3


SKY COVER
  POSSIBLE SUNSHINE  MM
  AVERAGE SKY COVER 0.1


WEATHER CONDITIONS
 THE FOLLOWING WEATHER WAS RECORDED TODAY.
  FOG


RELATIVE HUMIDITY (PERCENT)
 HIGHEST   100           400 AM
 LOWEST     73          1100 AM

..........................................................


THE SARASOTA BRADENTON CLIMATE NORMALS FOR TOMORROW
                         NORMAL    RECORD    YEAR
 MAXIMUM TEMPERATURE (F)   72        85      2002
 MINIMUM TEMPERATURE (F)   52        26      1966


SUNRISE AND SUNSET
JANUARY 30 2015.......SUNRISE   717 AM EST   SUNSET   610 PM EST
JANUARY 31 2015.......SUNRISE   717 AM EST   SUNSET   611 PM EST


-  INDICATES NEGATIVE NUMBERS.
R  INDICATES RECORD WAS SET OR TIED.
MM INDICATES DATA IS MISSING.
T  INDICATES TRACE AMOUNT.




$$


&&
------------------------------------------------------------------
******************** SUPPLEMENTAL DATA ***************************

...GULF WATER TEMPERATURE AT NEW PASS 63
