000
CDUS42 KTBW 272118
CLISRQ


CLIMATE REPORT
NATIONAL WEATHER SERVICE TAMPA BAY FL
517 PM EDT WED MAY 27 2015


...................................

...THE SARASOTA BRADENTON CLIMATE SUMMARY FOR MAY 27 2015...
VALID TODAY AS OF 0500 PM LOCAL TIME.

CLIMATE NORMAL PERIOD 1981 TO 2010
CLIMATE RECORD PERIOD 1911 TO 2015


WEATHER ITEM   OBSERVED TIME   RECORD YEAR NORMAL DEPARTURE LAST
                VALUE   (LST)  VALUE       VALUE  FROM      YEAR
                                                  NORMAL
..................................................................
TEMPERATURE (F)
 TODAY
  MAXIMUM         91    359 PM  95    1953  87      4       86
  MINIMUM         72    528 AM  52    1979  70      2       71
  AVERAGE         82                        78      4       79

PRECIPITATION (IN)
  TODAY            0.02          0.73 1939   0.08  -0.06     0.72
  MONTH TO DATE    4.69                      1.79   2.90     6.49
  SINCE MAR 1      7.33                      8.09  -0.76    14.20
  SINCE JAN 1     12.21                     13.28  -1.07    17.82

DEGREE DAYS
 HEATING
  TODAY            0                         0      0        0
  MONTH TO DATE    0                         0      0        0
  SINCE MAR 1     13                        59    -46       37
  SINCE JUL 1    470                       477     -7      345

 COOLING
  TODAY           17                        13      4       14
  MONTH TO DATE  360                       299     61      337
  SINCE MAR 1    916                       592    324      639
  SINCE JAN 1    985                       696    289      755
..................................................................


WIND (MPH)
  RESULTANT WIND SPEED   9   RESULTANT WIND DIRECTION   E (100)
  HIGHEST WIND SPEED    15   HIGHEST WIND DIRECTION    SE (120)
  HIGHEST GUST SPEED    19   HIGHEST GUST DIRECTION     E (100)
  AVERAGE WIND SPEED     9.1


SKY COVER
  POSSIBLE SUNSHINE  MM
  AVERAGE SKY COVER 0.2


WEATHER CONDITIONS
 THE FOLLOWING WEATHER WAS RECORDED TODAY.
  LIGHT RAIN


RELATIVE HUMIDITY (PERCENT)
 HIGHEST    93           200 AM
 LOWEST     41           300 PM

..........................................................


THE SARASOTA BRADENTON CLIMATE NORMALS FOR TOMORROW
                         NORMAL    RECORD    YEAR
 MAXIMUM TEMPERATURE (F)   87        98      1953
 MINIMUM TEMPERATURE (F)   70        59      1942


SUNRISE AND SUNSET
MAY 27 2015...........SUNRISE   637 AM EDT   SUNSET   818 PM EDT
MAY 28 2015...........SUNRISE   636 AM EDT   SUNSET   819 PM EDT


-  INDICATES NEGATIVE NUMBERS.
R  INDICATES RECORD WAS SET OR TIED.
MM INDICATES DATA IS MISSING.
T  INDICATES TRACE AMOUNT.




$$
