000
CDUS42 KTBW 172212
CLISRQ


CLIMATE REPORT
NATIONAL WEATHER SERVICE TAMPA BAY FL
511 PM EST WED JAN 17 2018


...................................

...THE SARASOTA BRADENTON CLIMATE SUMMARY FOR JANUARY 17 2018...
VALID TODAY AS OF 0500 PM LOCAL TIME.

CLIMATE NORMAL PERIOD 1981 TO 2010
CLIMATE RECORD PERIOD 1911 TO 2018


WEATHER ITEM   OBSERVED TIME   RECORD YEAR NORMAL DEPARTURE LAST
                VALUE   (LST)  VALUE       VALUE  FROM      YEAR
                                                  NORMAL
..................................................................
TEMPERATURE (F)
 TODAY
  MAXIMUM         69    108 PM  84    1999  71     -2       80
                                      1989
  MINIMUM         45    752 AM  30    1992  52     -7       58
  AVERAGE         57                        61     -4       69

PRECIPITATION (IN)
  TODAY            0.00          0.85 2016   0.06  -0.06     0.00
  MONTH TO DATE    1.13                      1.69  -0.56     1.31
  SINCE DEC 1      2.20                      4.22  -2.02     2.56
  SINCE JAN 1      1.13                      1.69  -0.56     1.31

DEGREE DAYS
 HEATING
  TODAY            8                         5      3        0
  MONTH TO DATE  150                        94     56       41
  SINCE DEC 1    215                       216     -1       65
  SINCE JUL 1    228                       249    -21       76

 COOLING
  TODAY            0                         2     -2        4
  MONTH TO DATE   16                        34    -18       56
  SINCE DEC 1    125                       108     17      219
  SINCE JAN 1     16                        34    -18       56
..................................................................


WIND (MPH)
  RESULTANT WIND SPEED   5   RESULTANT WIND DIRECTION   N (350)
  HIGHEST WIND SPEED    22   HIGHEST WIND DIRECTION     N (340)
  HIGHEST GUST SPEED    29   HIGHEST GUST DIRECTION    NW (330)
  AVERAGE WIND SPEED     7.4


SKY COVER
  POSSIBLE SUNSHINE  MM
  AVERAGE SKY COVER 0.2


WEATHER CONDITIONS
 THE FOLLOWING WEATHER WAS RECORDED TODAY.
  FOG
  FOG W/VISIBILITY <= 1/4 MILE


RELATIVE HUMIDITY (PERCENT)
 HIGHEST   100           300 AM
 LOWEST     47           100 PM

..........................................................


THE SARASOTA BRADENTON CLIMATE NORMALS FOR TOMORROW
                         NORMAL    RECORD    YEAR
 MAXIMUM TEMPERATURE (F)   71        84      1990
 MINIMUM TEMPERATURE (F)   52        29      1977


SUNRISE AND SUNSET
JANUARY 17 2018.......SUNRISE   721 AM EST   SUNSET   600 PM EST
JANUARY 18 2018.......SUNRISE   721 AM EST   SUNSET   600 PM EST


-  INDICATES NEGATIVE NUMBERS.
R  INDICATES RECORD WAS SET OR TIED.
MM INDICATES DATA IS MISSING.
T  INDICATES TRACE AMOUNT.




$$


&&
------------------------------------------------------------------
******************** SUPPLEMENTAL DATA ***************************

...GULF WATER TEMPERATURE AT VENICE 61 DEGREES
