000
CDUS42 KTBW 300844
CLISRQ


CLIMATE REPORT
NATIONAL WEATHER SERVICE TAMPA BAY FL
441 AM EDT SAT APR 30 2016


...................................

...THE SARASOTA BRADENTON CLIMATE SUMMARY FOR APRIL 29 2016...

CLIMATE NORMAL PERIOD 1981 TO 2010
CLIMATE RECORD PERIOD 1911 TO 2016


WEATHER ITEM   OBSERVED TIME   RECORD YEAR NORMAL DEPARTURE LAST
                VALUE   (LST)  VALUE       VALUE  FROM      YEAR
                                                  NORMAL
..................................................................
TEMPERATURE (F)
 YESTERDAY
  MAXIMUM         92R  1136 AM  91    1996  83      9       84
  MINIMUM         68    623 AM  41    1928  64      4       70
  AVERAGE         80                        73      7       77

PRECIPITATION (IN)
  YESTERDAY        0.00          1.50 1997   0.06  -0.06     0.11
  MONTH TO DATE    0.91                      2.38  -1.47     1.66
  SINCE MAR 1      1.83                      6.24  -4.41     2.64
  SINCE JAN 1      7.51                     11.43  -3.92     7.52

DEGREE DAYS
 HEATING
  YESTERDAY        0                         0      0        0
  MONTH TO DATE    0                         8     -8        0
  SINCE MAR 1     14                        57    -43       13
  SINCE JUL 1    320                       475   -155      470

 COOLING
  YESTERDAY       15                         8      7       12
  MONTH TO DATE  262                       185     77      326
  SINCE MAR 1    465                       285    180      548
  SINCE JAN 1    531                       389    142      617
..................................................................


WIND (MPH)
  HIGHEST WIND SPEED    15   HIGHEST WIND DIRECTION     W (280)
  HIGHEST GUST SPEED    18   HIGHEST GUST DIRECTION     W (260)
  AVERAGE WIND SPEED     6.4


SKY COVER
  POSSIBLE SUNSHINE  MM
  AVERAGE SKY COVER 0.1


WEATHER CONDITIONS
 THE FOLLOWING WEATHER WAS RECORDED YESTERDAY.
  NO SIGNIFICANT WEATHER WAS OBSERVED.


RELATIVE HUMIDITY (PERCENT)
 HIGHEST    90           400 AM
 LOWEST     38          1200 PM

..........................................................


THE SARASOTA BRADENTON CLIMATE NORMALS FOR TODAY
                         NORMAL    RECORD    YEAR
 MAXIMUM TEMPERATURE (F)   83        93      1970
 MINIMUM TEMPERATURE (F)   64        46      1916


SUNRISE AND SUNSET
APRIL 30 2016.........SUNRISE   652 AM EDT   SUNSET   803 PM EDT
MAY  1 2016...........SUNRISE   651 AM EDT   SUNSET   804 PM EDT


-  INDICATES NEGATIVE NUMBERS.
R  INDICATES RECORD WAS SET OR TIED.
MM INDICATES DATA IS MISSING.
T  INDICATES TRACE AMOUNT.




$$


&&
------------------------------------------------------------------
******************** SUPPLEMENTAL DATA ***************************

...GULF WATER TEMPERATURE AT VENICE 81 DEGREES
