000
CDUS42 KJAX 230528
CLISSI


CLIMATE REPORT
NATIONAL WEATHER SERVICE JACKSONVILLE FL
127 AM EDT SUN APR 23 2017


...................................

...THE ST SIMONS ISLAND CLIMATE SUMMARY FOR APRIL 22 2017...

CLIMATE NORMAL PERIOD 1981 TO 2010
CLIMATE RECORD PERIOD 1948 TO 2017


WEATHER ITEM   OBSERVED TIME   RECORD YEAR NORMAL DEPARTURE LAST
                VALUE   (LST)  VALUE       VALUE  FROM      YEAR
                                                  NORMAL
..................................................................
TEMPERATURE (F)
 YESTERDAY
  MAXIMUM         81   1038 AM  90    2002  76      5       78
  MINIMUM         70    602 AM  43    1962  60     10       65
  AVERAGE         76                        68      8       72

PRECIPITATION (IN)
  YESTERDAY        0.00          0.97 1994   0.08  -0.08     0.79
  MONTH TO DATE    1.51                      1.96  -0.45     2.48
  SINCE MAR 1      2.17                      5.84  -3.67     4.04
  SINCE JAN 1      8.03                     12.53  -4.50    11.18

SNOWFALL (IN)
  YESTERDAY        0.0           0.0    MM                   0.0
  MONTH TO DATE    0.0                                       0.0
  SINCE MAR 1      0.0                                       0.0
  SINCE JUL 1      0.0                                       0.0
  SNOW DEPTH       0

DEGREE DAYS
 HEATING
  YESTERDAY        0                         1     -1        0
  MONTH TO DATE   12                        49    -37       30
  SINCE MAR 1    166                       226    -60      111
  SINCE JUL 1    781                      1477   -696     1017

 COOLING
  YESTERDAY       11                         4      7        7
  MONTH TO DATE  121                        63     58       50
  SINCE MAR 1    206                        94    112      138
  SINCE JAN 1    258                       103    155      142
..................................................................


WIND (MPH)
  HIGHEST WIND SPEED    17   HIGHEST WIND DIRECTION    SE (130)
  HIGHEST GUST SPEED    23   HIGHEST GUST DIRECTION     S (160)
  AVERAGE WIND SPEED    10.6


SKY COVER
  POSSIBLE SUNSHINE  MM
  AVERAGE SKY COVER 0.1


WEATHER CONDITIONS
 THE FOLLOWING WEATHER WAS RECORDED YESTERDAY.
  NO SIGNIFICANT WEATHER WAS OBSERVED.


RELATIVE HUMIDITY (PERCENT)
 HIGHEST    90           400 AM
 LOWEST     58          1000 AM
 AVERAGE    74

..........................................................


THE ST SIMONS ISLAND CLIMATE NORMALS FOR TODAY
                         NORMAL    RECORD    YEAR
 MAXIMUM TEMPERATURE (F)   77        91      1980
 MINIMUM TEMPERATURE (F)   60        42      1993


SUNRISE AND SUNSET
APRIL 23 2017.........SUNRISE   649 AM EDT   SUNSET   759 PM EDT
APRIL 24 2017.........SUNRISE   648 AM EDT   SUNSET   800 PM EDT


-  INDICATES NEGATIVE NUMBERS.
R  INDICATES RECORD WAS SET OR TIED.
MM INDICATES DATA IS MISSING.
T  INDICATES TRACE AMOUNT.




$$
