502
CDUS42 KJAX 310531
CLISSI


CLIMATE REPORT
NATIONAL WEATHER SERVICE JACKSONVILLE FL
131 AM EDT TUE MAY 31 2016


...................................

...THE ST SIMONS ISLAND CLIMATE SUMMARY FOR MAY 30 2016...

CLIMATE NORMAL PERIOD 1981 TO 2010
CLIMATE RECORD PERIOD 1948 TO 2016


WEATHER ITEM   OBSERVED TIME   RECORD YEAR NORMAL DEPARTURE LAST
                VALUE   (LST)  VALUE       VALUE  FROM      YEAR
                                                  NORMAL
..................................................................
TEMPERATURE (F)
 YESTERDAY
  MAXIMUM         93    334 PM  95    2004  85      8       82
  MINIMUM         72    622 AM  55    1971  71      1       70
  AVERAGE         83                        78      5       76

PRECIPITATION (IN)
  YESTERDAY        0.00          1.72 1973   0.10  -0.10     1.38
  MONTH TO DATE    1.68                      1.76  -0.08     2.60
  SINCE MAR 1      5.89                      8.13  -2.24     8.40
  SINCE JAN 1     13.03                     14.82  -1.79    14.12

SNOWFALL (IN)
  YESTERDAY        0.0           0.0    MM                   0.0
  MONTH TO DATE    0.0                                       0.0
  SINCE MAR 1      0.0                                       0.0
  SINCE JUL 1      0.0                                       0.0
  SNOW DEPTH       0

DEGREE DAYS
 HEATING
  YESTERDAY        0                         0      0        0
  MONTH TO DATE    4                         2      2        1
  SINCE MAR 1    115                       235   -120      115
  SINCE JUL 1   1021                      1486   -465     1495

 COOLING
  YESTERDAY       18                        13      5       11
  MONTH TO DATE  303                       285     18      324
  SINCE MAR 1    506                       419     87      529
  SINCE JAN 1    510                       428     82      535
..................................................................


WIND (MPH)
  HIGHEST WIND SPEED    15   HIGHEST WIND DIRECTION     W (280)
  HIGHEST GUST SPEED    20   HIGHEST GUST DIRECTION     W (270)
  AVERAGE WIND SPEED     6.4


SKY COVER
  POSSIBLE SUNSHINE  MM
  AVERAGE SKY COVER 0.4


WEATHER CONDITIONS
 THE FOLLOWING WEATHER WAS RECORDED YESTERDAY.
  NO SIGNIFICANT WEATHER WAS OBSERVED.


RELATIVE HUMIDITY (PERCENT)
 HIGHEST    91          1100 PM
 LOWEST     36           400 PM
 AVERAGE    64

..........................................................


THE ST SIMONS ISLAND CLIMATE NORMALS FOR TODAY
                         NORMAL    RECORD    YEAR
 MAXIMUM TEMPERATURE (F)   85        95      2004
 MINIMUM TEMPERATURE (F)   71        52      1984


SUNRISE AND SUNSET
MAY 31 2016...........SUNRISE   622 AM EDT   SUNSET   824 PM EDT
JUNE  1 2016..........SUNRISE   622 AM EDT   SUNSET   825 PM EDT


-  INDICATES NEGATIVE NUMBERS.
R  INDICATES RECORD WAS SET OR TIED.
MM INDICATES DATA IS MISSING.
T  INDICATES TRACE AMOUNT.




$$
