000
CDUS42 KJAX 030534
CLISSI


CLIMATE REPORT
NATIONAL WEATHER SERVICE JACKSONVILLE FL
133 AM EDT MON AUG 3 2015


...................................

...THE ST SIMONS ISLAND CLIMATE SUMMARY FOR AUGUST 2 2015...

CLIMATE NORMAL PERIOD 1981 TO 2010
CLIMATE RECORD PERIOD 1948 TO 2015


WEATHER ITEM   OBSERVED TIME   RECORD YEAR NORMAL DEPARTURE LAST
                VALUE   (LST)  VALUE       VALUE  FROM      YEAR
                                                  NORMAL
..................................................................
TEMPERATURE (F)
 YESTERDAY
  MAXIMUM         84    233 PM  98    1950  90     -6       90
  MINIMUM         76    506 PM  69    1997  76      0       78
  AVERAGE         80                        83     -3       84

PRECIPITATION (IN)
  YESTERDAY        T             2.60 1990   0.16  -0.16     0.19
  MONTH TO DATE    T                         0.32  -0.32     0.19
  SINCE JUN 1     13.24                      9.24   4.00     7.65
  SINCE JAN 1     27.36                     24.16   3.20    26.14

SNOWFALL (IN)
  YESTERDAY        0.0           0.0    MM                   0.0
  MONTH TO DATE    0.0                                       0.0
  SINCE JUN 1      0.0                                       0.0
  SINCE JUL 1      0.0                                       0.0
  SNOW DEPTH       0

DEGREE DAYS
 HEATING
  YESTERDAY        0                         0      0        0
  MONTH TO DATE    0                         0      0        0
  SINCE JUN 1      0                         0      0        0
  SINCE JUL 1      0                         0      0        0

 COOLING
  YESTERDAY       15                        18     -3       19
  MONTH TO DATE   32                        36     -4       39
  SINCE JUN 1   1090                      1048     42     1045
  SINCE JAN 1   1638                      1490    148     1488
..................................................................


WIND (MPH)
  HIGHEST WIND SPEED    22   HIGHEST WIND DIRECTION     S (200)
  HIGHEST GUST SPEED    31   HIGHEST GUST DIRECTION    SW (210)
  AVERAGE WIND SPEED     7.8


SKY COVER
  POSSIBLE SUNSHINE  MM
  AVERAGE SKY COVER 0.9


WEATHER CONDITIONS
 THE FOLLOWING WEATHER WAS RECORDED YESTERDAY.
  THUNDERSTORM
  LIGHT RAIN
  FOG


RELATIVE HUMIDITY (PERCENT)
 HIGHEST    94           500 PM
 LOWEST     74          1000 AM
 AVERAGE    84

..........................................................


THE ST SIMONS ISLAND CLIMATE NORMALS FOR TODAY
                         NORMAL    RECORD    YEAR
 MAXIMUM TEMPERATURE (F)   90        98      2006
                                             1953
 MINIMUM TEMPERATURE (F)   76        70      1976


SUNRISE AND SUNSET
AUGUST  3 2015........SUNRISE   644 AM EDT   SUNSET   819 PM EDT
AUGUST  4 2015........SUNRISE   644 AM EDT   SUNSET   819 PM EDT


-  INDICATES NEGATIVE NUMBERS.
R  INDICATES RECORD WAS SET OR TIED.
MM INDICATES DATA IS MISSING.
T  INDICATES TRACE AMOUNT.




$$
