000
CDUS42 KJAX 250532
CLISSI


CLIMATE REPORT
NATIONAL WEATHER SERVICE JACKSONVILLE FL
132 AM EDT THU AUG 25 2016


...................................

...THE ST SIMONS ISLAND CLIMATE SUMMARY FOR AUGUST 24 2016...

CLIMATE NORMAL PERIOD 1981 TO 2010
CLIMATE RECORD PERIOD 1948 TO 2016


WEATHER ITEM   OBSERVED TIME   RECORD YEAR NORMAL DEPARTURE LAST
                VALUE   (LST)  VALUE       VALUE  FROM      YEAR
                                                  NORMAL
..................................................................
TEMPERATURE (F)
 YESTERDAY
  MAXIMUM         90    106 PM  97    2002  88      2       87
  MINIMUM         81   1109 PM  65    1957  75      6       73
  AVERAGE         86                        81      5       80

PRECIPITATION (IN)
  YESTERDAY        0.00          2.33 1954   0.24  -0.24      T
  MONTH TO DATE    1.41                      4.60  -3.19     2.65
  SINCE JUN 1      8.39                     13.52  -5.13    15.89
  SINCE JAN 1     21.42                     28.44  -7.02    30.01

SNOWFALL (IN)
  YESTERDAY        0.0           0.0    MM                   0.0
  MONTH TO DATE    0.0                                       0.0
  SINCE JUN 1      0.0                                       0.0
  SINCE JUL 1      0.0                                       0.0
  SNOW DEPTH       0

DEGREE DAYS
 HEATING
  YESTERDAY        0                         0      0        0
  MONTH TO DATE    0                         0      0        0
  SINCE JUN 1      0                         0      0        0
  SINCE JUL 1      0                         0      0        0

 COOLING
  YESTERDAY       21                        16      5       15
  MONTH TO DATE  465                       412     53      409
  SINCE JUN 1   1621                      1424    197     1467
  SINCE JAN 1   2145                      1866    279     2015
..................................................................


WIND (MPH)
  HIGHEST WIND SPEED    22   HIGHEST WIND DIRECTION    NE (60)
  HIGHEST GUST SPEED    30   HIGHEST GUST DIRECTION    NE (60)
  AVERAGE WIND SPEED    12.0


SKY COVER
  POSSIBLE SUNSHINE  MM
  AVERAGE SKY COVER 0.2


WEATHER CONDITIONS
 THE FOLLOWING WEATHER WAS RECORDED YESTERDAY.
  NO SIGNIFICANT WEATHER WAS OBSERVED.


RELATIVE HUMIDITY (PERCENT)
 HIGHEST    74           100 AM
 LOWEST     50          1200 PM
 AVERAGE    62

..........................................................


THE ST SIMONS ISLAND CLIMATE NORMALS FOR TODAY
                         NORMAL    RECORD    YEAR
 MAXIMUM TEMPERATURE (F)   88        97      2002
 MINIMUM TEMPERATURE (F)   75        62      1957


SUNRISE AND SUNSET
AUGUST 25 2016........SUNRISE   658 AM EDT   SUNSET   757 PM EDT
AUGUST 26 2016........SUNRISE   658 AM EDT   SUNSET   756 PM EDT


-  INDICATES NEGATIVE NUMBERS.
R  INDICATES RECORD WAS SET OR TIED.
MM INDICATES DATA IS MISSING.
T  INDICATES TRACE AMOUNT.




$$
