000
CDUS42 KJAX 230531
CLISSI


CLIMATE REPORT
NATIONAL WEATHER SERVICE JACKSONVILLE
131 AM EDT WED APR 23 2014


...................................

...THE ST SIMONS ISLAND CLIMATE SUMMARY FOR APRIL 22 2014...

CLIMATE NORMAL PERIOD 1981 TO 2010
CLIMATE RECORD PERIOD 1948 TO 2014


WEATHER ITEM   OBSERVED TIME   RECORD YEAR NORMAL DEPARTURE LAST
                VALUE   (LST)  VALUE       VALUE  FROM      YEAR
                                                  NORMAL
..................................................................
TEMPERATURE (F)
 YESTERDAY
  MAXIMUM         82    245 PM  90    2002  76      6       66
  MINIMUM         56    541 AM  43    1962  60     -4       57
  AVERAGE         69                        68      1       62

PRECIPITATION (IN)
  YESTERDAY        0.00          0.97 1994   0.08  -0.08     0.16
  MONTH TO DATE    7.92                      1.96   5.96     2.32
  SINCE MAR 1     10.46                      5.84   4.62     4.43
  SINCE JAN 1     16.94                     12.53   4.41     8.54

SNOWFALL (IN)
  YESTERDAY        0.0           0.0    MM                   0.0
  MONTH TO DATE    0.0                                       0.0
  SINCE MAR 1      0.0                                       0.0
  SINCE JUL 1      T                                         0.0
  SNOW DEPTH       0

DEGREE DAYS
 HEATING
  YESTERDAY        0                         1     -1        3
  MONTH TO DATE   37                        49    -12       33
  SINCE MAR 1    265                       226     39      346
  SINCE JUL 1   1493                      1477     16     1261

 COOLING
  YESTERDAY        4                         4      0        0
  MONTH TO DATE   48                        63    -15       73
  SINCE MAR 1     62                        94    -32       84
  SINCE JAN 1     70                       103    -33      112
..................................................................


WIND (MPH)
  HIGHEST WIND SPEED    15   HIGHEST WIND DIRECTION     N (340)
  HIGHEST GUST SPEED    20   HIGHEST GUST DIRECTION     N (350)
  AVERAGE WIND SPEED     6.7


SKY COVER
  POSSIBLE SUNSHINE  MM
  AVERAGE SKY COVER 0.2


WEATHER CONDITIONS
 THE FOLLOWING WEATHER WAS RECORDED YESTERDAY.
  LIGHT RAIN


RELATIVE HUMIDITY (PERCENT)
 HIGHEST    93           100 AM
 LOWEST     39           200 PM
 AVERAGE    66

..........................................................


THE ST SIMONS ISLAND CLIMATE NORMALS FOR TODAY
                         NORMAL    RECORD    YEAR
 MAXIMUM TEMPERATURE (F)   77        91      1980
 MINIMUM TEMPERATURE (F)   60        42      1993


SUNRISE AND SUNSET
APRIL 23 2014.........SUNRISE   649 AM EDT   SUNSET   759 PM EDT
APRIL 24 2014.........SUNRISE   648 AM EDT   SUNSET   800 PM EDT


-  INDICATES NEGATIVE NUMBERS.
R  INDICATES RECORD WAS SET OR TIED.
MM INDICATES DATA IS MISSING.
T  INDICATES TRACE AMOUNT.




$$
