000
CDUS43 KEAX 310032
CLISTJ


CLIMATE REPORT
NATIONAL WEATHER SERVICE KANSAS CITY/PLEASANT HILL MO
732 PM CDT MON MAY 30 2016


...................................

...THE ST. JOSEPH MO CLIMATE SUMMARY FOR MAY 30 2016...
VALID TODAY AS OF 0700 PM LOCAL TIME.

CLIMATE NORMAL PERIOD 1981 TO 2010
CLIMATE RECORD PERIOD 1892 TO 2016


WEATHER ITEM   OBSERVED TIME   RECORD YEAR NORMAL DEPARTURE LAST
                VALUE   (LST)  VALUE       VALUE  FROM      YEAR
                                                  NORMAL
..................................................................
TEMPERATURE (F)
 TODAY
  MAXIMUM         87    229 PM 103    1934  80      7       66
  MINIMUM         61    422 AM  43    1984  59      2       54
  AVERAGE         74                        69      5       60

PRECIPITATION (IN)
  TODAY            T             1.30 1922   0.17  -0.17     0.01
  MONTH TO DATE    5.92                      5.25   0.67     9.76
  SINCE MAR 1     13.22                     11.29   1.93    13.94
  SINCE JAN 1     14.13                     12.78   1.35    15.69

DEGREE DAYS
 HEATING
  TODAY            0                         1     -1        5
  MONTH TO DATE  126                       111     15       96
  SINCE MAR 1    901                      1141   -240      975
  SINCE JUL 1   4519                      5449   -930     5499

 COOLING
  TODAY            9                         5      4        0
  MONTH TO DATE   59                        85    -26       63
  SINCE MAR 1     78                       106    -28       68
  SINCE JAN 1     78                       106    -28       68
..................................................................


WIND (MPH)
  HIGHEST WIND SPEED    31   HIGHEST WIND DIRECTION     S (180)
  HIGHEST GUST SPEED    39   HIGHEST GUST DIRECTION     S (180)
  AVERAGE WIND SPEED     5.8


SKY COVER
  AVERAGE SKY COVER 0.1


WEATHER CONDITIONS
 THE FOLLOWING WEATHER WAS RECORDED TODAY.
  THUNDERSTORM
  LIGHT RAIN


RELATIVE HUMIDITY (PERCENT)
 HIGHEST    97           400 AM
 LOWEST     44          1200 PM
 AVERAGE    71

..........................................................


THE ST. JOSEPH MO CLIMATE NORMALS FOR TOMORROW
                         NORMAL    RECORD    YEAR
 MAXIMUM TEMPERATURE (F)   81       101      1934
 MINIMUM TEMPERATURE (F)   59        44      1972


SUNRISE AND SUNSET
MAY 30 2016...........SUNRISE   554 AM CDT   SUNSET   841 PM CDT
MAY 31 2016...........SUNRISE   554 AM CDT   SUNSET   841 PM CDT


-  INDICATES NEGATIVE NUMBERS.
R  INDICATES RECORD WAS SET OR TIED.
MM INDICATES DATA IS MISSING.
T  INDICATES TRACE AMOUNT.




$$
