000
CDUS43 KEAX 220648
CLISTJ


CLIMATE REPORT
NATIONAL WEATHER SERVICE KANSAS CITY/PLEASANT HILL MO
1247 AM CST WED NOV 22 2017


...................................

...THE ST. JOSEPH MO CLIMATE SUMMARY FOR NOVEMBER 21 2017...

CLIMATE NORMAL PERIOD 1981 TO 2010
CLIMATE RECORD PERIOD 1892 TO 2017


WEATHER ITEM   OBSERVED TIME   RECORD YEAR NORMAL DEPARTURE LAST
                VALUE   (LST)  VALUE       VALUE  FROM      YEAR
                                                  NORMAL
..................................................................
TEMPERATURE (F)
 YESTERDAY
  MAXIMUM         50   1232 AM  75    1990  50      0       53
  MINIMUM         22   1159 PM   4    1937  29     -7       25
  AVERAGE         36                        39     -3       39

PRECIPITATION (IN)
  YESTERDAY        0.00          1.10 1934   0.04  -0.04     0.00
  MONTH TO DATE    0.46                      1.19  -0.73     0.08
  SINCE SEP 1      5.61                      7.42  -1.81    10.40
  SINCE JAN 1     25.86                     33.72  -7.86    40.52

DEGREE DAYS
 HEATING
  YESTERDAY       29                        26      3       26
  MONTH TO DATE  489                       439     50      293
  SINCE SEP 1    797                       853    -56      487
  SINCE JUL 1    803                       858    -55      489

 COOLING
  YESTERDAY        0                         0      0        0
  MONTH TO DATE    0                         0      0        9
  SINCE SEP 1    227                       143     84      275
  SINCE JAN 1   1271                      1220     51     1547
..................................................................


WIND (MPH)
  HIGHEST WIND SPEED    32   HIGHEST WIND DIRECTION     N (340)
  HIGHEST GUST SPEED    39   HIGHEST GUST DIRECTION     N (340)
  AVERAGE WIND SPEED    13.6


SKY COVER
  POSSIBLE SUNSHINE  MM
  AVERAGE SKY COVER 0.1


WEATHER CONDITIONS
 THE FOLLOWING WEATHER WAS RECORDED YESTERDAY.
  NO SIGNIFICANT WEATHER WAS OBSERVED.


RELATIVE HUMIDITY (PERCENT)
 HIGHEST    82           500 AM
 LOWEST     20           100 PM
 AVERAGE    51

..........................................................


THE ST. JOSEPH MO CLIMATE NORMALS FOR TODAY
                         NORMAL    RECORD    YEAR
 MAXIMUM TEMPERATURE (F)   50        78      1966
 MINIMUM TEMPERATURE (F)   28        10      1929


SUNRISE AND SUNSET
NOVEMBER 22 2017......SUNRISE   712 AM CST   SUNSET   459 PM CST
NOVEMBER 23 2017......SUNRISE   714 AM CST   SUNSET   458 PM CST


-  INDICATES NEGATIVE NUMBERS.
R  INDICATES RECORD WAS SET OR TIED.
MM INDICATES DATA IS MISSING.
T  INDICATES TRACE AMOUNT.




$$
