000
CDUS43 KEAX 280632
CLISTJ


CLIMATE REPORT
NATIONAL WEATHER SERVICE KANSAS CITY/PLEASANT HILL MO
132 AM CDT FRI APR 28 2017


...................................

...THE ST. JOSEPH MO CLIMATE SUMMARY FOR APRIL 27 2017...

CLIMATE NORMAL PERIOD 1981 TO 2010
CLIMATE RECORD PERIOD 1892 TO 2017


WEATHER ITEM   OBSERVED TIME   RECORD YEAR NORMAL DEPARTURE LAST
                VALUE   (LST)  VALUE       VALUE  FROM      YEAR
                                                  NORMAL
..................................................................
TEMPERATURE (F)
 YESTERDAY
  MAXIMUM         64    337 PM  93    1989  69     -5       69
  MINIMUM         42    644 AM  30    1967  46     -4       49
  AVERAGE         53                        58     -5       59

PRECIPITATION (IN)
  YESTERDAY        0.08          1.38 1986   0.17  -0.09     1.10
  MONTH TO DATE    2.68                      3.24  -0.56     5.52
  SINCE MAR 1      5.25                      5.49  -0.24     6.39
  SINCE JAN 1      6.27                      6.98  -0.71     7.30

DEGREE DAYS
 HEATING
  YESTERDAY       12                         8      4        6
  MONTH TO DATE  228                       322    -94      238
  SINCE MAR 1    795                      1007   -212      741
  SINCE JUL 1   4092                      5315  -1223     4359

 COOLING
  YESTERDAY        0                         1     -1        0
  MONTH TO DATE   14                        20     -6       17
  SINCE MAR 1     18                        22     -4       19
  SINCE JAN 1     18                        22     -4       19
..................................................................


WIND (MPH)
  HIGHEST WIND SPEED    20   HIGHEST WIND DIRECTION    NW (310)
  HIGHEST GUST SPEED    24   HIGHEST GUST DIRECTION    SW (210)
  AVERAGE WIND SPEED     7.8


SKY COVER
  POSSIBLE SUNSHINE  MM
  AVERAGE SKY COVER 0.6


WEATHER CONDITIONS
 THE FOLLOWING WEATHER WAS RECORDED YESTERDAY.
  LIGHT RAIN


RELATIVE HUMIDITY (PERCENT)
 HIGHEST    89           800 PM
 LOWEST     39           200 PM
 AVERAGE    64

..........................................................


THE ST. JOSEPH MO CLIMATE NORMALS FOR TODAY
                         NORMAL    RECORD    YEAR
 MAXIMUM TEMPERATURE (F)   69        96      1970
 MINIMUM TEMPERATURE (F)   47        28      1965


SUNRISE AND SUNSET
APRIL 28 2017.........SUNRISE   624 AM CDT   SUNSET   811 PM CDT
APRIL 29 2017.........SUNRISE   622 AM CDT   SUNSET   812 PM CDT


-  INDICATES NEGATIVE NUMBERS.
R  INDICATES RECORD WAS SET OR TIED.
MM INDICATES DATA IS MISSING.
T  INDICATES TRACE AMOUNT.




$$
