000
CDUS43 KEAX 250633
CLISTJ


CLIMATE REPORT
NATIONAL WEATHER SERVICE KANSAS CITY/PLEASANT HILL MO
132 AM CDT SUN JUN 25 2017


...................................

...THE ST. JOSEPH MO CLIMATE SUMMARY FOR JUNE 24 2017...

CLIMATE NORMAL PERIOD 1981 TO 2010
CLIMATE RECORD PERIOD 1892 TO 2017


WEATHER ITEM   OBSERVED TIME   RECORD YEAR NORMAL DEPARTURE LAST
                VALUE   (LST)  VALUE       VALUE  FROM      YEAR
                                                  NORMAL
..................................................................
TEMPERATURE (F)
 YESTERDAY
  MAXIMUM         81    412 PM 103    1937  86     -5       90
  MINIMUM         51    500 AM  49    1974  65    -14       67
  AVERAGE         66                        75     -9       79

PRECIPITATION (IN)
  YESTERDAY        0.00          4.70 1955   0.13  -0.13      T
  MONTH TO DATE    1.29                      3.58  -2.29     0.37
  SINCE JUN 1      1.29                      3.58  -2.29     0.37
  SINCE JAN 1     13.37                     16.53  -3.16    14.50

DEGREE DAYS
 HEATING
  YESTERDAY        0                         0      0        0
  MONTH TO DATE    0                         6     -6        0
  SINCE JUN 1      0                         6     -6        0
  SINCE JUL 1   4260                      5456  -1196     4519

 COOLING
  YESTERDAY        1                        10     -9       14
  MONTH TO DATE  281                       201     80      342
  SINCE JUN 1    281                       201     80      342
  SINCE JAN 1    400                       314     86      425
..................................................................


WIND (MPH)
  HIGHEST WIND SPEED    18   HIGHEST WIND DIRECTION    NW (300)
  HIGHEST GUST SPEED    22   HIGHEST GUST DIRECTION     W (290)
  AVERAGE WIND SPEED     6.5


SKY COVER
  POSSIBLE SUNSHINE  MM
  AVERAGE SKY COVER 0.0


WEATHER CONDITIONS
 THE FOLLOWING WEATHER WAS RECORDED YESTERDAY.
  NO SIGNIFICANT WEATHER WAS OBSERVED.


RELATIVE HUMIDITY (PERCENT)
 HIGHEST   100           500 AM
 LOWEST     26           500 PM
 AVERAGE    63

..........................................................


THE ST. JOSEPH MO CLIMATE NORMALS FOR TODAY
                         NORMAL    RECORD    YEAR
 MAXIMUM TEMPERATURE (F)   86       103      1988
 MINIMUM TEMPERATURE (F)   66        50      1967


SUNRISE AND SUNSET
JUNE 25 2017..........SUNRISE   553 AM CDT   SUNSET   852 PM CDT
JUNE 26 2017..........SUNRISE   553 AM CDT   SUNSET   852 PM CDT


-  INDICATES NEGATIVE NUMBERS.
R  INDICATES RECORD WAS SET OR TIED.
MM INDICATES DATA IS MISSING.
T  INDICATES TRACE AMOUNT.




$$
