000
CDUS43 KEAX 210642
CLISTJ


CLIMATE REPORT
NATIONAL WEATHER SERVICE KANSAS CITY/PLEASANT HILL MO
1240 AM CST SAT JAN 21 2017


...................................

...THE ST. JOSEPH MO CLIMATE SUMMARY FOR JANUARY 20 2017...

CLIMATE NORMAL PERIOD 1981 TO 2010
CLIMATE RECORD PERIOD 1892 TO 2017


WEATHER ITEM   OBSERVED TIME   RECORD YEAR NORMAL DEPARTURE LAST
                VALUE   (LST)  VALUE       VALUE  FROM      YEAR
                                                  NORMAL
..................................................................
TEMPERATURE (F)
 YESTERDAY
  MAXIMUM         49    108 PM  64    1997  37     12       28
  MINIMUM         36   1159 PM -15    1985  18     18       19
  AVERAGE         43                        27     16       24

PRECIPITATION (IN)
  YESTERDAY        0.05          0.86 1916   0.01   0.04     0.00
  MONTH TO DATE    0.97                      0.33   0.64     0.59
  SINCE DEC 1      2.07                      1.85   0.22     2.84
  SINCE JAN 1      0.97                      0.33   0.64     0.59

DEGREE DAYS
 HEATING
  YESTERDAY       22                        38    -16       41
  MONTH TO DATE  496                       763   -267      801
  SINCE DEC 1   1641                      1865   -224     1627
  SINCE JUL 1   2316                      2976   -660     2463

 COOLING
  YESTERDAY        0                         0      0        0
  MONTH TO DATE    0                         0      0        0
  SINCE DEC 1      0                         0      0        0
  SINCE JAN 1      0                         0      0        0
..................................................................


WIND (MPH)
  HIGHEST WIND SPEED    10   HIGHEST WIND DIRECTION     E (100)
  HIGHEST GUST SPEED    14   HIGHEST GUST DIRECTION     E (110)
  AVERAGE WIND SPEED     3.2


SKY COVER
  POSSIBLE SUNSHINE  MM
  AVERAGE SKY COVER 1.0


WEATHER CONDITIONS
 THE FOLLOWING WEATHER WAS RECORDED YESTERDAY.
  LIGHT RAIN
  FOG
  FOG W/VISIBILITY <= 1/4 MILE


RELATIVE HUMIDITY (PERCENT)
 HIGHEST   100          1200 AM
 LOWEST    100          1200 AM
 AVERAGE   100

..........................................................


THE ST. JOSEPH MO CLIMATE NORMALS FOR TODAY
                         NORMAL    RECORD    YEAR
 MAXIMUM TEMPERATURE (F)   38        68      1933
 MINIMUM TEMPERATURE (F)   18       -11      1930


SUNRISE AND SUNSET
JANUARY 21 2017.......SUNRISE   736 AM CST   SUNSET   527 PM CST
JANUARY 22 2017.......SUNRISE   735 AM CST   SUNSET   528 PM CST


-  INDICATES NEGATIVE NUMBERS.
R  INDICATES RECORD WAS SET OR TIED.
MM INDICATES DATA IS MISSING.
T  INDICATES TRACE AMOUNT.




$$
