000
CDUS43 KEAX 262120
CLISTJ


CLIMATE REPORT
NATIONAL WEATHER SERVICE KANSAS CITY/PLEASANT HILL MO
420 PM CDT SUN MAR 26 2017


...................................

...THE ST. JOSEPH MO CLIMATE SUMMARY FOR MARCH 26 2017...
VALID AS OF 0400 PM LOCAL TIME.

CLIMATE NORMAL PERIOD 1981 TO 2010
CLIMATE RECORD PERIOD 1892 TO 2017


WEATHER ITEM   OBSERVED TIME   RECORD YEAR NORMAL DEPARTURE LAST
                VALUE   (LST)  VALUE       VALUE  FROM      YEAR
                                                  NORMAL
..................................................................
TEMPERATURE (F)
 TODAY
  MAXIMUM         50    252 PM  89    1991  59     -9       53
  MINIMUM         43    743 AM   7    1955  35      8       36
  AVERAGE         47                        47      0       45

PRECIPITATION (IN)
  TODAY            T             1.81 1983   0.08  -0.08     0.11
  MONTH TO DATE    0.62                      1.78  -1.16     0.87
  SINCE MAR 1      0.62                      1.78  -1.16     0.87
  SINCE JAN 1      1.64                      3.27  -1.63     1.78

DEGREE DAYS
 HEATING
  TODAY           18                        18      0       20
  MONTH TO DATE  490                       601   -111      437
  SINCE MAR 1    490                       601   -111      437
  SINCE JUL 1   3787                      4909  -1122     4055

 COOLING
  TODAY            0                         0      0        0
  MONTH TO DATE    4                         0      4        1
  SINCE MAR 1      4                         0      4        1
  SINCE JAN 1      4                         0      4        1
..................................................................


WIND (MPH)
  HIGHEST WIND SPEED    12   HIGHEST WIND DIRECTION    NW (300)
  HIGHEST GUST SPEED    21   HIGHEST GUST DIRECTION     N (20)
  AVERAGE WIND SPEED     6.6


SKY COVER
  AVERAGE SKY COVER 1.0


WEATHER CONDITIONS
 THE FOLLOWING WEATHER WAS RECORDED TODAY.
  FOG


RELATIVE HUMIDITY (PERCENT)
 HIGHEST   100           100 AM
 LOWEST     80          1200 PM
 AVERAGE    90

..........................................................


THE ST. JOSEPH MO CLIMATE NORMALS FOR TOMORROW
                         NORMAL    RECORD    YEAR
 MAXIMUM TEMPERATURE (F)   60        82      1910
 MINIMUM TEMPERATURE (F)   36        15      1913


SUNRISE AND SUNSET
MARCH 26 2017.........SUNRISE   713 AM CDT   SUNSET   738 PM CDT
MARCH 27 2017.........SUNRISE   711 AM CDT   SUNSET   739 PM CDT


-  INDICATES NEGATIVE NUMBERS.
R  INDICATES RECORD WAS SET OR TIED.
MM INDICATES DATA IS MISSING.
T  INDICATES TRACE AMOUNT.




$$
