000
CDUS43 KEAX 180631
CLISTJ


CLIMATE REPORT
NATIONAL WEATHER SERVICE KANSAS CITY/PLEASANT HILL MO
131 AM CDT FRI AUG 18 2017


...................................

...THE ST. JOSEPH MO CLIMATE SUMMARY FOR AUGUST 17 2017...

CLIMATE NORMAL PERIOD 1981 TO 2010
CLIMATE RECORD PERIOD 1892 TO 2017


WEATHER ITEM   OBSERVED TIME   RECORD YEAR NORMAL DEPARTURE LAST
                VALUE   (LST)  VALUE       VALUE  FROM      YEAR
                                                  NORMAL
..................................................................
TEMPERATURE (F)
 YESTERDAY
  MAXIMUM         84    342 PM 108    1936  87     -3       90
  MINIMUM         59   1149 PM  44    2012  65     -6       68
  AVERAGE         72                        76     -4       79

PRECIPITATION (IN)
  YESTERDAY        0.00          3.04 1960   0.14  -0.14     0.00
  MONTH TO DATE    0.52                      2.03  -1.51     1.58
  SINCE JUN 1      5.01                     11.40  -6.39    10.83
  SINCE JAN 1     17.09                     24.35  -7.26    24.96

DEGREE DAYS
 HEATING
  YESTERDAY        0                         0      0        0
  MONTH TO DATE    6                         0      6        0
  SINCE JUN 1     10                         9      1        2
  SINCE JUL 1      6                         1      5        2

 COOLING
  YESTERDAY        7                        11     -4       14
  MONTH TO DATE  101                       197    -96      218
  SINCE JUN 1    842                       838      4     1060
  SINCE JAN 1    961                       951     10     1143
..................................................................


WIND (MPH)
  HIGHEST WIND SPEED    20   HIGHEST WIND DIRECTION    NW (300)
  HIGHEST GUST SPEED    26   HIGHEST GUST DIRECTION    NW (300)
  AVERAGE WIND SPEED     7.0


SKY COVER
  POSSIBLE SUNSHINE  MM
  AVERAGE SKY COVER 0.0


WEATHER CONDITIONS
 THE FOLLOWING WEATHER WAS RECORDED YESTERDAY.
  FOG
  HAZE


RELATIVE HUMIDITY (PERCENT)
 HIGHEST   100           400 AM
 LOWEST     47           400 PM
 AVERAGE    74

..........................................................


THE ST. JOSEPH MO CLIMATE NORMALS FOR TODAY
                         NORMAL    RECORD    YEAR
 MAXIMUM TEMPERATURE (F)   86       107      1936
 MINIMUM TEMPERATURE (F)   64        43      2012


SUNRISE AND SUNSET
AUGUST 18 2017........SUNRISE   635 AM CDT   SUNSET   811 PM CDT
AUGUST 19 2017........SUNRISE   636 AM CDT   SUNSET   810 PM CDT


-  INDICATES NEGATIVE NUMBERS.
R  INDICATES RECORD WAS SET OR TIED.
MM INDICATES DATA IS MISSING.
T  INDICATES TRACE AMOUNT.




$$
