000
CDUS43 KEAX 200032
CLISTJ


CLIMATE REPORT
NATIONAL WEATHER SERVICE KANSAS CITY/PLEASANT HILL MO
631 PM CST MON FEB 19 2018


...................................

...THE ST. JOSEPH MO CLIMATE SUMMARY FOR FEBRUARY 19 2018...
VALID TODAY AS OF 0600 PM LOCAL TIME.

CLIMATE NORMAL PERIOD 1981 TO 2010
CLIMATE RECORD PERIOD 1892 TO 2018


WEATHER ITEM   OBSERVED TIME   RECORD YEAR NORMAL DEPARTURE LAST
                VALUE   (LST)  VALUE       VALUE  FROM      YEAR
                                                  NORMAL
..................................................................
TEMPERATURE (F)
 TODAY
  MAXIMUM         61    746 AM  76    1930  43     18       74
  MINIMUM         29    559 PM -10    2015  23      6       34
                                      1978
  AVERAGE         45                        33     12       54

PRECIPITATION (IN)
  TODAY            0.07          1.35 1954   0.03   0.04     0.00
  MONTH TO DATE    0.09                      0.59  -0.50      T
  SINCE DEC 1      1.00                      2.67  -1.67     2.07
  SINCE JAN 1      0.86                      1.15  -0.29     0.97

DEGREE DAYS
 HEATING
  TODAY           20                        32    -12       11
  MONTH TO DATE  713                       651     62      499
  SINCE DEC 1   2634                      2923   -289     2456
  SINCE JUL 1   3609                      4034   -425     3131

 COOLING
  TODAY            0                         0      0        0
  MONTH TO DATE    0                         0      0        0
  SINCE DEC 1      0                         0      0        0
  SINCE JAN 1      0                         0      0        0
..................................................................


WIND (MPH)
  HIGHEST WIND SPEED    26   HIGHEST WIND DIRECTION     W (290)
  HIGHEST GUST SPEED    35   HIGHEST GUST DIRECTION     W (290)
  AVERAGE WIND SPEED    11.4


SKY COVER
  AVERAGE SKY COVER 1.0


WEATHER CONDITIONS
 THE FOLLOWING WEATHER WAS RECORDED TODAY.
  FOG


RELATIVE HUMIDITY (PERCENT)
 HIGHEST   100           300 AM
 LOWEST     89          1200 AM
 AVERAGE    95

..........................................................


THE ST. JOSEPH MO CLIMATE NORMALS FOR TOMORROW
                         NORMAL    RECORD    YEAR
 MAXIMUM TEMPERATURE (F)   44        76      2016
 MINIMUM TEMPERATURE (F)   23        -1      1918


SUNRISE AND SUNSET
FEBRUARY 19 2018......SUNRISE   707 AM CST   SUNSET   601 PM CST
FEBRUARY 20 2018......SUNRISE   705 AM CST   SUNSET   602 PM CST


-  INDICATES NEGATIVE NUMBERS.
R  INDICATES RECORD WAS SET OR TIED.
MM INDICATES DATA IS MISSING.
T  INDICATES TRACE AMOUNT.




$$
