000
CDUS43 KEAX 010636
CLISTJ


CLIMATE REPORT
NATIONAL WEATHER SERVICE KANSAS CITY/PLEASANT HILL MO
135 AM CDT SUN MAY 1 2016


...................................

...THE ST. JOSEPH MO CLIMATE SUMMARY FOR APRIL 30 2016...

CLIMATE NORMAL PERIOD 1981 TO 2010
CLIMATE RECORD PERIOD 1892 TO 2016


WEATHER ITEM   OBSERVED TIME   RECORD YEAR NORMAL DEPARTURE LAST
                VALUE   (LST)  VALUE       VALUE  FROM      YEAR
                                                  NORMAL
..................................................................
TEMPERATURE (F)
 YESTERDAY
  MAXIMUM         65    534 PM  90    1967  70     -5       76
  MINIMUM         50   1203 AM  33    1960  47      3       41
  AVERAGE         58                        59     -1       59

PRECIPITATION (IN)
  YESTERDAY        0.39          2.13 1951   0.18   0.21     0.00
  MONTH TO DATE    6.43                      3.79   2.64     2.85
  SINCE MAR 1      7.30                      6.04   1.26     4.18
  SINCE JAN 1      8.21                      7.53   0.68     5.93

DEGREE DAYS
 HEATING
  YESTERDAY        7                         7      0        6
  MONTH TO DATE  272                       344    -72      272
  SINCE MAR 1    775                      1030   -255      879
  SINCE JUL 1   4393                      5338   -945     5403

 COOLING
  YESTERDAY        0                         1     -1        0
  MONTH TO DATE   17                        19     -2        4
  SINCE MAR 1     19                        21     -2        5
  SINCE JAN 1     19                        21     -2        5
..................................................................


WIND (MPH)
  HIGHEST WIND SPEED    21   HIGHEST WIND DIRECTION     E (90)
  HIGHEST GUST SPEED    30   HIGHEST GUST DIRECTION     E (80)
  AVERAGE WIND SPEED     9.6


SKY COVER
  POSSIBLE SUNSHINE  MM
  AVERAGE SKY COVER 0.8


WEATHER CONDITIONS
 THE FOLLOWING WEATHER WAS RECORDED YESTERDAY.
  THUNDERSTORM
  HEAVY RAIN
  RAIN
  LIGHT RAIN
  FOG


RELATIVE HUMIDITY (PERCENT)
 HIGHEST    96           400 AM
 LOWEST     52           500 PM
 AVERAGE    74

..........................................................


THE ST. JOSEPH MO CLIMATE NORMALS FOR TODAY
                         NORMAL    RECORD    YEAR
 MAXIMUM TEMPERATURE (F)   70        92      1987
 MINIMUM TEMPERATURE (F)   48        31      1963


SUNRISE AND SUNSET
MAY  1 2016...........SUNRISE   620 AM CDT   SUNSET   814 PM CDT
MAY  2 2016...........SUNRISE   618 AM CDT   SUNSET   815 PM CDT


-  INDICATES NEGATIVE NUMBERS.
R  INDICATES RECORD WAS SET OR TIED.
MM INDICATES DATA IS MISSING.
T  INDICATES TRACE AMOUNT.




$$
