000
CDUS43 KEAX 071251
CLISTJ


CLIMATE REPORT
NATIONAL WEATHER SERVICE KANSAS CITY/PLEASANT HILL MO
750 AM CDT TUE JUL 7 2015


...................................

...THE ST. JOSEPH MO CLIMATE SUMMARY FOR JULY 7 2015...
VALID AS OF 0700 AM LOCAL TIME.

CLIMATE NORMAL PERIOD 1981 TO 2010
CLIMATE RECORD PERIOD 1892 TO 2015


WEATHER ITEM   OBSERVED TIME   RECORD YEAR NORMAL DEPARTURE LAST
                VALUE   (LST)  VALUE       VALUE  FROM      YEAR
                                                  NORMAL
..................................................................
TEMPERATURE (F)
 TODAY
  MAXIMUM         67        MM 104    2012  87    -20       91
  MINIMUM         62        MM  50    1967  67     -5       66
  AVERAGE         65                        77    -12       79

PRECIPITATION (IN)
  TODAY            0.06          2.90 1909   0.15  -0.09     1.18
  MONTH TO DATE    2.38                      1.02   1.36     3.77
  SINCE JUN 1      9.28                      5.20   4.08    11.68
  SINCE JAN 1     24.97                     18.15   6.82    19.45

DEGREE DAYS
 HEATING
  TODAY            0                         0      0        0
  MONTH TO DATE    0                         0      0        4
  SINCE JUN 1      1                         8     -7        5
  SINCE JUL 1      0                         0      0        4

 COOLING
  TODAY            0                        12    -12       14
  MONTH TO DATE   55                        82    -27       55
  SINCE JUN 1    369                       349     20      334
  SINCE JAN 1    437                       462    -25      495
..................................................................


WIND (MPH)
  HIGHEST WIND SPEED    MM   HIGHEST WIND DIRECTION    MM
  HIGHEST GUST SPEED    MM   HIGHEST GUST DIRECTION    MM
  AVERAGE WIND SPEED    MM


SKY COVER
  AVERAGE SKY COVER 0.9


WEATHER CONDITIONS
 THE FOLLOWING WEATHER WAS RECORDED TODAY.
  RAIN
  LIGHT RAIN
  FOG
  HAZE


RELATIVE HUMIDITY (PERCENT)
 HIGHEST    93           100 AM
 LOWEST     78           600 AM
 AVERAGE    86

..........................................................


THE ST. JOSEPH MO CLIMATE NORMALS FOR TOMORROW
                         NORMAL    RECORD    YEAR
 MAXIMUM TEMPERATURE (F)   87       101      1990
 MINIMUM TEMPERATURE (F)   67        56      1952


SUNRISE AND SUNSET
JULY  7 2015..........SUNRISE   558 AM CDT   SUNSET   850 PM CDT
JULY  8 2015..........SUNRISE   559 AM CDT   SUNSET   850 PM CDT


-  INDICATES NEGATIVE NUMBERS.
R  INDICATES RECORD WAS SET OR TIED.
MM INDICATES DATA IS MISSING.
T  INDICATES TRACE AMOUNT.




$$
