000
CDUS43 KEAX 020633
CLISTJ


CLIMATE REPORT
NATIONAL WEATHER SERVICE KANSAS CITY/PLEASANT HILL MO
1233 AM CST FRI DEC 2 2016


...................................

...THE ST. JOSEPH MO CLIMATE SUMMARY FOR DECEMBER 1 2016...

CLIMATE NORMAL PERIOD 1981 TO 2010
CLIMATE RECORD PERIOD 1892 TO 2016


WEATHER ITEM   OBSERVED TIME   RECORD YEAR NORMAL DEPARTURE LAST
                VALUE   (LST)  VALUE       VALUE  FROM      YEAR
                                                  NORMAL
..................................................................
TEMPERATURE (F)
 YESTERDAY
  MAXIMUM         42    410 PM  73    1982  45     -3       41
  MINIMUM         23   1148 PM   5    1985  24     -1       30
  AVERAGE         33                        34     -1       36

PRECIPITATION (IN)
  YESTERDAY        0.00          0.83 1986   0.05  -0.05     0.00
  MONTH TO DATE    0.00                      0.05  -0.05     0.00
  SINCE DEC 1      0.00                      0.05  -0.05     0.00
  SINCE JAN 1     40.98                     34.13   6.85    35.95

DEGREE DAYS
 HEATING
  YESTERDAY       32                        31      1       29
  MONTH TO DATE   32                        31      1       29
  SINCE DEC 1     32                        31      1       29
  SINCE JUL 1    707                      1142   -435      865

 COOLING
  YESTERDAY        0                         0      0        0
  MONTH TO DATE    0                         0      0        0
  SINCE DEC 1      0                         0      0        0
  SINCE JAN 1   1547                      1221    326     1288
..................................................................


WIND (MPH)
  HIGHEST WIND SPEED    14   HIGHEST WIND DIRECTION     W (280)
  HIGHEST GUST SPEED    17   HIGHEST GUST DIRECTION     W (280)
  AVERAGE WIND SPEED     6.7


SKY COVER
  POSSIBLE SUNSHINE  MM
  AVERAGE SKY COVER 0.2


WEATHER CONDITIONS
 THE FOLLOWING WEATHER WAS RECORDED YESTERDAY.
  NO SIGNIFICANT WEATHER WAS OBSERVED.


RELATIVE HUMIDITY (PERCENT)
 HIGHEST    85           900 PM
 LOWEST     51           200 PM
 AVERAGE    68

..........................................................


THE ST. JOSEPH MO CLIMATE NORMALS FOR TODAY
                         NORMAL    RECORD    YEAR
 MAXIMUM TEMPERATURE (F)   44        69      1956
 MINIMUM TEMPERATURE (F)   24         3      1985


SUNRISE AND SUNSET
DECEMBER  2 2016......SUNRISE   723 AM CST   SUNSET   455 PM CST
DECEMBER  3 2016......SUNRISE   724 AM CST   SUNSET   455 PM CST


-  INDICATES NEGATIVE NUMBERS.
R  INDICATES RECORD WAS SET OR TIED.
MM INDICATES DATA IS MISSING.
T  INDICATES TRACE AMOUNT.




$$
