000
CDUS46 KMTR 050037
CLISTS


CLIMATE REPORT
NATIONAL WEATHER SERVICE SAN FRANCISCO BAY AREA
437 PM PST SUN DEC 4 2016


...................................

...THE SANTA ROSA AIRPORT CLIMATE SUMMARY FOR DECEMBER 4 2016...
VALID TODAY AS OF 0400 PM LOCAL TIME.

CLIMATE NORMAL PERIOD 1981 TO 2010
CLIMATE RECORD PERIOD 1998 TO 2016


WEATHER ITEM   OBSERVED TIME   RECORD YEAR NORMAL DEPARTURE LAST
                VALUE   (LST)  VALUE       VALUE  FROM      YEAR
                                                  NORMAL
..................................................................
TEMPERATURE (F)
 TODAY
  MAXIMUM         66R   302 PM  65    2006  58      8       61
  MINIMUM         35    728 AM  26    2013  37     -2       39
                                      2004
  AVERAGE         51                        48      3       50

PRECIPITATION (IN)
  TODAY            0.00          0.71 2012   0.16  -0.16     0.12
  MONTH TO DATE    0.00                      0.58  -0.58     0.94
  SINCE OCT 1     11.67                      7.30   4.37     2.51
  SINCE JAN 1     35.23                     29.83   5.40     8.97

DEGREE DAYS
 HEATING
  TODAY           14                                        15
  MONTH TO DATE   59                                        61
  SINCE DEC 1     59                                        61
  SINCE JUL 1    552                                       506

 COOLING
  TODAY            0                                         0
  MONTH TO DATE    0                                         0
  SINCE DEC 1      0                                         0
  SINCE JAN 1    356                                       596
..................................................................


WIND (MPH)
  RESULTANT WIND SPEED   0   RESULTANT WIND DIRECTION   N (340)
  HIGHEST WIND SPEED    18   HIGHEST WIND DIRECTION     N (340)
  HIGHEST GUST SPEED    21   HIGHEST GUST DIRECTION    NW (330)
  AVERAGE WIND SPEED     0.9


SKY COVER
  POSSIBLE SUNSHINE  MM
  AVERAGE SKY COVER 0.7


WEATHER CONDITIONS
 THE FOLLOWING WEATHER WAS RECORDED TODAY.
  FOG
  FOG W/VISIBILITY <= 1/4 MILE


RELATIVE HUMIDITY (PERCENT)
 HIGHEST   100          1200 AM
 LOWEST     55           100 PM
 AVERAGE    78

..........................................................


THE SANTA ROSA AIRPORT CLIMATE NORMALS FOR TOMORROW
                         NORMAL    RECORD    YEAR
 MAXIMUM TEMPERATURE (F)   58        69      2007
 MINIMUM TEMPERATURE (F)   37        24      2013


SUNRISE AND SUNSET
DECEMBER  4 2016......SUNRISE   713 AM PST   SUNSET   450 PM PST
DECEMBER  5 2016......SUNRISE   714 AM PST   SUNSET   450 PM PST


-  INDICATES NEGATIVE NUMBERS.
R  INDICATES RECORD WAS SET OR TIED.
MM INDICATES DATA IS MISSING.
T  INDICATES TRACE AMOUNT.




$$
