000
CDUS43 KFSD 282234
CLISUX


CLIMATE REPORT
NATIONAL WEATHER SERVICE SIOUX FALLS SD
434 PM CST FRI NOV 28 2014


...................................

...THE SIOUX CITY IA CLIMATE SUMMARY FOR NOVEMBER 28 2014...
VALID TODAY AS OF 0400 PM LOCAL TIME.

CLIMATE NORMAL PERIOD 1981 TO 2010
CLIMATE RECORD PERIOD 1889 TO 2014


WEATHER ITEM   OBSERVED TIME   RECORD YEAR NORMAL DEPARTURE LAST
                VALUE   (LST)  VALUE       VALUE  FROM      YEAR
                                                  NORMAL
..................................................................
TEMPERATURE (F)
 TODAY
  MAXIMUM         49    341 PM  63    1941  39     10       35
  MINIMUM         22    257 AM  -9    1891  19      3       13
  AVERAGE         36                        29      7       24

PRECIPITATION (IN)
  TODAY            0.00          0.55 2005   0.04  -0.04     0.00
  MONTH TO DATE    0.41                      1.23  -0.82     1.09
  SINCE SEP 1      4.33                      6.32  -1.99     6.42
  SINCE JAN 1     39.96                     26.86  13.10    26.45

SNOWFALL (IN)
  TODAY            0.0           4.0  2005   0.2   -0.2      0.0
  MONTH TO DATE    4.5                       3.9    0.6      0.9
  SINCE SEP 1      4.5                       4.9   -0.4      0.9
  SINCE JUL 1      4.5                       4.9   -0.4      0.9
  SNOW DEPTH       T

DEGREE DAYS
 HEATING
  TODAY           29                        36     -7       41
  MONTH TO DATE  949                       802    147      832
  SINCE SEP 1   1423                      1387     36     1337
  SINCE JUL 1   1429                      1402     27     1357

 COOLING
  TODAY            0                         0      0        0
  MONTH TO DATE    0                         0      0        0
  SINCE SEP 1     96                        92      4      159
  SINCE JAN 1    862                       869     -7      960
..................................................................


WIND (MPH)
  HIGHEST WIND SPEED    16   HIGHEST WIND DIRECTION    SE (150)
  HIGHEST GUST SPEED    26   HIGHEST GUST DIRECTION     S (190)
  AVERAGE WIND SPEED     9.5


SKY COVER
  POSSIBLE SUNSHINE  MM
  AVERAGE SKY COVER 0.0


WEATHER CONDITIONS
 THE FOLLOWING WEATHER WAS RECORDED TODAY.
  NO SIGNIFICANT WEATHER WAS OBSERVED.


RELATIVE HUMIDITY (PERCENT)
 HIGHEST    MM
 LOWEST     MM
 AVERAGE    MM

..........................................................


THE SIOUX CITY IA CLIMATE NORMALS FOR TOMORROW
                         NORMAL    RECORD    YEAR
 MAXIMUM TEMPERATURE (F)   38        63      1998
 MINIMUM TEMPERATURE (F)   18        -5      1896


SUNRISE AND SUNSET
NOVEMBER 28 2014......SUNRISE   732 AM CST   SUNSET   455 PM CST
NOVEMBER 29 2014......SUNRISE   733 AM CST   SUNSET   454 PM CST


-  INDICATES NEGATIVE NUMBERS.
R  INDICATES RECORD WAS SET OR TIED.
MM INDICATES DATA IS MISSING.
T  INDICATES TRACE AMOUNT.




$$
