000
CDUS43 KFSD 162231
CLISUX


CLIMATE REPORT
NATIONAL WEATHER SERVICE SIOUX FALLS SD
431 PM CST TUE JAN 16 2018


...................................

...THE SIOUX CITY IA CLIMATE SUMMARY FOR JANUARY 16 2018...
VALID TODAY AS OF 0400 PM LOCAL TIME.

CLIMATE NORMAL PERIOD 1981 TO 2010
CLIMATE RECORD PERIOD 1889 TO 2018


WEATHER ITEM   OBSERVED TIME   RECORD YEAR NORMAL DEPARTURE LAST
                VALUE   (LST)  VALUE       VALUE  FROM      YEAR
                                                  NORMAL
..................................................................
TEMPERATURE (F)
 TODAY
  MAXIMUM         10    355 PM  54    1996  30    -20       34
  MINIMUM         -5    833 AM -23    1953  10    -15       28
  AVERAGE          3                        20    -17       31

PRECIPITATION (IN)
  TODAY            T             0.49 1932   0.02  -0.02     0.24
  MONTH TO DATE    0.06                      0.32  -0.26     0.36
  SINCE DEC 1      0.45                      1.12  -0.67     1.84
  SINCE JAN 1      0.06                      0.32  -0.26     0.36

SNOWFALL (IN)
  TODAY            T             5.9  1932   0.2   -0.2      0.0
  MONTH TO DATE    0.8                       3.3   -2.5      1.0
  SINCE DEC 1      8.1                      11.1   -3.0      5.5
  SINCE JUL 1      8.1                      16.5   -8.4      6.5
  SNOW DEPTH       1

DEGREE DAYS
 HEATING
  TODAY           62                        45     17       34
  MONTH TO DATE  835                       720    115      739
  SINCE DEC 1   2113                      2036     77     1979
  SINCE JUL 1   3432                      3512    -80     2923

 COOLING
  TODAY            0                         0      0        0
  MONTH TO DATE    0                         0      0        0
  SINCE DEC 1      0                         0      0        0
  SINCE JAN 1      0                         0      0        0
..................................................................


WIND (MPH)
  HIGHEST WIND SPEED    26   HIGHEST WIND DIRECTION    NW (330)
  HIGHEST GUST SPEED    31   HIGHEST GUST DIRECTION    NW (330)
  AVERAGE WIND SPEED    16.0


SKY COVER
  POSSIBLE SUNSHINE  MM
  AVERAGE SKY COVER 0.7


WEATHER CONDITIONS
 THE FOLLOWING WEATHER WAS RECORDED TODAY.
  LIGHT SNOW
  BLOWING SNOW


RELATIVE HUMIDITY (PERCENT)
 HIGHEST    79           400 AM
 LOWEST     66           400 PM
 AVERAGE    73

..........................................................


THE SIOUX CITY IA CLIMATE NORMALS FOR TOMORROW
                         NORMAL    RECORD    YEAR
 MAXIMUM TEMPERATURE (F)   31        55      1891
 MINIMUM TEMPERATURE (F)   10       -22      1930


SUNRISE AND SUNSET
JANUARY 16 2018.......SUNRISE   752 AM CST   SUNSET   519 PM CST
JANUARY 17 2018.......SUNRISE   751 AM CST   SUNSET   521 PM CST


-  INDICATES NEGATIVE NUMBERS.
R  INDICATES RECORD WAS SET OR TIED.
MM INDICATES DATA IS MISSING.
T  INDICATES TRACE AMOUNT.




$$
