000
CDUS41 KBGM 040545
CLISYR


CLIMATE REPORT
NATIONAL WEATHER SERVICE BINGHAMTON NY
1243 AM EST WED MAR 4 2015


...................................

...THE SYRACUSE NY CLIMATE SUMMARY FOR MARCH 3 2015...

CLIMATE NORMAL PERIOD 1981 TO 2010
CLIMATE RECORD PERIOD 1902 TO 2015


WEATHER ITEM   OBSERVED TIME   RECORD YEAR NORMAL DEPARTURE LAST
                VALUE   (LST)  VALUE       VALUE  FROM      YEAR
                                                  NORMAL
..................................................................
TEMPERATURE (F)
 YESTERDAY
  MAXIMUM         33   1147 PM  63    2002  38     -5       12
  MINIMUM         -1    613 AM  -9    1950  21    -22        4
  AVERAGE         16                        30    -14        8

PRECIPITATION (IN)
  YESTERDAY        0.26          1.86 1906   0.08   0.18     0.01
  MONTH TO DATE    0.43                      0.25   0.18     0.19
  SINCE MAR 1      0.43                      0.25   0.18     0.19
  SINCE JAN 1      4.53                      4.82  -0.29     5.74

SNOWFALL (IN)
  YESTERDAY        2.4           7.9  1971   0.8    1.6      0.5
  MONTH TO DATE    4.2                       2.5    1.7      4.2
  SINCE MAR 1      4.2                       2.5    1.7      4.2
  SINCE JUL 1    110.9                     104.4    6.5    114.1
  SNOW DEPTH      28

DEGREE DAYS
 HEATING
  YESTERDAY       49                        35     14       57
  MONTH TO DATE  106                       107     -1      147
  SINCE MAR 1    106                       107     -1      147
  SINCE JUL 1   5330                      4938    392     5239

 COOLING
  YESTERDAY        0                         0      0        0
  MONTH TO DATE    0                         0      0        0
  SINCE MAR 1      0                         0      0        0
  SINCE JAN 1      0                         0      0        0
..................................................................


WIND (MPH)
  HIGHEST WIND SPEED    21   HIGHEST WIND DIRECTION     S (180)
  HIGHEST GUST SPEED    29   HIGHEST GUST DIRECTION     S (190)
  AVERAGE WIND SPEED     8.8


SKY COVER
  POSSIBLE SUNSHINE  MM
  AVERAGE SKY COVER 0.8


WEATHER CONDITIONS
 THE FOLLOWING WEATHER WAS RECORDED YESTERDAY.
  LT FREEZING RAIN
  SNOW
  LIGHT SNOW
  SLEET
  FOG
  HAZE
  BLOWING SNOW


RELATIVE HUMIDITY (PERCENT)
 HIGHEST   100           200 AM
 LOWEST     68           100 PM
 AVERAGE    84

..........................................................


THE SYRACUSE NY CLIMATE NORMALS FOR TODAY
                         NORMAL    RECORD    YEAR
 MAXIMUM TEMPERATURE (F)   39        63      1974
 MINIMUM TEMPERATURE (F)   21       -16      1950


SUNRISE AND SUNSET
MARCH  4 2015.........SUNRISE   636 AM EST   SUNSET   557 PM EST
MARCH  5 2015.........SUNRISE   634 AM EST   SUNSET   558 PM EST


-  INDICATES NEGATIVE NUMBERS.
R  INDICATES RECORD WAS SET OR TIED.
MM INDICATES DATA IS MISSING.
T  INDICATES TRACE AMOUNT.

$$
