000
CDUS41 KBGM 260532
CLISYR


CLIMATE REPORT
NATIONAL WEATHER SERVICE BINGHAMTON NY
132 AM EDT TUE JUL 26 2016


...................................

...THE SYRACUSE NY CLIMATE SUMMARY FOR JULY 25 2016...

CLIMATE NORMAL PERIOD 1981 TO 2010
CLIMATE RECORD PERIOD 1902 TO 2016


WEATHER ITEM   OBSERVED TIME   RECORD YEAR NORMAL DEPARTURE LAST
                VALUE   (LST)  VALUE       VALUE  FROM      YEAR
                                                  NORMAL
..................................................................
TEMPERATURE (F)
 YESTERDAY
  MAXIMUM         81    555 PM  95    1941  82     -1       81
  MINIMUM         64    413 AM  45    1976  61      3       57
  AVERAGE         73                        72      1       69

PRECIPITATION (IN)
  YESTERDAY        1.29R         0.82 1962   0.12   1.17     0.22
  MONTH TO DATE    2.62                      3.06  -0.44     2.48
  SINCE JUN 1      4.57                      6.37  -1.80    12.40
  SINCE JAN 1     19.13                     20.30  -1.17    24.52

SNOWFALL (IN)
  YESTERDAY        0.0           0.0  2002   0.0    0.0      0.0
                                      2000
                                      2001
  MONTH TO DATE    0.0                       0.0    0.0      0.0
  SINCE JUN 1      T                         0.0    0.0      0.0
  SINCE JUL 1      0.0                       0.0    0.0      0.0
  SNOW DEPTH       0

DEGREE DAYS
 HEATING
  YESTERDAY        0                         0      0        0
  MONTH TO DATE    0                         2     -2        5
  SINCE JUN 1     53                        63    -10       58
  SINCE JUL 1      0                         2     -2        5

 COOLING
  YESTERDAY        8                         7      1        4
  MONTH TO DATE  218                       167     51      129
  SINCE JUN 1    319                       280     39      218
  SINCE JAN 1    375                       310     65      323
..................................................................


WIND (MPH)
  HIGHEST WIND SPEED    15   HIGHEST WIND DIRECTION     W (290)
  HIGHEST GUST SPEED    20   HIGHEST GUST DIRECTION    SW (220)
  AVERAGE WIND SPEED     6.5


SKY COVER
  POSSIBLE SUNSHINE  MM
  AVERAGE SKY COVER 0.7


WEATHER CONDITIONS
 THE FOLLOWING WEATHER WAS RECORDED YESTERDAY.
  THUNDERSTORM
  HEAVY RAIN
  RAIN
  LIGHT RAIN
  FOG


RELATIVE HUMIDITY (PERCENT)
 HIGHEST   100          1000 AM
 LOWEST     69           600 PM
 AVERAGE    85

..........................................................


THE SYRACUSE NY CLIMATE NORMALS FOR TODAY
                         NORMAL    RECORD    YEAR
 MAXIMUM TEMPERATURE (F)   82        94      1939
                                             1930
 MINIMUM TEMPERATURE (F)   61        48      1984


SUNRISE AND SUNSET
JULY 26 2016..........SUNRISE   549 AM EDT   SUNSET   832 PM EDT
JULY 27 2016..........SUNRISE   550 AM EDT   SUNSET   831 PM EDT


-  INDICATES NEGATIVE NUMBERS.
R  INDICATES RECORD WAS SET OR TIED.
MM INDICATES DATA IS MISSING.
T  INDICATES TRACE AMOUNT.




$$
