000
CDUS41 KBGM 240526
CLISYR


CLIMATE REPORT
NATIONAL WEATHER SERVICE BINGHAMTON NY
1225 AM EST SAT FEB 24 2018


...................................

...THE SYRACUSE NY CLIMATE SUMMARY FOR FEBRUARY 23 2018...

CLIMATE NORMAL PERIOD 1981 TO 2010
CLIMATE RECORD PERIOD 1902 TO 2018


WEATHER ITEM   OBSERVED TIME   RECORD YEAR NORMAL DEPARTURE LAST
                VALUE   (LST)  VALUE       VALUE  FROM      YEAR
                                                  NORMAL
..................................................................
TEMPERATURE (F)
 YESTERDAY
  MAXIMUM         47   1105 PM  69    2017  36     11       69
  MINIMUM         29    541 AM  -7    1914  19     10       42
  AVERAGE         38                        28     10       56

PRECIPITATION (IN)
  YESTERDAY        0.09          0.66 1971   0.08   0.01     0.00
  MONTH TO DATE    2.55                      1.66   0.89     2.33
  SINCE DEC 1      8.02                      7.38   0.64     8.60
  SINCE JAN 1      5.68                      4.16   1.52     5.36

SNOWFALL (IN)
  YESTERDAY        0.0           5.6  2009   0.9   -0.9      0.0
  MONTH TO DATE   23.6                      21.1    2.5     32.4
  SINCE DEC 1    102.3                      87.8   14.5     78.0
  SINCE JUL 1    107.5                      97.7    9.8    103.4
  SNOW DEPTH       0

DEGREE DAYS
 HEATING
  YESTERDAY       27                        38    -11        9
  MONTH TO DATE  797                       911   -114      781
  SINCE DEC 1   3356                      3298     58     2974
  SINCE JUL 1   4553                      4647    -94     4168

 COOLING
  YESTERDAY        0                         0      0        0
  MONTH TO DATE    0                         0      0        0
  SINCE DEC 1      0                         0      0        0
  SINCE JAN 1      0                         0      0        0
..................................................................


WIND (MPH)
  HIGHEST WIND SPEED    21   HIGHEST WIND DIRECTION     S (190)
  HIGHEST GUST SPEED    26   HIGHEST GUST DIRECTION     S (200)
  AVERAGE WIND SPEED    11.5


SKY COVER
  POSSIBLE SUNSHINE  MM
  AVERAGE SKY COVER 1.0


WEATHER CONDITIONS
 THE FOLLOWING WEATHER WAS RECORDED YESTERDAY.
  LIGHT RAIN
  FOG


RELATIVE HUMIDITY (PERCENT)
 HIGHEST   100          1200 AM
 LOWEST     85          1100 AM
 AVERAGE    93

..........................................................


THE SYRACUSE NY CLIMATE NORMALS FOR TODAY
                         NORMAL    RECORD    YEAR
 MAXIMUM TEMPERATURE (F)   36        71      2017
 MINIMUM TEMPERATURE (F)   19       -18      2015


SUNRISE AND SUNSET
FEBRUARY 24 2018......SUNRISE   649 AM EST   SUNSET   547 PM EST
FEBRUARY 25 2018......SUNRISE   647 AM EST   SUNSET   549 PM EST


-  INDICATES NEGATIVE NUMBERS.
R  INDICATES RECORD WAS SET OR TIED.
MM INDICATES DATA IS MISSING.
T  INDICATES TRACE AMOUNT.




$$
