000
CDKA40 PTYA 241600
CLIT11
DAILY CLIMATE REPORT
NATIONAL WEATHER SERVICE YAP FM
2AM LST SUN SEP 25 2016
THE YAP FM CLIMATE SUMMARY FOR SEPTEMBER 24 2016
CLIMATE NORMAL PERIOD  1981  TO 2010
CLIMATE RECORD PERIOD  1951  TO 2016
WEATHER ITEM OBSERVED TIME  RECORD YEAR NORMAL DEPARTURE LAST
              VALUE   (LST) VALUE       VALUE    FROM    YEAR
                                                NORMAL
TEMPERATURE   (F)
YESTERDAY
MAXIMUM       88  1445 PM  97  2014     88      -3        87
MINIMUM       77  1445 PM  63  1999     78      -1        81
AVERAGE       81                        83      -2        84
PRECIPITATION INCHES
YESTERDAY       0.28    164.24 1996  0.45    -0.17      0.00
MONTH TO DATE   7.59                11.11    -3.52      8.47
SINCE 01 SEP    7.59                11.11    -3.52      8.47
SINCE JAN 01   54.25                86.66   -32.41     79.47
