000
CDKA40 PTYA 221600
CLIT11
DAILY CLIMATE REPORT
NATIONAL WEATHER SERVICE YAP FM
2AM LST TUE MAY 23 2017
THE YAP FM CLIMATE SUMMARY FOR MAY 22 2017
CLIMATE NORMAL PERIOD  1981  TO 2010
CLIMATE RECORD PERIOD  1951  TO 2017
WEATHER ITEM OBSERVED TIME  RECORD YEAR NORMAL DEPARTURE LAST
              VALUE   (LST) VALUE       VALUE    FROM    YEAR
                                                NORMAL
TEMPERATURE   (F)
YESTERDAY
MAXIMUM       88  1245   97  2014      89      -1       92
MINIMUM       78  2145   63  1999      79      -1       81
AVERAGE       83                       84      -1       87
PRECIPITATION INCHES
YESTERDAY       T      164.24/1996    0.30    -0.30      0.03
MONTH TO DATE   4.46                  5.79    -1.33      7.20
SINCE 01 MAR   20.00                 16.85     3.15     11.37
SINCE JAN 01   51.86                 30.14    21.72     15.37
