000
CDUS45 KPUB 181044
CLITAD


CLIMATE REPORT
NATIONAL WEATHER SERVICE PUEBLO
444 AM MDT FRI AUG 18 2017


...................................

...THE TRINIDAD CO CLIMATE SUMMARY FOR AUGUST 17 2017...

CLIMATE NORMAL PERIOD 1981 TO 2010
CLIMATE RECORD PERIOD 9999 TO 9999


WEATHER ITEM   OBSERVED TIME   NORMAL DEPARTURE LAST
                VALUE   (LST)  VALUE  FROM      YEAR
                                      NORMAL
......................................................
TEMPERATURE (F)
 YESTERDAY
  MAXIMUM         85   1204 PM  86     -1       84
  MINIMUM         53    338 AM  57     -4       60
  AVERAGE         69            72     -3       72

PRECIPITATION (IN)
  YESTERDAY        0.02          0.07  -0.05    MM
  MONTH TO DATE    1.65          1.37   0.28     0.00
  SINCE JUN 1      6.56          5.08   1.48     1.94
  SINCE JAN 1     14.97          9.60   5.37     6.17

DEGREE DAYS
 HEATING
  YESTERDAY        0             0      0        0
  MONTH TO DATE    3             0      3        0
  SINCE JUN 1     11            42    -31        4
  SINCE JUL 1      3             3      0        0

 COOLING
  YESTERDAY        4             7     -3        7
  MONTH TO DATE   76           125    -49       33
  SINCE JUN 1    589           532     57      362
  SINCE JAN 1    604           560     44      374
......................................................


WIND (MPH)
  HIGHEST WIND SPEED    22   HIGHEST WIND DIRECTION     N (20)
  HIGHEST GUST SPEED    29   HIGHEST GUST DIRECTION     N (20)
  AVERAGE WIND SPEED     8.1


SKY COVER
  POSSIBLE SUNSHINE  MM
  AVERAGE SKY COVER 0.1


WEATHER CONDITIONS
 THE FOLLOWING WEATHER WAS RECORDED YESTERDAY.
  LIGHT RAIN


RELATIVE HUMIDITY (PERCENT)
 HIGHEST    89           200 AM
 LOWEST     22          1200 PM
 AVERAGE    56

..........................................................




SUNRISE AND SUNSET
AUGUST 18 2017........SUNRISE   616 AM MDT   SUNSET   745 PM MDT
AUGUST 19 2017........SUNRISE   617 AM MDT   SUNSET   744 PM MDT


-  INDICATES NEGATIVE NUMBERS.
R  INDICATES RECORD WAS SET OR TIED.
MM INDICATES DATA IS MISSING.
T  INDICATES TRACE AMOUNT.




$$
