000
CDUS45 KPUB 241200
CLITAD


CLIMATE REPORT
NATIONAL WEATHER SERVICE PUEBLO
500 AM MST FRI FEB 24 2017


...................................

...THE TRINIDAD CO CLIMATE SUMMARY FOR FEBRUARY 23 2017...

CLIMATE NORMAL PERIOD 1981 TO 2010
CLIMATE RECORD PERIOD 9999 TO 9999


WEATHER ITEM   OBSERVED TIME   NORMAL DEPARTURE LAST
                VALUE   (LST)  VALUE  FROM      YEAR
                                      NORMAL
......................................................
TEMPERATURE (F)
 YESTERDAY
  MAXIMUM         55   1033 AM  52      3       38
  MINIMUM         23   1159 PM  22      1       21
  AVERAGE         39            37      2       30

PRECIPITATION (IN)
  YESTERDAY        0.00          0.02  -0.02     0.08
  MONTH TO DATE    0.06          0.38  -0.32     0.13
  SINCE DEC 1      1.86          1.32   0.54     0.64
  SINCE JAN 1      1.56          0.78   0.78     0.41

DEGREE DAYS
 HEATING
  YESTERDAY       26            28     -2       35
  MONTH TO DATE  432           704   -272      567
  SINCE DEC 1   2526          2753   -227     2452
  SINCE JUL 1   3292          3986   -694     3370

 COOLING
  YESTERDAY        0             0      0        0
  MONTH TO DATE    0             0      0        0
  SINCE DEC 1      0             0      0        0
  SINCE JAN 1      0             0      0        0
......................................................


WIND (MPH)
  HIGHEST WIND SPEED    45   HIGHEST WIND DIRECTION    SW (230)
  HIGHEST GUST SPEED    56   HIGHEST GUST DIRECTION    SW (240)
  AVERAGE WIND SPEED    18.7


SKY COVER
  POSSIBLE SUNSHINE  MM
  AVERAGE SKY COVER 0.1


WEATHER CONDITIONS
 THE FOLLOWING WEATHER WAS RECORDED YESTERDAY.
  NO SIGNIFICANT WEATHER WAS OBSERVED.


RELATIVE HUMIDITY (PERCENT)
 HIGHEST    75          1000 PM
 LOWEST     11           100 PM
 AVERAGE    43

..........................................................




SUNRISE AND SUNSET
FEBRUARY 24 2017......SUNRISE   635 AM MST   SUNSET   547 PM MST
FEBRUARY 25 2017......SUNRISE   633 AM MST   SUNSET   548 PM MST


-  INDICATES NEGATIVE NUMBERS.
R  INDICATES RECORD WAS SET OR TIED.
MM INDICATES DATA IS MISSING.
T  INDICATES TRACE AMOUNT.




$$
