000
CDUS45 KPUB 231043
CLITAD


CLIMATE REPORT
NATIONAL WEATHER SERVICE PUEBLO
443 AM MDT TUE MAY 23 2017


...................................

...THE TRINIDAD CO CLIMATE SUMMARY FOR MAY 22 2017...

CLIMATE NORMAL PERIOD 1981 TO 2010
CLIMATE RECORD PERIOD 9999 TO 9999


WEATHER ITEM   OBSERVED TIME   NORMAL DEPARTURE LAST
                VALUE   (LST)  VALUE  FROM      YEAR
                                      NORMAL
......................................................
TEMPERATURE (F)
 YESTERDAY
  MAXIMUM         65    439 PM  76    -11       84
  MINIMUM         39   1159 PM  46     -7       49
  AVERAGE         52            61     -9       67

PRECIPITATION (IN)
  YESTERDAY        0.30          0.06   0.24     0.00
  MONTH TO DATE    2.19          1.08   1.11     0.32
  SINCE MAR 1      6.51          3.10   3.41     3.59
  SINCE JAN 1      8.07          3.99   4.08     4.00

DEGREE DAYS
 HEATING
  YESTERDAY       13             5      8        0
  MONTH TO DATE  207           168     39      207
  SINCE MAR 1   1093          1336   -243     1331
  SINCE JUL 1   4549          5458   -909     4829

 COOLING
  YESTERDAY        0             1     -1        2
  MONTH TO DATE    9            11     -2       10
  SINCE MAR 1     12            13     -1       11
  SINCE JAN 1     12            13     -1       11
......................................................


WIND (MPH)
  HIGHEST WIND SPEED    37   HIGHEST WIND DIRECTION    NE (30)
  HIGHEST GUST SPEED    45   HIGHEST GUST DIRECTION     N (20)
  AVERAGE WIND SPEED    10.6


SKY COVER
  POSSIBLE SUNSHINE  MM
  AVERAGE SKY COVER 0.7


WEATHER CONDITIONS
 THE FOLLOWING WEATHER WAS RECORDED YESTERDAY.
  RAIN
  LIGHT RAIN
  FOG


RELATIVE HUMIDITY (PERCENT)
 HIGHEST   100           900 PM
 LOWEST     27           500 PM
 AVERAGE    64

..........................................................




SUNRISE AND SUNSET
MAY 23 2017...........SUNRISE   543 AM MDT   SUNSET   806 PM MDT
MAY 24 2017...........SUNRISE   542 AM MDT   SUNSET   807 PM MDT


-  INDICATES NEGATIVE NUMBERS.
R  INDICATES RECORD WAS SET OR TIED.
MM INDICATES DATA IS MISSING.
T  INDICATES TRACE AMOUNT.




$$
