000
CDUS44 KBMX 100854
CLITCL


CLIMATE REPORT
NATIONAL WEATHER SERVICE BIRMINGHAM, AL
253 AM CST SAT DEC 10 2016


...................................

...THE TUSCALOOSA CLIMATE SUMMARY FOR DECEMBER 9 2016...

CLIMATE NORMAL PERIOD 1981 TO 2010
CLIMATE RECORD PERIOD 1948 TO 2016


WEATHER ITEM   OBSERVED TIME   RECORD YEAR NORMAL DEPARTURE LAST
                VALUE   (LST)  VALUE       VALUE  FROM      YEAR
                                                  NORMAL
..................................................................
TEMPERATURE (F)
 YESTERDAY
  MAXIMUM         44    336 PM  76    1972  59    -15       67
  MINIMUM         26   1135 PM  17    2006  37    -11       38
  AVERAGE         35                        48    -13       53

PRECIPITATION (IN)
  YESTERDAY        0.00          1.59 1966   0.17  -0.17     0.00
  MONTH TO DATE    1.85                      1.58   0.27     2.33
  SINCE DEC 1      1.85                      1.58   0.27     2.33
  SINCE JAN 1     36.45                     49.56 -13.11    47.02

SNOWFALL (IN)
  YESTERDAY        0.0                       0.0    0.0
  MONTH TO DATE    0.0                       0.0    0.0
  SINCE DEC 1      0.0                       0.0    0.0
  SINCE JUL 1      0.0                       0.0    0.0

DEGREE DAYS
 HEATING
  YESTERDAY       30                        17     13
  MONTH TO DATE  158                       145     13
  SINCE DEC 1    158                       145     13
  SINCE JUL 1    417                       582   -165
..................................................................


WIND (MPH)
  HIGHEST WIND SPEED    16   HIGHEST WIND DIRECTION     N (350)
  HIGHEST GUST SPEED    21   HIGHEST GUST DIRECTION    NE (30)
  AVERAGE WIND SPEED     6.9


SKY COVER
  AVERAGE SKY COVER 0.0


WEATHER CONDITIONS
 THE FOLLOWING WEATHER WAS RECORDED YESTERDAY.
  NO SIGNIFICANT WEATHER WAS OBSERVED.


RELATIVE HUMIDITY (PERCENT)
 HIGHEST    69          1100 PM
 LOWEST     31           300 PM
 AVERAGE    50

..........................................................


THE TUSCALOOSA CLIMATE NORMALS FOR TODAY
                         NORMAL    RECORD    YEAR
 MAXIMUM TEMPERATURE (F)   59        80      2007
 MINIMUM TEMPERATURE (F)   37        15      1995


SUNRISE AND SUNSET
DECEMBER 10 2016......SUNRISE   643 AM CST   SUNSET   444 PM CST
DECEMBER 11 2016......SUNRISE   644 AM CST   SUNSET   444 PM CST


-  INDICATES NEGATIVE NUMBERS.
R  INDICATES RECORD WAS SET OR TIED.
MM INDICATES DATA IS MISSING.
T  INDICATES TRACE AMOUNT.




$$
