000
CDUS44 KBMX 300735
CLITCL


CLIMATE REPORT
NATIONAL WEATHER SERVICE BIRMINGHAM, AL
234 AM CDT SUN APR 30 2017


...................................

...THE TUSCALOOSA CLIMATE SUMMARY FOR APRIL 29 2017...

CLIMATE NORMAL PERIOD 1981 TO 2010
CLIMATE RECORD PERIOD 1948 TO 2017


WEATHER ITEM   OBSERVED TIME   RECORD YEAR NORMAL DEPARTURE LAST
                VALUE   (LST)  VALUE       VALUE  FROM      YEAR
                                                  NORMAL
..................................................................
TEMPERATURE (F)
 YESTERDAY
  MAXIMUM         87    404 PM  90    1952  79      8       87
  MINIMUM         72    600 AM  38    1992  55     17       60
  AVERAGE         80                        67     13       74

PRECIPITATION (IN)
  YESTERDAY        0.00          2.65 1953   0.14  -0.14     0.53
  MONTH TO DATE    6.89                      4.08   2.81     3.92
  SINCE MAR 1     10.61                      8.62   1.99    10.11
  SINCE JAN 1     21.82                     19.29   2.53    19.71

SNOWFALL (IN)
  YESTERDAY        0.0                       0.0    0.0
  MONTH TO DATE    0.0                       0.0    0.0
  SINCE MAR 1      0.0                       0.3   -0.3
  SINCE JUL 1      0.0                       0.7   -0.7

DEGREE DAYS
 HEATING
  YESTERDAY        0                         2     -2
  MONTH TO DATE   41                       118    -77
  SINCE MAR 1    277                       412   -135
  SINCE JUL 1   1580                      2502   -922
..................................................................


WIND (MPH)
  HIGHEST WIND SPEED    21   HIGHEST WIND DIRECTION     S (180)
  HIGHEST GUST SPEED    27   HIGHEST GUST DIRECTION     S (170)
  AVERAGE WIND SPEED    11.4


SKY COVER
  AVERAGE SKY COVER 0.5


WEATHER CONDITIONS
 THE FOLLOWING WEATHER WAS RECORDED YESTERDAY.
  FOG


RELATIVE HUMIDITY (PERCENT)
 HIGHEST    93           200 AM
 LOWEST     48           500 PM
 AVERAGE    71

..........................................................


THE TUSCALOOSA CLIMATE NORMALS FOR TODAY
                         NORMAL    RECORD    YEAR
 MAXIMUM TEMPERATURE (F)   80        92      1987
 MINIMUM TEMPERATURE (F)   55        42      1969
                                             1965


SUNRISE AND SUNSET
APRIL 30 2017.........SUNRISE   603 AM CDT   SUNSET   732 PM CDT
MAY  1 2017...........SUNRISE   602 AM CDT   SUNSET   733 PM CDT


-  INDICATES NEGATIVE NUMBERS.
R  INDICATES RECORD WAS SET OR TIED.
MM INDICATES DATA IS MISSING.
T  INDICATES TRACE AMOUNT.




$$
