000
CDUS44 KBMX 302116
CLITCL


CLIMATE REPORT
NATIONAL WEATHER SERVICE BIRMINGHAM, AL
413 PM CDT SAT AUG 30 2014


...................................

...THE TUSCALOOSA CLIMATE SUMMARY FOR AUGUST 30 2014...
VALID AS OF 0400 PM LOCAL TIME.

CLIMATE NORMAL PERIOD 1981 TO 2010
CLIMATE RECORD PERIOD 1948 TO 2014


WEATHER ITEM   OBSERVED TIME   RECORD YEAR NORMAL DEPARTURE LAST
                VALUE   (LST)  VALUE       VALUE  FROM      YEAR
                                                  NORMAL
..................................................................
TEMPERATURE (F)
 TODAY
  MAXIMUM         93   1220 PM 103    1951  91      2       94
  MINIMUM         75    605 AM  54    1968  69      6       71
  AVERAGE         84                        80      4       83

PRECIPITATION (IN)
  TODAY            T             1.67 1973   0.10  -0.10     0.00
  MONTH TO DATE    2.44                      3.20  -0.76     4.02
  SINCE JUN 1      8.51                     12.37  -3.86    16.86
  SINCE JAN 1     33.55                     35.77  -2.22    38.82

DEGREE DAYS
 COOLING
  TODAY           19                        15      4
  MONTH TO DATE  509                       493     16
  SINCE JUN 1   1384                      1414    -30
  SINCE JAN 1   1674                      1725    -51
..................................................................


WIND (MPH)
  HIGHEST WIND SPEED    16   HIGHEST WIND DIRECTION     S (170)
  HIGHEST GUST SPEED    20   HIGHEST GUST DIRECTION     S (170)
  AVERAGE WIND SPEED     4.2


SKY COVER
  AVERAGE SKY COVER 0.2


WEATHER CONDITIONS
 THE FOLLOWING WEATHER WAS RECORDED TODAY.
  THUNDERSTORM


RELATIVE HUMIDITY (PERCENT)
 HIGHEST    87           500 AM
 LOWEST     49          1200 PM
 AVERAGE    68

..........................................................


THE TUSCALOOSA CLIMATE NORMALS FOR TOMORROW
                         NORMAL    RECORD    YEAR
 MAXIMUM TEMPERATURE (F)   91       104      1951
 MINIMUM TEMPERATURE (F)   69        55      1968


SUNRISE AND SUNSET
AUGUST 30 2014........SUNRISE   623 AM CDT   SUNSET   718 PM CDT
AUGUST 31 2014........SUNRISE   624 AM CDT   SUNSET   717 PM CDT


-  INDICATES NEGATIVE NUMBERS.
R  INDICATES RECORD WAS SET OR TIED.
MM INDICATES DATA IS MISSING.
T  INDICATES TRACE AMOUNT.




$$
