000
CDUS44 KBMX 260233
CLITCL


CLIMATE REPORT
NATIONAL WEATHER SERVICE BIRMINGHAM, AL
832 PM CST SAT FEB 25 2017


...................................

...THE TUSCALOOSA CLIMATE SUMMARY FOR FEBRUARY 25 2017...
VALID TODAY AS OF 0700 PM LOCAL TIME.

CLIMATE NORMAL PERIOD 1981 TO 2010
CLIMATE RECORD PERIOD 1948 TO 2017


WEATHER ITEM   OBSERVED TIME   RECORD YEAR NORMAL DEPARTURE LAST
                VALUE   (LST)  VALUE       VALUE  FROM      YEAR
                                                  NORMAL
..................................................................
TEMPERATURE (F)
 TODAY
  MAXIMUM         67   1201 AM  80    1977  63      4       55
  MINIMUM         50    641 AM  16    1967  40     10       37
  AVERAGE         59                        52      7       46

PRECIPITATION (IN)
  TODAY            T             1.42 2004   0.18  -0.18     0.00
  MONTH TO DATE    3.47                      4.79  -1.32     5.46
  SINCE DEC 1     13.58                     14.76  -1.18    17.87
  SINCE JAN 1     10.67                     10.14   0.53     9.60

SNOWFALL (IN)
  TODAY            0.0                       0.0    0.0
  MONTH TO DATE    0.0                       0.1   -0.1
  SINCE DEC 1      0.0                       0.4   -0.4
  SINCE JUL 1      0.0                       0.4   -0.4
  SNOW DEPTH       0

..................................................................


WIND (MPH)
  HIGHEST WIND SPEED    24   HIGHEST WIND DIRECTION    NW (330)
  HIGHEST GUST SPEED    31   HIGHEST GUST DIRECTION    NW (330)
  AVERAGE WIND SPEED    10.8


SKY COVER
  AVERAGE SKY COVER 0.2


WEATHER CONDITIONS
 THE FOLLOWING WEATHER WAS RECORDED TODAY.
  LIGHT RAIN


RELATIVE HUMIDITY (PERCENT)
 HIGHEST    87           100 AM
 LOWEST     24           400 PM
 AVERAGE    56

..........................................................


THE TUSCALOOSA CLIMATE NORMALS FOR TOMORROW
                         NORMAL    RECORD    YEAR
 MAXIMUM TEMPERATURE (F)   64        81      1962
 MINIMUM TEMPERATURE (F)   40        16      1967


SUNRISE AND SUNSET
FEBRUARY 25 2017......SUNRISE   623 AM CST   SUNSET   544 PM CST
FEBRUARY 26 2017......SUNRISE   622 AM CST   SUNSET   545 PM CST


-  INDICATES NEGATIVE NUMBERS.
R  INDICATES RECORD WAS SET OR TIED.
MM INDICATES DATA IS MISSING.
T  INDICATES TRACE AMOUNT.




$$
