736
CDUS44 KBMX 270736
CLITCL


CLIMATE REPORT
NATIONAL WEATHER SERVICE BIRMINGHAM, AL
234 AM CDT TUE SEP 27 2016


...................................

...THE TUSCALOOSA CLIMATE SUMMARY FOR SEPTEMBER 26 2016...

CLIMATE NORMAL PERIOD 1981 TO 2010
CLIMATE RECORD PERIOD 1948 TO 2016


WEATHER ITEM   OBSERVED TIME   RECORD YEAR NORMAL DEPARTURE LAST
                VALUE   (LST)  VALUE       VALUE  FROM      YEAR
                                                  NORMAL
..................................................................
TEMPERATURE (F)
 YESTERDAY
  MAXIMUM         95    144 PM  97    1955  84     11       85
  MINIMUM         67    543 AM  45    2001  60      7       59
  AVERAGE         81                        72      9       72

PRECIPITATION (IN)
  YESTERDAY        0.00          1.40 2002   0.12  -0.12     0.00
  MONTH TO DATE    0.33                      3.03  -2.70     0.76
  SINCE SEP 1      0.33                      3.03  -2.70     0.76
  SINCE JAN 1     32.07                     38.90  -6.83    35.39

DEGREE DAYS
 HEATING
  YESTERDAY        0                         1     -1
  MONTH TO DATE    0                         1     -1
  SINCE SEP 1      0                         1     -1
  SINCE JUL 1      0                         1     -1
..................................................................


WIND (MPH)
  HIGHEST WIND SPEED    22   HIGHEST WIND DIRECTION     W (290)
  HIGHEST GUST SPEED    30   HIGHEST GUST DIRECTION     W (290)
  AVERAGE WIND SPEED     3.1


SKY COVER
  AVERAGE SKY COVER 0.0


WEATHER CONDITIONS
 THE FOLLOWING WEATHER WAS RECORDED YESTERDAY.
  THUNDERSTORM
  FOG


RELATIVE HUMIDITY (PERCENT)
 HIGHEST   100           500 AM
 LOWEST     36           100 PM
 AVERAGE    68

..........................................................


THE TUSCALOOSA CLIMATE NORMALS FOR TODAY
                         NORMAL    RECORD    YEAR
 MAXIMUM TEMPERATURE (F)   83        97      1954
 MINIMUM TEMPERATURE (F)   59        43      2001


SUNRISE AND SUNSET
SEPTEMBER 27 2016.....SUNRISE   642 AM CDT   SUNSET   640 PM CDT
SEPTEMBER 28 2016.....SUNRISE   643 AM CDT   SUNSET   638 PM CDT


-  INDICATES NEGATIVE NUMBERS.
R  INDICATES RECORD WAS SET OR TIED.
MM INDICATES DATA IS MISSING.
T  INDICATES TRACE AMOUNT.




$$
