000
CDUS44 KBMX 240835
CLITCL


CLIMATE REPORT
NATIONAL WEATHER SERVICE BIRMINGHAM, AL
235 AM CST TUE JAN 24 2017


...................................

...THE TUSCALOOSA CLIMATE SUMMARY FOR JANUARY 23 2017...

CLIMATE NORMAL PERIOD 1981 TO 2010
CLIMATE RECORD PERIOD 1948 TO 2017


WEATHER ITEM   OBSERVED TIME   RECORD YEAR NORMAL DEPARTURE LAST
                VALUE   (LST)  VALUE       VALUE  FROM      YEAR
                                                  NORMAL
..................................................................
TEMPERATURE (F)
 YESTERDAY
  MAXIMUM         63    149 PM  77    2002  56      7       42
                                      1949
  MINIMUM         43   1158 PM   6    1963  34      9       26
  AVERAGE         53                        45      8       34

PRECIPITATION (IN)
  YESTERDAY        0.01          1.98 1969   0.19  -0.18     0.00
  MONTH TO DATE    6.84                      3.80   3.04     2.58
  SINCE DEC 1      9.75                      8.42   1.33    10.85
  SINCE JAN 1      6.84                      3.80   3.04     2.58

SNOWFALL (IN)
  YESTERDAY        0.0                       0.0    0.0
  MONTH TO DATE    0.0                       0.2   -0.2
  SINCE DEC 1      0.0                       0.2   -0.2
  SINCE JUL 1      0.0                       0.2   -0.2

DEGREE DAYS
 HEATING
  YESTERDAY       12                        20     -8
  MONTH TO DATE  249                       474   -225
  SINCE DEC 1    639                      1038   -399
  SINCE JUL 1    898                      1475   -577
..................................................................


WIND (MPH)
  HIGHEST WIND SPEED    25   HIGHEST WIND DIRECTION    NW (310)
  HIGHEST GUST SPEED    32   HIGHEST GUST DIRECTION    NW (320)
  AVERAGE WIND SPEED    11.5


SKY COVER
  AVERAGE SKY COVER 0.4


WEATHER CONDITIONS
 THE FOLLOWING WEATHER WAS RECORDED YESTERDAY.
  LIGHT RAIN
  FOG


RELATIVE HUMIDITY (PERCENT)
 HIGHEST    96          1200 AM
 LOWEST     52           200 PM
 AVERAGE    74

..........................................................


THE TUSCALOOSA CLIMATE NORMALS FOR TODAY
                         NORMAL    RECORD    YEAR
 MAXIMUM TEMPERATURE (F)   56        81      1950
 MINIMUM TEMPERATURE (F)   34         3      1963


SUNRISE AND SUNSET
JANUARY 24 2017.......SUNRISE   651 AM CST   SUNSET   515 PM CST
JANUARY 25 2017.......SUNRISE   650 AM CST   SUNSET   516 PM CST


-  INDICATES NEGATIVE NUMBERS.
R  INDICATES RECORD WAS SET OR TIED.
MM INDICATES DATA IS MISSING.
T  INDICATES TRACE AMOUNT.




$$
