000
CDUS44 KBMX 260811
CLITCL


CLIMATE REPORT
NATIONAL WEATHER SERVICE BIRMINGHAM, AL
209 AM CST FRI DEC 26 2014


...................................

...THE TUSCALOOSA CLIMATE SUMMARY FOR DECEMBER 25 2014...

CLIMATE NORMAL PERIOD 1981 TO 2010
CLIMATE RECORD PERIOD 1948 TO 2014


WEATHER ITEM   OBSERVED TIME   RECORD YEAR NORMAL DEPARTURE LAST
                VALUE   (LST)  VALUE       VALUE  FROM      YEAR
                                                  NORMAL
..................................................................
TEMPERATURE (F)
 YESTERDAY
  MAXIMUM         54    205 PM  78    1987  56     -2       50
  MINIMUM         32    720 AM   5    1983  35     -3       22
  AVERAGE         43                        45     -2       36

PRECIPITATION (IN)
  YESTERDAY        0.00          2.11 2012   0.14  -0.14     0.00
  MONTH TO DATE    3.95                      3.85   0.10     5.99
  SINCE DEC 1      3.95                      3.85   0.10     5.99
  SINCE JAN 1     46.82                     51.83  -5.01    49.82

SNOWFALL (IN)
  YESTERDAY        0.0                       0.0    0.0
  MONTH TO DATE    0.0                       0.0    0.0
  SINCE DEC 1      0.0                       0.0    0.0
  SINCE JUL 1      0.0                       0.0    0.0

DEGREE DAYS
 HEATING
  YESTERDAY       22                        20      2
  MONTH TO DATE  360                       443    -83
  SINCE DEC 1    360                       443    -83
  SINCE JUL 1    904                       880     24
..................................................................


WIND (MPH)
  HIGHEST WIND SPEED    10   HIGHEST WIND DIRECTION     S (180)
  HIGHEST GUST SPEED    14   HIGHEST GUST DIRECTION    SW (210)
  AVERAGE WIND SPEED     1.3


SKY COVER
  AVERAGE SKY COVER 0.0


WEATHER CONDITIONS
 THE FOLLOWING WEATHER WAS RECORDED YESTERDAY.
  FOG


RELATIVE HUMIDITY (PERCENT)
 HIGHEST   100          1000 PM
 LOWEST     50           300 PM
 AVERAGE    75

..........................................................


THE TUSCALOOSA CLIMATE NORMALS FOR TODAY
                         NORMAL    RECORD    YEAR
 MAXIMUM TEMPERATURE (F)   56        72      2008
                                             1984
                                             1982
 MINIMUM TEMPERATURE (F)   35         7      1983


SUNRISE AND SUNSET
DECEMBER 26 2014......SUNRISE   652 AM CST   SUNSET   450 PM CST
DECEMBER 27 2014......SUNRISE   653 AM CST   SUNSET   451 PM CST


-  INDICATES NEGATIVE NUMBERS.
R  INDICATES RECORD WAS SET OR TIED.
MM INDICATES DATA IS MISSING.
T  INDICATES TRACE AMOUNT.




$$
