000
CDUS44 KBMX 272215
CLITCL


CLIMATE REPORT
NATIONAL WEATHER SERVICE BIRMINGHAM, AL
415 PM CST THU NOV 27 2014


...................................

...THE TUSCALOOSA CLIMATE SUMMARY FOR NOVEMBER 27 2014...
VALID AS OF 0400 PM LOCAL TIME.

CLIMATE NORMAL PERIOD 1981 TO 2010
CLIMATE RECORD PERIOD 1948 TO 2014


WEATHER ITEM   OBSERVED TIME   RECORD YEAR NORMAL DEPARTURE LAST
                VALUE   (LST)  VALUE       VALUE  FROM      YEAR
                                                  NORMAL
..................................................................
TEMPERATURE (F)
 TODAY
  MAXIMUM         49    224 PM  84    1973  63    -14       43
  MINIMUM         32    406 AM  23    1950  40     -8       25
  AVERAGE         41                        51    -10       34

PRECIPITATION (IN)
  TODAY            0.00          2.55 2001   0.21  -0.21     0.03
  MONTH TO DATE    4.23                      4.44  -0.21     2.72
  SINCE SEP 1      9.21                     11.47  -2.26     5.01
  SINCE JAN 1     42.87                     47.34  -4.47    43.83

SNOWFALL (IN)
  TODAY            0.0                       0.0    0.0
  MONTH TO DATE    0.0                       0.0    0.0
  SINCE SEP 1      0.0                       0.0    0.0
  SINCE JUL 1      0.0                       0.0    0.0
  SNOW DEPTH       0

..................................................................


WIND (MPH)
  HIGHEST WIND SPEED    18   HIGHEST WIND DIRECTION     N (10)
  HIGHEST GUST SPEED    22   HIGHEST GUST DIRECTION     N (360)
  AVERAGE WIND SPEED     7.1


SKY COVER
  AVERAGE SKY COVER 0.3


WEATHER CONDITIONS
 THE FOLLOWING WEATHER WAS RECORDED TODAY.
  NO SIGNIFICANT WEATHER WAS OBSERVED.


RELATIVE HUMIDITY (PERCENT)
 HIGHEST    89           400 AM
 LOWEST     46           200 PM
 AVERAGE    68

..........................................................


THE TUSCALOOSA CLIMATE NORMALS FOR TOMORROW
                         NORMAL    RECORD    YEAR
 MAXIMUM TEMPERATURE (F)   63        76      2001
                                             1949
 MINIMUM TEMPERATURE (F)   39        21      1950


SUNRISE AND SUNSET
NOVEMBER 27 2014......SUNRISE   632 AM CST   SUNSET   444 PM CST
NOVEMBER 28 2014......SUNRISE   633 AM CST   SUNSET   443 PM CST


-  INDICATES NEGATIVE NUMBERS.
R  INDICATES RECORD WAS SET OR TIED.
MM INDICATES DATA IS MISSING.
T  INDICATES TRACE AMOUNT.




$$
