000
CDUS44 KBMX 290833
CLITCL


CLIMATE REPORT
NATIONAL WEATHER SERVICE BIRMINGHAM, AL
333 AM CDT FRI JUL 29 2016


...................................

...THE TUSCALOOSA CLIMATE SUMMARY FOR JULY 28 2016...

CLIMATE NORMAL PERIOD 1994 TO 1994
CLIMATE RECORD PERIOD 1948 TO 2016


WEATHER ITEM   OBSERVED TIME   RECORD YEAR NORMAL DEPARTURE LAST
                VALUE   (LST)  VALUE       VALUE  FROM      YEAR
                                                  NORMAL
..................................................................
TEMPERATURE (F)
 YESTERDAY
  MAXIMUM         88    400 PM 107    1952  92     -4       99
  MINIMUM         74   1145 PM  62    1994  72      2       75
  AVERAGE         81                        82     -1       87

PRECIPITATION (IN)
  YESTERDAY        0.00          2.16 1976   0.12  -0.12     0.00
  MONTH TO DATE    4.14                      4.02   0.12     2.18
  SINCE JUN 1      8.44                      8.79  -0.35     3.88
  SINCE JAN 1     28.85                     32.19  -3.34    29.46

..................................................................


WIND (MPH)
  HIGHEST WIND SPEED    20   HIGHEST WIND DIRECTION     W (250)
  HIGHEST GUST SPEED    30   HIGHEST GUST DIRECTION    SW (220)
  AVERAGE WIND SPEED     7.9


SKY COVER
  AVERAGE SKY COVER 0.6


WEATHER CONDITIONS
 THE FOLLOWING WEATHER WAS RECORDED YESTERDAY.
  NO SIGNIFICANT WEATHER WAS OBSERVED.


RELATIVE HUMIDITY (PERCENT)
 HIGHEST   100           500 AM
 LOWEST     63           300 PM
 AVERAGE    82

..........................................................


THE TUSCALOOSA CLIMATE NORMALS FOR TODAY
                         NORMAL    RECORD    YEAR
 MAXIMUM TEMPERATURE (F)   92       107      1952
 MINIMUM TEMPERATURE (F)   72        61      2014
                                             1994


SUNRISE AND SUNSET
JULY 29 2016..........SUNRISE   602 AM CDT   SUNSET   752 PM CDT
JULY 30 2016..........SUNRISE   602 AM CDT   SUNSET   751 PM CDT


-  INDICATES NEGATIVE NUMBERS.
R  INDICATES RECORD WAS SET OR TIED.
MM INDICATES DATA IS MISSING.
T  INDICATES TRACE AMOUNT.




$$
