000
CDUS42 KTAE 010631
CLITLH


CLIMATE REPORT
NATIONAL WEATHER SERVICE TALLAHASSEE FL
130 AM EST WED MAR 1 2017


...................................

...THE TALLAHASSEE CLIMATE SUMMARY FOR FEBRUARY 28 2017...

CLIMATE NORMAL PERIOD 1981 TO 2010
CLIMATE RECORD PERIOD 1896 TO 2017


WEATHER ITEM   OBSERVED TIME   RECORD YEAR NORMAL DEPARTURE LAST
                VALUE   (LST)  VALUE       VALUE  FROM      YEAR
                                                  NORMAL
..................................................................
TEMPERATURE (F)
 YESTERDAY
  MAXIMUM         83    355 PM  89    1948  71     12       71
  MINIMUM         54    723 AM  18    2002  44     10       32
  AVERAGE         69                        57     12       52

PRECIPITATION (IN)
  YESTERDAY        0.00          1.70 1966   0.18  -0.18     0.00
  MONTH TO DATE    2.72                      4.85  -2.13     4.45
  SINCE DEC 1     14.13                     13.09   1.04    13.47
  SINCE JAN 1      9.93                      9.19   0.74     8.70

SNOWFALL (IN)
  YESTERDAY        0.0                       0.0    0.0

DEGREE DAYS
 HEATING
  YESTERDAY        0                               -8
  MONTH TO DATE  105                             -192
  SINCE DEC 1    535                             -572
  SINCE JUL 1    648                             -695

 COOLING
  YESTERDAY        4                                3
  MONTH TO DATE   30                               21
  SINCE DEC 1    103                               76
  SINCE JAN 1     60                               46
..................................................................


WIND (MPH)
  HIGHEST WIND SPEED    18   HIGHEST WIND DIRECTION    SW (210)
  HIGHEST GUST SPEED    23   HIGHEST GUST DIRECTION     S (190)
  AVERAGE WIND SPEED     6.3




RELATIVE HUMIDITY (PERCENT)
 HIGHEST   100
 LOWEST     51
 AVERAGE    76

..........................................................


THE TALLAHASSEE CLIMATE NORMALS FOR TODAY
                         NORMAL    RECORD    YEAR
 MAXIMUM TEMPERATURE (F)   71        87      1918
 MINIMUM TEMPERATURE (F)   45        22      2002


SUNRISE AND SUNSET
MARCH  1 2017.........SUNRISE   703 AM EST   SUNSET   636 PM EST
MARCH  2 2017.........SUNRISE   702 AM EST   SUNSET   637 PM EST


-  INDICATES NEGATIVE NUMBERS.
R  INDICATES RECORD WAS SET OR TIED.
MM INDICATES DATA IS MISSING.
T  INDICATES TRACE AMOUNT.




$$
