000
CDUS42 KTAE 110633
CLITLH


CLIMATE REPORT
NATIONAL WEATHER SERVICE TALLAHASSEE FL
131 AM EST SUN DEC 11 2016

...................................

...THE TALLAHASSEE CLIMATE SUMMARY FOR DECEMBER 10 2016...

CLIMATE NORMAL PERIOD 1981 TO 2010
CLIMATE RECORD PERIOD 1896 TO 2016


WEATHER ITEM   OBSERVED TIME   RECORD YEAR NORMAL DEPARTURE LAST
                VALUE   (LST)  VALUE       VALUE  FROM      YEAR
                                                  NORMAL
..................................................................
TEMPERATURE (F)
 YESTERDAY
  MAXIMUM         59    359 PM  83    1997  66     -7       76
  MINIMUM         30    800 AM  20    1974  42    -12       43
  AVERAGE         45                        54     -9       60

PRECIPITATION (IN)
  YESTERDAY        0.00          2.94 1967   0.13  -0.13     0.00
  MONTH TO DATE    2.90                      1.28   1.62     0.85
  SINCE DEC 1      2.90                      1.28   1.62     0.85
  SINCE JAN 1     58.52                     56.61   1.91    50.46

SNOWFALL (IN)
  YESTERDAY        0.0                       0.0    0.0

DEGREE DAYS
 HEATING
  YESTERDAY       20                                9
  MONTH TO DATE   86                              -19
  SINCE DEC 1     86                              -19
  SINCE JUL 1    199                             -142

 COOLING
  YESTERDAY        0                                0
  MONTH TO DATE   11                                3
  SINCE DEC 1     11                                3
  SINCE JAN 1   3274                              686
..................................................................


WIND (MPH)
  HIGHEST WIND SPEED    14   HIGHEST WIND DIRECTION    NE (30)
  HIGHEST GUST SPEED    19   HIGHEST GUST DIRECTION     N (20)
  AVERAGE WIND SPEED     5.0




RELATIVE HUMIDITY (PERCENT)
 HIGHEST    85
 LOWEST     21
 AVERAGE    53

..........................................................


THE TALLAHASSEE CLIMATE NORMALS FOR TODAY
                         NORMAL    RECORD    YEAR
 MAXIMUM TEMPERATURE (F)   66        81      1931
 MINIMUM TEMPERATURE (F)   42        21      1968


SUNRISE AND SUNSET
DECEMBER 11 2016......SUNRISE   724 AM EST   SUNSET   538 PM EST
DECEMBER 12 2016......SUNRISE   725 AM EST   SUNSET   538 PM EST


-  INDICATES NEGATIVE NUMBERS.
R  INDICATES RECORD WAS SET OR TIED.
MM INDICATES DATA IS MISSING.
T  INDICATES TRACE AMOUNT.

$$
