000
CDUS42 KTAE 280825
CLITLH


CLIMATE REPORT
NATIONAL WEATHER SERVICE TALLAHASSEE FL
424 AM EDT FRI AUG 28 2015


...................................

...THE TALLAHASSEE CLIMATE SUMMARY FOR AUGUST 27 2015...

CLIMATE NORMAL PERIOD 1981 TO 2010
CLIMATE RECORD PERIOD 1896 TO 2015


WEATHER ITEM   OBSERVED TIME   RECORD YEAR NORMAL DEPARTURE LAST
                VALUE   (LST)  VALUE       VALUE  FROM      YEAR
                                                  NORMAL
..................................................................
TEMPERATURE (F)
 YESTERDAY
  MAXIMUM         95    429 PM 102    2011  91      4       96
  MINIMUM         65    359 AM  61    1969  72     -7       70
  AVERAGE         80                        81     -1       83

PRECIPITATION (IN)
  YESTERDAY        0.00          2.45 1901   0.20  -0.20     0.00
  MONTH TO DATE    5.75                      6.60  -0.85     1.93
  SINCE JUN 1     18.89                     21.50  -2.61     8.66
  SINCE JAN 1     37.42                     43.16  -5.74    40.75

SNOWFALL (IN)
  YESTERDAY        0.0                       0.0    0.0

DEGREE DAYS
 HEATING
  YESTERDAY        0                                0
  MONTH TO DATE    0                                0
  SINCE JUN 1      0                                0
  SINCE JUL 1      0                                0

 COOLING
  YESTERDAY       15                               -1
  MONTH TO DATE  539                               82
  SINCE JUN 1   1707                              264
  SINCE JAN 1   2528                              639
..................................................................


WIND (MPH)
  HIGHEST WIND SPEED    10   HIGHEST WIND DIRECTION     E (70)
  HIGHEST GUST SPEED    14   HIGHEST GUST DIRECTION     E (80)
  AVERAGE WIND SPEED     2.9




RELATIVE HUMIDITY (PERCENT)
 HIGHEST    87
 LOWEST     34
 AVERAGE    61

..........................................................


THE TALLAHASSEE CLIMATE NORMALS FOR TODAY
                         NORMAL    RECORD    YEAR
 MAXIMUM TEMPERATURE (F)   91       100      2011
 MINIMUM TEMPERATURE (F)   72        61      1927


SUNRISE AND SUNSET
AUGUST 28 2015........SUNRISE   712 AM EDT   SUNSET   805 PM EDT
AUGUST 29 2015........SUNRISE   712 AM EDT   SUNSET   804 PM EDT


-  INDICATES NEGATIVE NUMBERS.
R  INDICATES RECORD WAS SET OR TIED.
MM INDICATES DATA IS MISSING.
T  INDICATES TRACE AMOUNT.




$$
