000
CDUS42 KTAE 310634
CLITLH


CLIMATE REPORT
NATIONAL WEATHER SERVICE TALLAHASSEE FL
233 AM EDT TUE MAY 31 2016


...................................

...THE TALLAHASSEE CLIMATE SUMMARY FOR MAY 30 2016...

CLIMATE NORMAL PERIOD 1981 TO 2010
CLIMATE RECORD PERIOD 1896 TO 2016


WEATHER ITEM   OBSERVED TIME   RECORD YEAR NORMAL DEPARTURE LAST
                VALUE   (LST)  VALUE       VALUE  FROM      YEAR
                                                  NORMAL
..................................................................
TEMPERATURE (F)
 YESTERDAY
  MAXIMUM         97    234 PM  99    1941  90      7       94
                                      1937
                                      1927
  MINIMUM         69    619 AM  49    1971  66      3       68
  AVERAGE         83                        78      5       81

PRECIPITATION (IN)
  YESTERDAY        T             2.47 1977   0.17  -0.17     0.00
  MONTH TO DATE    1.63                      3.31  -1.68     1.22
  SINCE MAR 1     14.62                     12.31   2.31     8.64
  SINCE JAN 1     23.32                     21.50   1.82    17.83

SNOWFALL (IN)
  YESTERDAY        0.0                       0.0    0.0

DEGREE DAYS
 HEATING
  YESTERDAY        0                                0
  MONTH TO DATE    0                               -3
  SINCE MAR 1     98                             -152
  SINCE JUL 1    943                             -650

 COOLING
  YESTERDAY       18                                5
  MONTH TO DATE  335                               54
  SINCE MAR 1    590                              170
  SINCE JAN 1    593                              159
..................................................................


WIND (MPH)
  HIGHEST WIND SPEED    20   HIGHEST WIND DIRECTION     S (190)
  HIGHEST GUST SPEED    25   HIGHEST GUST DIRECTION     S (180)
  AVERAGE WIND SPEED     5.0




RELATIVE HUMIDITY (PERCENT)
 HIGHEST    90
 LOWEST     31
 AVERAGE    61

..........................................................


THE TALLAHASSEE CLIMATE NORMALS FOR TODAY
                         NORMAL    RECORD    YEAR
 MAXIMUM TEMPERATURE (F)   90        99      1927
 MINIMUM TEMPERATURE (F)   67        51      1984
                                             1971


SUNRISE AND SUNSET
MAY 31 2016...........SUNRISE   636 AM EDT   SUNSET   835 PM EDT
JUNE  1 2016..........SUNRISE   636 AM EDT   SUNSET   835 PM EDT


-  INDICATES NEGATIVE NUMBERS.
R  INDICATES RECORD WAS SET OR TIED.
MM INDICATES DATA IS MISSING.
T  INDICATES TRACE AMOUNT.




$$
