000
CDUS44 KBMX 312135
CLITOI


CLIMATE REPORT
NATIONAL WEATHER SERVICE BIRMINGHAM, AL
430 PM CDT FRI OCT 31 2014


...................................

...THE TROY CLIMATE SUMMARY FOR OCTOBER 31 2014...
VALID AS OF 0400 PM LOCAL TIME.

CLIMATE NORMAL PERIOD 1981 TO 2010
CLIMATE RECORD PERIOD 9999 TO 9999


WEATHER ITEM   OBSERVED TIME   RECORD YEAR NORMAL DEPARTURE LAST
                VALUE   (LST)  VALUE       VALUE  FROM      YEAR
                                                  NORMAL
..................................................................
TEMPERATURE (F)
 TODAY
  MAXIMUM         73    103 PM  MM      MM  74     -1       79
  MINIMUM         37    542 AM  MM      MM  47    -10       57
  AVERAGE         55                        60     -5       68

PRECIPITATION (IN)
  TODAY            0.00                      0.11  -0.11     0.03
  MONTH TO DATE    2.92                      3.23  -0.31     0.76
  SINCE SEP 1      5.88                      7.19  -1.31     2.97
  SINCE JAN 1     43.88                     45.14  -1.26    48.58

SNOWFALL (IN)
  TODAY            0.0                      MM     MM        0.0
  MONTH TO DATE    0.0                      MM     MM        0.0
  SINCE SEP 1      0.0                      MM     MM        0.0
  SINCE JUL 1      0.0                      MM     MM        0.0
  SNOW DEPTH       0

DEGREE DAYS
 HEATING
  TODAY           10                         6      4        0
  MONTH TO DATE   80                        94    -14       45
  SINCE SEP 1     80                        98    -18       45
  SINCE JUL 1     80                        98    -18       45

 COOLING
  TODAY            0                         2     -2        3
  MONTH TO DATE  118                        99     19      125
  SINCE SEP 1    501                       413     88      509
  SINCE JAN 1   2213                      2047    166     2156
..................................................................


WIND (MPH)
  HIGHEST WIND SPEED    17   HIGHEST WIND DIRECTION    NW (330)
  HIGHEST GUST SPEED    22   HIGHEST GUST DIRECTION    NW (320)
  AVERAGE WIND SPEED     3.3


SKY COVER
  AVERAGE SKY COVER 0.1


WEATHER CONDITIONS
 THE FOLLOWING WEATHER WAS RECORDED TODAY.
  NO SIGNIFICANT WEATHER WAS OBSERVED.


RELATIVE HUMIDITY (PERCENT)
 HIGHEST   100           500 AM
 LOWEST     31          1100 AM
 AVERAGE    66

..........................................................


THE TROY CLIMATE NORMALS FOR TOMORROW
                         NORMAL    RECORD    YEAR
 MAXIMUM TEMPERATURE (F)   74        MM        MM
 MINIMUM TEMPERATURE (F)   47        MM        MM


SUNRISE AND SUNSET
OCTOBER 31 2014.......SUNRISE   700 AM CDT   SUNSET   555 PM CDT
NOVEMBER  1 2014......SUNRISE   700 AM CDT   SUNSET   554 PM CDT


-  INDICATES NEGATIVE NUMBERS.
R  INDICATES RECORD WAS SET OR TIED.
MM INDICATES DATA IS MISSING.
T  INDICATES TRACE AMOUNT.




$$
