000
CDUS44 KBMX 170758
CLITOI


CLIMATE REPORT
NATIONAL WEATHER SERVICE BIRMINGHAM, AL
258 AM CDT THU AUG 17 2017


...................................

...THE TROY CLIMATE SUMMARY FOR AUGUST 16 2017...

CLIMATE NORMAL PERIOD 1981 TO 2010
CLIMATE RECORD PERIOD 9999 TO 9999


WEATHER ITEM   OBSERVED TIME   RECORD YEAR NORMAL DEPARTURE LAST
                VALUE   (LST)  VALUE       VALUE  FROM      YEAR
                                                  NORMAL
..................................................................
TEMPERATURE (F)
 YESTERDAY
  MAXIMUM         92    231 PM  MM      MM  91      1       93
  MINIMUM         72    608 AM  MM      MM  70      2       72
  AVERAGE         82                        80      2       83

PRECIPITATION (IN)
  YESTERDAY        T                         0.16  -0.16     0.01
  MONTH TO DATE    5.65                      2.73   2.92     3.02
  SINCE JUN 1     19.03                     13.23   5.80    13.07
  SINCE JAN 1     51.53                     36.06  15.47    32.41

DEGREE DAYS
 COOLING
  YESTERDAY       17                        15      2       18
  MONTH TO DATE  235                       255    -20      276
  SINCE JUN 1   1080                      1128    -48     1236
  SINCE JAN 1   1484                      1415     69     1651
..................................................................


WIND (MPH)
  HIGHEST WIND SPEED    12   HIGHEST WIND DIRECTION    SW (220)
  HIGHEST GUST SPEED    15   HIGHEST GUST DIRECTION     W (250)
  AVERAGE WIND SPEED     2.4


SKY COVER
  AVERAGE SKY COVER 0.5


WEATHER CONDITIONS
 THE FOLLOWING WEATHER WAS RECORDED YESTERDAY.
  FOG
  FOG W/VISIBILITY <= 1/4 MILE


RELATIVE HUMIDITY (PERCENT)
 HIGHEST   100          1200 AM
 LOWEST     56           200 PM
 AVERAGE    78

..........................................................


THE TROY CLIMATE NORMALS FOR TODAY
                         NORMAL    RECORD    YEAR
 MAXIMUM TEMPERATURE (F)   91        MM        MM
 MINIMUM TEMPERATURE (F)   70        MM        MM


SUNRISE AND SUNSET
AUGUST 17 2017........SUNRISE   610 AM CDT   SUNSET   725 PM CDT
AUGUST 18 2017........SUNRISE   611 AM CDT   SUNSET   724 PM CDT


-  INDICATES NEGATIVE NUMBERS.
R  INDICATES RECORD WAS SET OR TIED.
MM INDICATES DATA IS MISSING.
T  INDICATES TRACE AMOUNT.




$$
