000
CDUS44 KBMX 062117
CLITOI


CLIMATE REPORT
NATIONAL WEATHER SERVICE BIRMINGHAM, AL
416 PM CDT MON JUL 6 2015


...................................

...THE TROY CLIMATE SUMMARY FOR JULY 6 2015...
VALID AS OF 0400 PM LOCAL TIME.

CLIMATE NORMAL PERIOD 1981 TO 2010
CLIMATE RECORD PERIOD 9999 TO 9999


WEATHER ITEM   OBSERVED TIME   RECORD YEAR NORMAL DEPARTURE LAST
                VALUE   (LST)  VALUE       VALUE  FROM      YEAR
                                                  NORMAL
..................................................................
TEMPERATURE (F)
 TODAY
  MAXIMUM         89    253 PM  MM      MM  91     -2       92
  MINIMUM         67    558 AM  MM      MM  70     -3       65
  AVERAGE         78                        80     -2       79

PRECIPITATION (IN)
  TODAY            0.00                      0.20  -0.20     0.00
  MONTH TO DATE    1.24                      1.17   0.07     0.00
  SINCE JUN 1      5.35                      6.00  -0.65     2.79
  SINCE JAN 1     25.17                     28.83  -3.66    32.85

DEGREE DAYS
 COOLING
  TODAY           13                        15     -2       14
  MONTH TO DATE   89                        90     -1       87
  SINCE JUN 1    548                       478     70      520
  SINCE JAN 1   1031                       765    266      842
..................................................................


WIND (MPH)
  HIGHEST WIND SPEED     9   HIGHEST WIND DIRECTION     W (270)
  HIGHEST GUST SPEED    23   HIGHEST GUST DIRECTION     N (10)
  AVERAGE WIND SPEED     3.2


SKY COVER
  AVERAGE SKY COVER 0.3


WEATHER CONDITIONS
 THE FOLLOWING WEATHER WAS RECORDED TODAY.
  FOG


RELATIVE HUMIDITY (PERCENT)
 HIGHEST   100           400 AM
 LOWEST     52           300 PM
 AVERAGE    76

..........................................................


THE TROY CLIMATE NORMALS FOR TOMORROW
                         NORMAL    RECORD    YEAR
 MAXIMUM TEMPERATURE (F)   92        MM        MM
 MINIMUM TEMPERATURE (F)   70        MM        MM


SUNRISE AND SUNSET
JULY  6 2015..........SUNRISE   544 AM CDT   SUNSET   753 PM CDT
JULY  7 2015..........SUNRISE   545 AM CDT   SUNSET   753 PM CDT


-  INDICATES NEGATIVE NUMBERS.
R  INDICATES RECORD WAS SET OR TIED.
MM INDICATES DATA IS MISSING.
T  INDICATES TRACE AMOUNT.




$$
