000
CDUS44 KBMX 242120
CLITOI


CLIMATE REPORT
NATIONAL WEATHER SERVICE BIRMINGHAM, AL
419 PM CDT SUN MAY 24 2015


...................................

...THE TROY CLIMATE SUMMARY FOR MAY 24 2015...
VALID AS OF 0400 PM LOCAL TIME.

CLIMATE NORMAL PERIOD 1981 TO 2010
CLIMATE RECORD PERIOD 9999 TO 9999


WEATHER ITEM   OBSERVED TIME   RECORD YEAR NORMAL DEPARTURE LAST
                VALUE   (LST)  VALUE       VALUE  FROM      YEAR
                                                  NORMAL
..................................................................
TEMPERATURE (F)
 TODAY
  MAXIMUM         88    246 PM  MM      MM  86      2       92
  MINIMUM         69    506 AM  MM      MM  61      8       63
  AVERAGE         79                        73      6       78

PRECIPITATION (IN)
  TODAY            0.00                      0.15  -0.15     0.00
  MONTH TO DATE    1.01                      2.36  -1.35     4.18
  SINCE MAR 1     10.83                     12.38  -1.55    19.84
  SINCE JAN 1     17.74                     21.51  -3.77    28.90

DEGREE DAYS
 COOLING
  TODAY           14                         9      5       13
  MONTH TO DATE  197                       144     53      154
  SINCE MAR 1    401                       216    185      226
  SINCE JAN 1    403                       221    182      237
..................................................................


WIND (MPH)
  HIGHEST WIND SPEED    16   HIGHEST WIND DIRECTION    SE (130)
  HIGHEST GUST SPEED    21   HIGHEST GUST DIRECTION    SE (130)
  AVERAGE WIND SPEED     8.8


SKY COVER
  AVERAGE SKY COVER 0.5


WEATHER CONDITIONS
 THE FOLLOWING WEATHER WAS RECORDED TODAY.
  NO SIGNIFICANT WEATHER WAS OBSERVED.


RELATIVE HUMIDITY (PERCENT)
 HIGHEST    84           500 AM
 LOWEST     55           200 PM
 AVERAGE    70

..........................................................


THE TROY CLIMATE NORMALS FOR TOMORROW
                         NORMAL    RECORD    YEAR
 MAXIMUM TEMPERATURE (F)   86        MM        MM
 MINIMUM TEMPERATURE (F)   61        MM        MM


SUNRISE AND SUNSET
MAY 24 2015...........SUNRISE   542 AM CDT   SUNSET   740 PM CDT
MAY 25 2015...........SUNRISE   542 AM CDT   SUNSET   741 PM CDT


-  INDICATES NEGATIVE NUMBERS.
R  INDICATES RECORD WAS SET OR TIED.
MM INDICATES DATA IS MISSING.
T  INDICATES TRACE AMOUNT.




$$
