000
CDUS44 KBMX 050015
CLITOI


CLIMATE REPORT
NATIONAL WEATHER SERVICE BIRMINGHAM, AL
715 PM CDT TUE AUG 4 2015


...................................

...THE TROY CLIMATE SUMMARY FOR AUGUST 4 2015...
VALID TODAY AS OF 0700 PM LOCAL TIME.

CLIMATE NORMAL PERIOD 1981 TO 2010
CLIMATE RECORD PERIOD 9999 TO 9999


WEATHER ITEM   OBSERVED TIME   RECORD YEAR NORMAL DEPARTURE LAST
                VALUE   (LST)  VALUE       VALUE  FROM      YEAR
                                                  NORMAL
..................................................................
TEMPERATURE (F)
 TODAY
  MAXIMUM         99    259 PM  MM      MM  91      8       93
  MINIMUM         68    459 AM  MM      MM  70     -2       67
  AVERAGE         84                        81      3       80

PRECIPITATION (IN)
  TODAY            0.00                      0.17  -0.17     0.00
  MONTH TO DATE    1.20                      0.68   0.52     0.25
  SINCE JUN 1      8.00                     11.18  -3.18     5.16
  SINCE JAN 1     27.82                     34.01  -6.19    35.22

DEGREE DAYS
 COOLING
  TODAY           19                        16      3       15
  MONTH TO DATE   77                        64     13       59
  SINCE JUN 1   1113                       937    176      952
  SINCE JAN 1   1596                      1224    372     1274
..................................................................


WIND (MPH)
  HIGHEST WIND SPEED    10   HIGHEST WIND DIRECTION    SW (210)
  HIGHEST GUST SPEED    14   HIGHEST GUST DIRECTION     S (190)
  AVERAGE WIND SPEED     3.0


SKY COVER
  AVERAGE SKY COVER 0.0


WEATHER CONDITIONS
 THE FOLLOWING WEATHER WAS RECORDED TODAY.
  FOG


RELATIVE HUMIDITY (PERCENT)
 HIGHEST   100           200 AM
 LOWEST     29           200 PM
 AVERAGE    65

..........................................................


THE TROY CLIMATE NORMALS FOR TOMORROW
                         NORMAL    RECORD    YEAR
 MAXIMUM TEMPERATURE (F)   91        MM        MM
 MINIMUM TEMPERATURE (F)   70        MM        MM


SUNRISE AND SUNSET
AUGUST  4 2015........SUNRISE   601 AM CDT   SUNSET   738 PM CDT
AUGUST  5 2015........SUNRISE   602 AM CDT   SUNSET   738 PM CDT


-  INDICATES NEGATIVE NUMBERS.
R  INDICATES RECORD WAS SET OR TIED.
MM INDICATES DATA IS MISSING.
T  INDICATES TRACE AMOUNT.




$$
