000
CDUS41 KCLE 230545
CLITOL


CLIMATE REPORT
NATIONAL WEATHER SERVICE CLEVELAND OH
145 AM EDT MON OCT 23 2017


...................................

...THE TOLEDO OH CLIMATE SUMMARY FOR OCTOBER 22 2017...

CLIMATE NORMAL PERIOD 1981 TO 2010
CLIMATE RECORD PERIOD 1873 TO 2017


WEATHER ITEM   OBSERVED TIME   RECORD YEAR NORMAL DEPARTURE LAST
                VALUE   (LST)  VALUE       VALUE  FROM      YEAR
                                                  NORMAL
..................................................................
TEMPERATURE (F)
 YESTERDAY
  MAXIMUM         80    332 PM  83    1920  61     19       54
  MINIMUM         49    150 AM  22    1976  40      9       38
  AVERAGE         65                        50     15       46

PRECIPITATION (IN)
  YESTERDAY        0.00                      0.09  -0.09     0.00
  MONTH TO DATE    2.20                      1.87   0.33     1.76
  SINCE SEP 1      4.84                      4.65   0.19     5.73
  SINCE JAN 1     31.64                     27.97   3.67    29.04

SNOWFALL (IN)
  YESTERDAY        0.0                       0.0    0.0      0.0
  MONTH TO DATE    0.0                       0.1   -0.1      0.0
  SINCE SEP 1      0.0                       0.1   -0.1      0.0
  SINCE JUL 1      0.0                       0.1   -0.1      0.0
  SNOW DEPTH       0

DEGREE DAYS
 HEATING
  YESTERDAY        0                        15    -15       19
  MONTH TO DATE   84                       256   -172      161
  SINCE SEP 1    163                       366   -203      199
  SINCE JUL 1    177                       380   -203      200

 COOLING
  YESTERDAY        0                         0      0        0
  MONTH TO DATE   29                         8     21       25
  SINCE SEP 1    151                        90     61      144
  SINCE JAN 1    744                       792    -48     1033
..................................................................


WIND (MPH)
  HIGHEST WIND SPEED    20   HIGHEST WIND DIRECTION     S (190)
  HIGHEST GUST SPEED    28   HIGHEST GUST DIRECTION     S (190)
  AVERAGE WIND SPEED     6.6


SKY COVER
  POSSIBLE SUNSHINE  MM
  AVERAGE SKY COVER 0.0


WEATHER CONDITIONS
 THE FOLLOWING WEATHER WAS RECORDED YESTERDAY.
  NO SIGNIFICANT WEATHER WAS OBSERVED.


RELATIVE HUMIDITY (PERCENT)
 HIGHEST    93           200 AM
 LOWEST     45           400 PM
 AVERAGE    69

..........................................................


THE TOLEDO OH CLIMATE NORMALS FOR TODAY
                         NORMAL    RECORD    YEAR
 MAXIMUM TEMPERATURE (F)   60        83      1963
 MINIMUM TEMPERATURE (F)   40        21      1976
                                             1969


SUNRISE AND SUNSET
OCTOBER 23 2017.......SUNRISE   757 AM EDT   SUNSET   642 PM EDT
OCTOBER 24 2017.......SUNRISE   758 AM EDT   SUNSET   640 PM EDT


-  INDICATES NEGATIVE NUMBERS.
R  INDICATES RECORD WAS SET OR TIED.
MM INDICATES DATA IS MISSING.
T  INDICATES TRACE AMOUNT.




$$
