000
CDUS41 KCLE 240545
CLITOL


CLIMATE REPORT
NATIONAL WEATHER SERVICE CLEVELAND OH
145 AM EDT THU JUL 24 2014


...................................

...THE TOLEDO OH CLIMATE SUMMARY FOR JULY 23 2014...

CLIMATE NORMAL PERIOD 1981 TO 2010
CLIMATE RECORD PERIOD 1873 TO 2014


WEATHER ITEM   OBSERVED TIME   RECORD YEAR NORMAL DEPARTURE LAST
                VALUE   (LST)  VALUE       VALUE  FROM      YEAR
                                                  NORMAL
..................................................................
TEMPERATURE (F)
 YESTERDAY
  MAXIMUM         78   1227 AM  99    1933  84     -6       85
  MINIMUM         60   1058 PM  47    1981  62     -2       60
  AVERAGE         69                        73     -4       73

PRECIPITATION (IN)
  YESTERDAY        0.52                      0.11   0.41     0.01
  MONTH TO DATE    0.81                      2.36  -1.55     3.02
  SINCE JUN 1      4.79                      5.93  -1.14     9.37
  SINCE JAN 1     18.64                     19.30  -0.66    23.87

SNOWFALL (IN)
  YESTERDAY        0.0                       0.0    0.0      0.0
  MONTH TO DATE    0.0                       0.0    0.0      0.0
  SINCE JUN 1      0.0                       0.0    0.0      0.0
  SINCE JUL 1      0.0                       0.0    0.0      0.0
  SNOW DEPTH       0

DEGREE DAYS
 HEATING
  YESTERDAY        0                         0      0        0
  MONTH TO DATE    5                         0      5        1
  SINCE JUN 1     21                        35    -14       32
  SINCE JUL 1      5                         0      5        1

 COOLING
  YESTERDAY        4                         8     -4        8
  MONTH TO DATE  123                       203    -80      236
  SINCE JUN 1    314                       373    -59      398
  SINCE JAN 1    376                       426    -50      492
..................................................................


WIND (MPH)
  HIGHEST WIND SPEED    21   HIGHEST WIND DIRECTION    SW (240)
  HIGHEST GUST SPEED    26   HIGHEST GUST DIRECTION     W (250)
  AVERAGE WIND SPEED     8.0


SKY COVER
  POSSIBLE SUNSHINE  MM
  AVERAGE SKY COVER 0.9


WEATHER CONDITIONS
 THE FOLLOWING WEATHER WAS RECORDED YESTERDAY.
  THUNDERSTORM
  HEAVY RAIN
  RAIN
  LIGHT RAIN
  FOG
  HAZE


RELATIVE HUMIDITY (PERCENT)
 HIGHEST    93           500 AM
 LOWEST     57           500 PM
 AVERAGE    75

..........................................................


THE TOLEDO OH CLIMATE NORMALS FOR TODAY
                         NORMAL    RECORD    YEAR
 MAXIMUM TEMPERATURE (F)   84       103      1934
 MINIMUM TEMPERATURE (F)   62        50      1985


SUNRISE AND SUNSET
JULY 24 2014..........SUNRISE   622 AM EDT   SUNSET   901 PM EDT
JULY 25 2014..........SUNRISE   623 AM EDT   SUNSET   900 PM EDT


-  INDICATES NEGATIVE NUMBERS.
R  INDICATES RECORD WAS SET OR TIED.
MM INDICATES DATA IS MISSING.
T  INDICATES TRACE AMOUNT.




$$
