000
CDUS43 KTOP 252133
CLITOP


CLIMATE REPORT
NATIONAL WEATHER SERVICE TOPEKA KS
433 PM CDT SAT OCT 25 2014


...................................

...THE TOPEKA KS CLIMATE SUMMARY FOR OCTOBER 25 2014...
VALID TODAY AS OF 0400 PM LOCAL TIME.

CLIMATE NORMAL PERIOD 1981 TO 2010
CLIMATE RECORD PERIOD 1887 TO 2014


WEATHER ITEM   OBSERVED TIME   RECORD YEAR NORMAL DEPARTURE LAST
                VALUE   (LST)  VALUE       VALUE  FROM      YEAR
                                                  NORMAL
..................................................................
TEMPERATURE (F)
 TODAY
  MAXIMUM         82    254 PM  88    1891  65     17       59
  MINIMUM         52    612 AM  22    1887  42     10       28
  AVERAGE         67                        54     13       44

PRECIPITATION (IN)
  TODAY            0.00          0.86 2006   0.09  -0.09     0.00
  MONTH TO DATE    4.46                      2.53   1.93     2.01
  SINCE SEP 1      8.60                      6.19   2.41     5.28
  SINCE JAN 1     28.44                     32.76  -4.32    29.75

SNOWFALL (IN)
  TODAY            0.0           0.2  1898   0.0    0.0      0.0
  MONTH TO DATE    0.0                       0.2   -0.2       T
  SINCE JAN 1     23.1                      11.5   11.6     24.2
  SINCE JUL 1      T                         0.2   -0.2       T
  SNOW DEPTH       0

DEGREE DAYS
 HEATING
  TODAY            0                        12    -12       21
  MONTH TO DATE  143                       211    -68      234
  SINCE SEP 1    192                       276    -84      248
  SINCE JUL 1    192                       278    -86      248

 COOLING
  TODAY            2                         0      2        0
  MONTH TO DATE   19                        25     -6       37
  SINCE SEP 1    192                       190      2      292
  SINCE JAN 1   1602                      1418    184     1586
..................................................................


WIND (MPH)
  HIGHEST WIND SPEED     9   HIGHEST WIND DIRECTION     E (80)
  HIGHEST GUST SPEED    12   HIGHEST GUST DIRECTION     E (80)
  AVERAGE WIND SPEED     2.4



WEATHER CONDITIONS
 THE FOLLOWING WEATHER WAS RECORDED TODAY.
  FOG
  FOG W/VISIBILITY <= 1/4 MILE


RELATIVE HUMIDITY (PERCENT)
 HIGHEST   100          1200 AM
 LOWEST     43           300 PM
 AVERAGE    72

..........................................................


THE TOPEKA KS CLIMATE NORMALS FOR TOMORROW
                         NORMAL    RECORD    YEAR
 MAXIMUM TEMPERATURE (F)   65        87      1939
 MINIMUM TEMPERATURE (F)   42        22      1887


SUNRISE AND SUNSET
OCTOBER 25 2014.......SUNRISE   742 AM CDT   SUNSET   630 PM CDT
OCTOBER 26 2014.......SUNRISE   744 AM CDT   SUNSET   629 PM CDT


-  INDICATES NEGATIVE NUMBERS.
R  INDICATES RECORD WAS SET OR TIED.
MM INDICATES DATA IS MISSING.
T  INDICATES TRACE AMOUNT.




$$
