896
CDUS45 KCYS 300732
CLITOR


CLIMATE REPORT
NATIONAL WEATHER SERVICE CHEYENNE WY
130 AM MDT SAT JUL 30 2016


...................................

...THE TORRINGTON WY AIRPORT CLIMATE SUMMARY FOR JULY 29 2016...

CLIMATE NORMAL PERIOD 1981 TO 2010
CLIMATE RECORD PERIOD 1998 TO 2016


WEATHER ITEM   OBSERVED TIME   RECORD YEAR NORMAL DEPARTURE LAST
                VALUE   (LST)  VALUE       VALUE  FROM      YEAR
                                                  NORMAL
..................................................................
TEMPERATURE (F)
 YESTERDAY
  MAXIMUM         88    112 PM 102    2006  91     -3       86
  MINIMUM         56    444 AM  46    2015  59     -3       46
  AVERAGE         72                        74     -2       66

PRECIPITATION (IN)
  YESTERDAY        0.20          0.27 2004   0.06   0.14     0.00
  MONTH TO DATE    0.63                      1.68  -1.05     1.92
  SINCE JAN 1      8.76                      9.57  -0.81    15.43

DEGREE DAYS
 HEATING
  YESTERDAY        0                         0      0        0
  MONTH TO DATE    0                         0      0        8
  SINCE JUN 1      7                        75    -68       11
  SINCE JUL 1      0                         0      0        8

 COOLING
  YESTERDAY        7                        10     -3        1
  MONTH TO DATE  309                       263     46      206
  SINCE JUN 1    542                       379    163      356
  SINCE JAN 1    542                       397    145      356
..................................................................


WIND (MPH)
  HIGHEST WIND SPEED    43   HIGHEST WIND DIRECTION     N (20)
  HIGHEST GUST SPEED    53   HIGHEST GUST DIRECTION    NE (30)
  AVERAGE WIND SPEED     8.3


SKY COVER
  AVERAGE SKY COVER 0.2


WEATHER CONDITIONS
 THE FOLLOWING WEATHER WAS RECORDED YESTERDAY.
  RAIN
  LIGHT RAIN
  FOG


RELATIVE HUMIDITY (PERCENT)
 HIGHEST   100           600 AM
 LOWEST     34           100 PM
 AVERAGE    67

..........................................................


THE TORRINGTON WY AIRPORT CLIMATE NORMALS FOR TODAY
                         NORMAL    RECORD    YEAR
 MAXIMUM TEMPERATURE (F)   90       101      2006
 MINIMUM TEMPERATURE (F)   59        42      2009


SUNRISE AND SUNSET
JULY 30 2016..........SUNRISE   548 AM MDT   SUNSET   817 PM MDT
JULY 31 2016..........SUNRISE   549 AM MDT   SUNSET   816 PM MDT


-  INDICATES NEGATIVE NUMBERS.
R  INDICATES RECORD WAS SET OR TIED.
MM INDICATES DATA IS MISSING.
T  INDICATES TRACE AMOUNT.




$$
