000
CDUS45 KCYS 010344
CLITOR


CLIMATE REPORT
NATIONAL WEATHER SERVICE CHEYENNE WY
941 PM MDT THU JUL 31 2014


...................................

...THE TORRINGTON WY AIRPORT CLIMATE SUMMARY FOR JULY 31 2014...
VALID TODAY AS OF 0900 PM LOCAL TIME.

CLIMATE NORMAL PERIOD 1981 TO 2010
CLIMATE RECORD PERIOD 1998 TO 2014


WEATHER ITEM   OBSERVED TIME   RECORD YEAR NORMAL DEPARTURE LAST
                VALUE   (LST)  VALUE       VALUE  FROM      YEAR
                                                  NORMAL
..................................................................
TEMPERATURE (F)
 TODAY
  MAXIMUM         86    328 PM 105    2002  90     -4       89
  MINIMUM         53    519 AM  48    2009  58     -5       54
  AVERAGE         70                        74     -4       72

PRECIPITATION (IN)
  TODAY            0.00          0.24 2005   0.06  -0.06     0.00
  MONTH TO DATE    1.35                      1.80  -0.45     0.51
  SINCE JAN 1     11.46                      9.69   1.77     5.93

DEGREE DAYS
 HEATING
  TODAY            0                         0      0        0
  MONTH TO DATE    7                         0      7        2
  SINCE JUN 1     85                        81      4       36
  SINCE JUL 1      7                         6      1        2

 COOLING
  TODAY            5                        10     -5        7
  MONTH TO DATE  258                       282    -24      288
  SINCE JUN 1    320                       398    -78      448
  SINCE JAN 1    336                       416    -80      487
..................................................................


WIND (MPH)
  HIGHEST WIND SPEED    12   HIGHEST WIND DIRECTION     S (180)
  HIGHEST GUST SPEED    16   HIGHEST GUST DIRECTION     S (190)
  AVERAGE WIND SPEED     6.2


SKY COVER
  AVERAGE SKY COVER 0.0


WEATHER CONDITIONS
 THE FOLLOWING WEATHER WAS RECORDED TODAY.
  FOG


RELATIVE HUMIDITY (PERCENT)
 HIGHEST   100           400 AM
 LOWEST     23           300 PM
 AVERAGE    62

..........................................................


THE TORRINGTON WY AIRPORT CLIMATE NORMALS FOR TOMORROW
                         NORMAL    RECORD    YEAR
 MAXIMUM TEMPERATURE (F)   90        99      2011
 MINIMUM TEMPERATURE (F)   58        47      2009


SUNRISE AND SUNSET
JULY 31 2014..........SUNRISE   549 AM MDT   SUNSET   816 PM MDT
AUGUST  1 2014........SUNRISE   550 AM MDT   SUNSET   815 PM MDT


-  INDICATES NEGATIVE NUMBERS.
R  INDICATES RECORD WAS SET OR TIED.
MM INDICATES DATA IS MISSING.
T  INDICATES TRACE AMOUNT.




$$
