000
CDUS42 KTBW 292127
CLITPA


CLIMATE REPORT
NATIONAL WEATHER SERVICE TAMPA BAY FL
525 PM EDT WED MAR 29 2017


...................................

...THE TAMPA CLIMATE SUMMARY FOR MARCH 29 2017...
VALID TODAY AS OF 0500 PM LOCAL TIME.

CLIMATE NORMAL PERIOD 1981 TO 2010
CLIMATE RECORD PERIOD 1890 TO 2017


WEATHER ITEM   OBSERVED TIME   RECORD YEAR NORMAL DEPARTURE LAST
                VALUE   (LST)  VALUE       VALUE  FROM      YEAR
                                                  NORMAL
..................................................................
TEMPERATURE (F)
 TODAY
  MAXIMUM         87    302 PM  90    1949  78      9       78
  MINIMUM         65    345 AM  41    1955  60      5       64
  AVERAGE         76                        69      7       71

PRECIPITATION (IN)
  TODAY            0.00          3.00 2001   0.09  -0.09     0.38
  MONTH TO DATE    0.97                      2.84  -1.87     1.76
  SINCE MAR 1      0.97                      2.84  -1.87     1.76
  SINCE JAN 1      3.93                      7.88  -3.95    10.47

DEGREE DAYS
 HEATING
  TODAY            0                         1     -1        0
  MONTH TO DATE   28                        55    -27       15
  SINCE MAR 1     28                        55    -27       15
  SINCE JUL 1    164                       526   -362      323

 COOLING
  TODAY           11                         5      6        6
  MONTH TO DATE  167                       115     52      195
  SINCE MAR 1    167                       115     52      195
  SINCE JAN 1    420                       228    192      273
..................................................................


WIND (MPH)
  RESULTANT WIND SPEED   1   RESULTANT WIND DIRECTION  SW (230)
  HIGHEST WIND SPEED    15   HIGHEST WIND DIRECTION    SW (240)
  HIGHEST GUST SPEED    19   HIGHEST GUST DIRECTION    SW (240)
  AVERAGE WIND SPEED     5.8


SKY COVER
  POSSIBLE SUNSHINE  MM
  AVERAGE SKY COVER 0.2


WEATHER CONDITIONS
 THE FOLLOWING WEATHER WAS RECORDED TODAY.
  NO SIGNIFICANT WEATHER WAS OBSERVED.


RELATIVE HUMIDITY (PERCENT)
 HIGHEST    87           300 AM
 LOWEST     34           200 PM

..........................................................


THE TAMPA CLIMATE NORMALS FOR TOMORROW
                         NORMAL    RECORD    YEAR
 MAXIMUM TEMPERATURE (F)   78        92      1907
 MINIMUM TEMPERATURE (F)   60        44      1955


SUNRISE AND SUNSET
MARCH 29 2017.........SUNRISE   724 AM EDT   SUNSET   746 PM EDT
MARCH 30 2017.........SUNRISE   722 AM EDT   SUNSET   747 PM EDT


-  INDICATES NEGATIVE NUMBERS.
R  INDICATES RECORD WAS SET OR TIED.
MM INDICATES DATA IS MISSING.
T  INDICATES TRACE AMOUNT.




$$


&&
------------------------------------------------------------------
******************** SUPPLEMENTAL DATA ***************************

...RUSKIN                HIGH 88    LOW 60    PCPN 0.00
...SARASOTA/BRADENTON    HIGH 81    LOW 60    PCPN 0.00
...ST. PETERSBURG        HIGH 82    LOW 68    PCPN 0.00
...GULF WATER TEMPERATURE AT CLEARWATER BEACH 73 DEGREES
