000
CDUS42 KTBW 060928
CLITPA


CLIMATE REPORT
NATIONAL WEATHER SERVICE TAMPA BAY FL
426 AM EST SAT FEB 6 2016


...................................

...THE TAMPA CLIMATE SUMMARY FOR FEBRUARY 5 2016...

CLIMATE NORMAL PERIOD 1981 TO 2010
CLIMATE RECORD PERIOD 1890 TO 2016


WEATHER ITEM   OBSERVED TIME   RECORD YEAR NORMAL DEPARTURE LAST
                VALUE   (LST)  VALUE       VALUE  FROM      YEAR
                                                  NORMAL
..................................................................
TEMPERATURE (F)
 YESTERDAY
  MAXIMUM         64    414 PM  84    1957  71     -7       67
  MINIMUM         45    837 AM  25    1996  53     -8       53
  AVERAGE         55                        62     -7       60

PRECIPITATION (IN)
  YESTERDAY        0.00          3.06 1897   0.11  -0.11     1.64
  MONTH TO DATE    1.05                      0.52   0.53     1.88
  SINCE DEC 1      7.72                      5.22   2.50     5.20
  SINCE JAN 1      7.23                      2.75   4.48     3.63

DEGREE DAYS
 HEATING
  YESTERDAY       10                         5      5        5
  MONTH TO DATE   10                        25    -15       18
  SINCE DEC 1    189                       346   -157      234
  SINCE JUL 1    194                       390   -196      322

 COOLING
  YESTERDAY        0                         2     -2        0
  MONTH TO DATE   29                        10     19        1
  SINCE DEC 1    334                       140    194      152
  SINCE JAN 1     59                        60     -1       57
..................................................................


WIND (MPH)
  RESULTANT WIND SPEED  10   RESULTANT WIND DIRECTION   N (0)
  HIGHEST WIND SPEED    25   HIGHEST WIND DIRECTION     N (340)
  HIGHEST GUST SPEED    34   HIGHEST GUST DIRECTION     N (340)
  AVERAGE WIND SPEED    11.3


SKY COVER
  POSSIBLE SUNSHINE  MM
  AVERAGE SKY COVER 0.2


WEATHER CONDITIONS
 THE FOLLOWING WEATHER WAS RECORDED YESTERDAY.
  NO SIGNIFICANT WEATHER WAS OBSERVED.


RELATIVE HUMIDITY (PERCENT)
 HIGHEST    77          1200 AM
 LOWEST     20           400 PM
 AVERAGE    49

..........................................................


THE TAMPA CLIMATE NORMALS FOR TODAY
                         NORMAL    RECORD    YEAR
 MAXIMUM TEMPERATURE (F)   71        84      2012
                                             1957
 MINIMUM TEMPERATURE (F)   53        28      1966


SUNRISE AND SUNSET
FEBRUARY  6 2016......SUNRISE   715 AM EST   SUNSET   614 PM EST
FEBRUARY  7 2016......SUNRISE   714 AM EST   SUNSET   615 PM EST


-  INDICATES NEGATIVE NUMBERS.
R  INDICATES RECORD WAS SET OR TIED.
MM INDICATES DATA IS MISSING.
T  INDICATES TRACE AMOUNT.




$$


&&
------------------------------------------------------------------
******************** SUPPLEMENTAL DATA ***************************

...RUSKIN                HIGH 65    LOW 45    PCPN 0.00
...SARASOTA/BRADENTON    HIGH 64    LOW 48    PCPN 0.00
...ST. PETERSBURG        HIGH 62    LOW 49    PCPN 0.00
...GULF WATER TEMPERATURE AT CLEARWATER BEACH 59 DEGREES
