000
CDUS42 KTBW 180949
CLITPA


CLIMATE REPORT
NATIONAL WEATHER SERVICE TAMPA BAY FL
448 AM EST SUN FEB 18 2018


...................................

...THE TAMPA CLIMATE SUMMARY FOR FEBRUARY 17 2018...

CLIMATE NORMAL PERIOD 1981 TO 2010
CLIMATE RECORD PERIOD 1890 TO 2018


WEATHER ITEM   OBSERVED TIME   RECORD YEAR NORMAL DEPARTURE LAST
                VALUE   (LST)  VALUE       VALUE  FROM      YEAR
                                                  NORMAL
..................................................................
TEMPERATURE (F)
 YESTERDAY
  MAXIMUM         81    343 PM  83    1995  73      8       74
                                      1981
                                      1975
  MINIMUM         65    720 AM  34    1996  55     10       50
                                      1991
                                      1958
  AVERAGE         73                        64      9       62

PRECIPITATION (IN)
  YESTERDAY        0.00          1.55 1940   0.11  -0.11     0.00
  MONTH TO DATE    2.61                      1.77   0.84     0.73
  SINCE DEC 1      8.46                      6.47   1.99     2.06
  SINCE JAN 1      7.61                      4.00   3.61     1.63

DEGREE DAYS
 HEATING
  YESTERDAY        0                         3     -3        3
  MONTH TO DATE    1                        74    -73       13
  SINCE DEC 1    263                       395   -132      121
  SINCE JUL 1    271                       439   -168      136

 COOLING
  YESTERDAY        8                         2      6        0
  MONTH TO DATE  134                        34    100       54
  SINCE DEC 1    323                       164    159      373
  SINCE JAN 1    185                        84    101      181
..................................................................


WIND (MPH)
  RESULTANT WIND SPEED   3   RESULTANT WIND DIRECTION  SW (220)
  HIGHEST WIND SPEED    15   HIGHEST WIND DIRECTION     S (180)
  HIGHEST GUST SPEED    19   HIGHEST GUST DIRECTION     S (180)
  AVERAGE WIND SPEED     5.2


SKY COVER
  POSSIBLE SUNSHINE  MM
  AVERAGE SKY COVER 0.2


WEATHER CONDITIONS
 THE FOLLOWING WEATHER WAS RECORDED YESTERDAY.
  FOG
  FOG W/VISIBILITY <= 1/4 MILE


RELATIVE HUMIDITY (PERCENT)
 HIGHEST    93           800 AM
 LOWEST     45           400 PM
 AVERAGE    69

..........................................................


THE TAMPA CLIMATE NORMALS FOR TODAY
                         NORMAL    RECORD    YEAR
 MAXIMUM TEMPERATURE (F)   73        84      1990
                                             1891
 MINIMUM TEMPERATURE (F)   55        28      1900


SUNRISE AND SUNSET
FEBRUARY 18 2018......SUNRISE   705 AM EST   SUNSET   623 PM EST
FEBRUARY 19 2018......SUNRISE   704 AM EST   SUNSET   624 PM EST


-  INDICATES NEGATIVE NUMBERS.
R  INDICATES RECORD WAS SET OR TIED.
MM INDICATES DATA IS MISSING.
T  INDICATES TRACE AMOUNT.




$$


&&
------------------------------------------------------------------
******************** SUPPLEMENTAL DATA ***************************

...RUSKIN                HIGH 80    LOW 60    PCPN 0.00
...SARASOTA/BRADENTON    HIGH 77    LOW 58    PCPN 0.00
...ST. PETERSBURG        HIGH 79    LOW 65    PCPN 0.00
...GULF WATER TEMPERATURE AT CLEARWATER BEACH 69 DEGREES
