000
CDUS42 KTBW 300831
CLITPA


CLIMATE REPORT
NATIONAL WEATHER SERVICE TAMPA BAY FL
428 AM EDT SUN AUG 30 2015


...................................

...THE TAMPA CLIMATE SUMMARY FOR AUGUST 29 2015...

CLIMATE NORMAL PERIOD 1981 TO 2010
CLIMATE RECORD PERIOD 1890 TO 2015


WEATHER ITEM   OBSERVED TIME   RECORD YEAR NORMAL DEPARTURE LAST
                VALUE   (LST)  VALUE       VALUE  FROM      YEAR
                                                  NORMAL
..................................................................
TEMPERATURE (F)
 YESTERDAY
  MAXIMUM         91   1216 PM  97    1951  90      1       92
  MINIMUM         74    447 AM  69    1969  76     -2       78
  AVERAGE         83                        83      0       85

PRECIPITATION (IN)
  YESTERDAY        0.75          2.15 1992   0.25   0.50      T
  MONTH TO DATE   15.64                      7.28   8.36     5.42
  SINCE JUN 1     33.71                     21.03  12.68    19.87
  SINCE JAN 1     54.60                     33.23  21.37    39.20

DEGREE DAYS
 HEATING
  YESTERDAY        0                         0      0        0
  MONTH TO DATE    0                         0      0        0
  SINCE JUN 1      0                         0      0        0
  SINCE JUL 1      0                         0      0        0

 COOLING
  YESTERDAY       18                        18      0       20
  MONTH TO DATE  541                       522     19      563
  SINCE JUN 1   1657                      1596     61     1653
  SINCE JAN 1   2878                      2473    405     2476
..................................................................


WIND (MPH)
  RESULTANT WIND SPEED   3   RESULTANT WIND DIRECTION   E (70)
  HIGHEST WIND SPEED    15   HIGHEST WIND DIRECTION     N (350)
  HIGHEST GUST SPEED    18   HIGHEST GUST DIRECTION     E (90)
  AVERAGE WIND SPEED     6.2


SKY COVER
  POSSIBLE SUNSHINE  MM
  AVERAGE SKY COVER 0.8


WEATHER CONDITIONS
 THE FOLLOWING WEATHER WAS RECORDED YESTERDAY.
  THUNDERSTORM
  HEAVY RAIN
  RAIN
  LIGHT RAIN
  FOG


RELATIVE HUMIDITY (PERCENT)
 HIGHEST    94           700 AM
 LOWEST     59          1200 PM
 AVERAGE    77

..........................................................


THE TAMPA CLIMATE NORMALS FOR TODAY
                         NORMAL    RECORD    YEAR
 MAXIMUM TEMPERATURE (F)   90        96      1960
                                             1951
 MINIMUM TEMPERATURE (F)   76        66      1896


SUNRISE AND SUNSET
AUGUST 30 2015........SUNRISE   708 AM EDT   SUNSET   753 PM EDT
AUGUST 31 2015........SUNRISE   708 AM EDT   SUNSET   752 PM EDT


-  INDICATES NEGATIVE NUMBERS.
R  INDICATES RECORD WAS SET OR TIED.
MM INDICATES DATA IS MISSING.
T  INDICATES TRACE AMOUNT.




$$


&&
------------------------------------------------------------------
******************** SUPPLEMENTAL DATA ***************************

...RUSKIN                HIGH 92    LOW 72    PCPN 0.03
...SARASOTA/BRADENTON    HIGH 93    LOW 73    PCPN 0.04
...ST. PETERSBURG        HIGH 91    LOW 78    PCPN 0.53
...GULF WATER TEMPERATURE AT CLEARWATER BEACH 85
