537
CDUS42 KTBW 252115
CLITPA


CLIMATE REPORT
NATIONAL WEATHER SERVICE TAMPA BAY FL
514 PM EDT THU MAY 25 2017


...................................

...THE TAMPA CLIMATE SUMMARY FOR MAY 25 2017...
VALID TODAY AS OF 0500 PM LOCAL TIME.

CLIMATE NORMAL PERIOD 1981 TO 2010
CLIMATE RECORD PERIOD 1890 TO 2017


WEATHER ITEM   OBSERVED TIME   RECORD YEAR NORMAL DEPARTURE LAST
                VALUE   (LST)  VALUE       VALUE  FROM      YEAR
                                                  NORMAL
..................................................................
TEMPERATURE (F)
 TODAY
  MAXIMUM         85    225 PM  96    2012  89     -4       91
  MINIMUM         77    823 AM  58    1892  72      5       74
  AVERAGE         81                        80      1       83

PRECIPITATION (IN)
  TODAY            0.00          2.45 1984   0.09  -0.09     0.00
  MONTH TO DATE    1.48                      1.52  -0.04     3.76
  SINCE MAR 1      3.06                      6.58  -3.52     7.19
  SINCE JAN 1      6.02                     11.62  -5.60    15.90

DEGREE DAYS
 HEATING
  TODAY            0                         0      0        0
  MONTH TO DATE    0                         0      0        0
  SINCE MAR 1     28                        67    -39       15
  SINCE JUL 1    164                       538   -374      323

 COOLING
  TODAY           16                        15      1       18
  MONTH TO DATE  404                       323     81      335
  SINCE MAR 1    963                       670    293      844
  SINCE JAN 1   1216                       783    433      922
..................................................................


WIND (MPH)
  RESULTANT WIND SPEED  13   RESULTANT WIND DIRECTION   W (270)
  HIGHEST WIND SPEED    18   HIGHEST WIND DIRECTION     W (290)
  HIGHEST GUST SPEED    31   HIGHEST GUST DIRECTION     W (280)
  AVERAGE WIND SPEED    13.3


SKY COVER
  POSSIBLE SUNSHINE  MM
  AVERAGE SKY COVER 0.8


WEATHER CONDITIONS
 THE FOLLOWING WEATHER WAS RECORDED TODAY.
  NO SIGNIFICANT WEATHER WAS OBSERVED.


RELATIVE HUMIDITY (PERCENT)
 HIGHEST    79          1200 AM
 LOWEST     43          1200 PM

..........................................................


THE TAMPA CLIMATE NORMALS FOR TOMORROW
                         NORMAL    RECORD    YEAR
 MAXIMUM TEMPERATURE (F)   89        98      1975
 MINIMUM TEMPERATURE (F)   72        60      1979
                                             1967


SUNRISE AND SUNSET
MAY 25 2017...........SUNRISE   636 AM EDT   SUNSET   819 PM EDT
MAY 26 2017...........SUNRISE   636 AM EDT   SUNSET   819 PM EDT


-  INDICATES NEGATIVE NUMBERS.
R  INDICATES RECORD WAS SET OR TIED.
MM INDICATES DATA IS MISSING.
T  INDICATES TRACE AMOUNT.




$$


&&
------------------------------------------------------------------
******************** SUPPLEMENTAL DATA ***************************

...RUSKIN                HIGH 83    LOW 75    PCPN TRACE
...SARASOTA/BRADENTON    HIGH 83    LOW 77    PCPN TRACE
...LAKELAND*             HIGH 87    LOW 73    PCPN 0.01
...ST. PETERSBURG        HIGH 83    LOW 77    PCPN TRACE
...GULF WATER TEMPERATURE AT CLEARWATER BEACH 82 DEGREES

*LAKELAND DATA IS FROM 4:30 PM WEDNESDAY TO 4:30 PM THURSDAY
AND MAY REFLECT YESTERDAYS RAINFALL AND HIGH TEMPERATURE.
