000
CDUS45 KLKN 260929
CLITPH


CLIMATE REPORT
NATIONAL WEATHER SERVICE ELKO NV
129 AM PST FRI DEC 26 2014


...................................

...THE TONOPAH AIRPORT NV CLIMATE SUMMARY FOR DECEMBER 25 2014...

CLIMATE NORMAL PERIOD 1981 TO 2010
CLIMATE RECORD PERIOD 1954 TO 2014


WEATHER ITEM   OBSERVED TIME   RECORD YEAR NORMAL DEPARTURE LAST
                VALUE   (LST)  VALUE       VALUE  FROM      YEAR
                                                  NORMAL
..................................................................
TEMPERATURE (F)
 YESTERDAY
  MAXIMUM         33    119 PM  61    1980  44    -11       52
  MINIMUM         23    923 PM  -5    1984  19      4       24
  AVERAGE         28                        31     -3       38

PRECIPITATION (IN)
  YESTERDAY        T             0.21 1983   0.01  -0.01     0.00
  MONTH TO DATE    0.35                      0.25   0.10     0.04
  SINCE OCT 1      0.48                      1.03  -0.55     0.46
  SINCE JAN 1      4.19                      5.18  -0.99     4.49

DEGREE DAYS
 HEATING
  YESTERDAY       37                        34      3       27
  MONTH TO DATE  655                       826   -171      882
  SINCE DEC 1    655                       826   -171      882
  SINCE JUL 1   1568                      2043   -475     2109

 COOLING
  YESTERDAY        0                         0      0        0
  MONTH TO DATE    0                         0      0        0
  SINCE DEC 1      0                         0      0        0
  SINCE JAN 1   1004                       783    221     1042
..................................................................


WIND (MPH)
  HIGHEST WIND SPEED    43   HIGHEST WIND DIRECTION    NW (320)
  HIGHEST GUST SPEED    54   HIGHEST GUST DIRECTION    NW (320)
  AVERAGE WIND SPEED    23.5



WEATHER CONDITIONS
 THE FOLLOWING WEATHER WAS RECORDED YESTERDAY.
  LIGHT SNOW


RELATIVE HUMIDITY (PERCENT)
 HIGHEST    75          1200 AM
 LOWEST     50           500 PM
 AVERAGE    63

..........................................................


THE TONOPAH AIRPORT NV CLIMATE NORMALS FOR TODAY
                         NORMAL    RECORD    YEAR
 MAXIMUM TEMPERATURE (F)   44        63      1980
 MINIMUM TEMPERATURE (F)   19        -1      1962


SUNRISE AND SUNSET
DECEMBER 26 2014......SUNRISE   703 AM PST   SUNSET   435 PM PST
DECEMBER 27 2014......SUNRISE   703 AM PST   SUNSET   436 PM PST


-  INDICATES NEGATIVE NUMBERS.
R  INDICATES RECORD WAS SET OR TIED.
MM INDICATES DATA IS MISSING.
T  INDICATES TRACE AMOUNT.




$$
