000
CDUS45 KLKN 230930
CLITPH


CLIMATE REPORT
NATIONAL WEATHER SERVICE ELKO NV
226 AM PDT FRI JUN 23 2017


...................................

...THE TONOPAH AIRPORT NV CLIMATE SUMMARY FOR JUNE 22 2017...

CLIMATE NORMAL PERIOD 1981 TO 2010
CLIMATE RECORD PERIOD 1954 TO 2017


WEATHER ITEM   OBSERVED TIME   RECORD YEAR NORMAL DEPARTURE LAST
                VALUE   (LST)  VALUE       VALUE  FROM      YEAR
                                                  NORMAL
..................................................................
TEMPERATURE (F)
 YESTERDAY
  MAXIMUM         98    326 PM 102    1954  87     11       98
  MINIMUM         67    444 AM  44    1998  53     14       63
  AVERAGE         83                        70     13       81

PRECIPITATION (IN)
  YESTERDAY        0.00          0.50 1972   0.00   0.00     0.00
  MONTH TO DATE    T                         0.24  -0.24     0.07
  SINCE OCT 1      2.78                      3.86  -1.08     5.62
  SINCE JAN 1      2.25                      2.77  -0.52     2.24

DEGREE DAYS
 HEATING
  YESTERDAY        0                         1     -1        0
  MONTH TO DATE   31                        47    -16       10
  SINCE JUN 1     31                        47    -16       10
  SINCE JUL 1   5010                      5458   -448     5148

 COOLING
  YESTERDAY       18                         6     12       16
  MONTH TO DATE  181                        89     92      164
  SINCE JUN 1    181                        89     92      164
  SINCE JAN 1    214                       116     98      172
..................................................................


WIND (MPH)
  HIGHEST WIND SPEED    22   HIGHEST WIND DIRECTION     W (290)
  HIGHEST GUST SPEED    30   HIGHEST GUST DIRECTION    NW (300)
  AVERAGE WIND SPEED    12.8



WEATHER CONDITIONS
 THE FOLLOWING WEATHER WAS RECORDED YESTERDAY.
  NO SIGNIFICANT WEATHER WAS OBSERVED.


RELATIVE HUMIDITY (PERCENT)
 HIGHEST    27           200 AM
 LOWEST      8           400 PM
 AVERAGE    18

..........................................................


THE TONOPAH AIRPORT NV CLIMATE NORMALS FOR TODAY
                         NORMAL    RECORD    YEAR
 MAXIMUM TEMPERATURE (F)   88       100      1954
 MINIMUM TEMPERATURE (F)   54        42      1963


SUNRISE AND SUNSET
JUNE 23 2017..........SUNRISE   526 AM PDT   SUNSET   815 PM PDT
JUNE 24 2017..........SUNRISE   527 AM PDT   SUNSET   815 PM PDT


-  INDICATES NEGATIVE NUMBERS.
R  INDICATES RECORD WAS SET OR TIED.
MM INDICATES DATA IS MISSING.
T  INDICATES TRACE AMOUNT.




$$
