000
CDUS45 KLKN 260929
CLITPH


CLIMATE REPORT
NATIONAL WEATHER SERVICE ELKO NV
227 AM PDT TUE JUL 26 2016


...................................

...THE TONOPAH AIRPORT NV CLIMATE SUMMARY FOR JULY 25 2016...

CLIMATE NORMAL PERIOD 1981 TO 2010
CLIMATE RECORD PERIOD 1954 TO 2016


WEATHER ITEM   OBSERVED TIME   RECORD YEAR NORMAL DEPARTURE LAST
                VALUE   (LST)  VALUE       VALUE  FROM      YEAR
                                                  NORMAL
..................................................................
TEMPERATURE (F)
 YESTERDAY
  MAXIMUM         99    430 PM 102    1980  93      6       91
  MINIMUM         61    531 AM  45    1983  58      3       57
  AVERAGE         80                        75      5       74

PRECIPITATION (IN)
  YESTERDAY        0.00          1.27 1982   0.02  -0.02     0.00
  MONTH TO DATE    0.08                      0.34  -0.26     0.11
  SINCE OCT 1      5.74                      4.24   1.50     2.66
  SINCE JAN 1      2.36                      3.15  -0.79     2.18

DEGREE DAYS
 HEATING
  YESTERDAY        0                         0      0        0
  MONTH TO DATE    0                         0      0        0
  SINCE JUN 1     10                        50    -40        6
  SINCE JUL 1      0                         0      0        0

 COOLING
  YESTERDAY       15                        10      5        9
  MONTH TO DATE  273                       238     35      206
  SINCE JUN 1    543                       383    160      497
  SINCE JAN 1    551                       410    141      520
..................................................................


WIND (MPH)
  HIGHEST WIND SPEED    18   HIGHEST WIND DIRECTION     S (200)
  HIGHEST GUST SPEED    24   HIGHEST GUST DIRECTION    SW (220)
  AVERAGE WIND SPEED     7.0



WEATHER CONDITIONS
 THE FOLLOWING WEATHER WAS RECORDED YESTERDAY.
  NO SIGNIFICANT WEATHER WAS OBSERVED.


RELATIVE HUMIDITY (PERCENT)
 HIGHEST    17           500 AM
 LOWEST      5           500 PM
 AVERAGE    11

..........................................................


THE TONOPAH AIRPORT NV CLIMATE NORMALS FOR TODAY
                         NORMAL    RECORD    YEAR
 MAXIMUM TEMPERATURE (F)   93       101      1980
 MINIMUM TEMPERATURE (F)   58        43      1983


SUNRISE AND SUNSET
JULY 26 2016..........SUNRISE   547 AM PDT   SUNSET   803 PM PDT
JULY 27 2016..........SUNRISE   548 AM PDT   SUNSET   802 PM PDT


-  INDICATES NEGATIVE NUMBERS.
R  INDICATES RECORD WAS SET OR TIED.
MM INDICATES DATA IS MISSING.
T  INDICATES TRACE AMOUNT.




$$
