000
CDUS45 KLKN 260928
CLITPH


CLIMATE REPORT
NATIONAL WEATHER SERVICE ELKO NV
126 AM PST MON JAN 26 2015


...................................

...THE TONOPAH AIRPORT NV CLIMATE SUMMARY FOR JANUARY 25 2015...

CLIMATE NORMAL PERIOD 1981 TO 2010
CLIMATE RECORD PERIOD 1954 TO 2015


WEATHER ITEM   OBSERVED TIME   RECORD YEAR NORMAL DEPARTURE LAST
                VALUE   (LST)  VALUE       VALUE  FROM      YEAR
                                                  NORMAL
..................................................................
TEMPERATURE (F)
 YESTERDAY
  MAXIMUM         64R   319 PM  60    2012  46     18       56
                                      1975
  MINIMUM         28    717 AM   5    2001  21      7       26
                                      1955
  AVERAGE         46                        33     13       41

PRECIPITATION (IN)
  YESTERDAY        0.00          0.67 1995   0.02  -0.02     0.00
  MONTH TO DATE    T                         0.39  -0.39     0.00
  SINCE OCT 1      0.48                      1.48  -1.00     0.46
  SINCE JAN 1      T                         0.39  -0.39     0.00

DEGREE DAYS
 HEATING
  YESTERDAY       19                        32    -13       24
  MONTH TO DATE  646                       819   -173      646
  SINCE DEC 1   1536                      1847   -311     1697
  SINCE JUL 1   2449                      3064   -615     2924

 COOLING
  YESTERDAY        0                         0      0        0
  MONTH TO DATE    0                         0      0        0
  SINCE DEC 1      0                         0      0        0
  SINCE JAN 1      0                         0      0        0
..................................................................


WIND (MPH)
  HIGHEST WIND SPEED    23   HIGHEST WIND DIRECTION     N (10)
  HIGHEST GUST SPEED    25   HIGHEST GUST DIRECTION     N (10)
  AVERAGE WIND SPEED     8.3



WEATHER CONDITIONS
 THE FOLLOWING WEATHER WAS RECORDED YESTERDAY.
  NO SIGNIFICANT WEATHER WAS OBSERVED.


RELATIVE HUMIDITY (PERCENT)
 HIGHEST    75           700 AM
 LOWEST     22           300 PM
 AVERAGE    49

..........................................................


THE TONOPAH AIRPORT NV CLIMATE NORMALS FOR TODAY
                         NORMAL    RECORD    YEAR
 MAXIMUM TEMPERATURE (F)   46        62      1975
                                             1971
 MINIMUM TEMPERATURE (F)   21         7      2001
                                             1979


SUNRISE AND SUNSET
JANUARY 26 2015.......SUNRISE   658 AM PST   SUNSET   505 PM PST
JANUARY 27 2015.......SUNRISE   657 AM PST   SUNSET   506 PM PST


-  INDICATES NEGATIVE NUMBERS.
R  INDICATES RECORD WAS SET OR TIED.
MM INDICATES DATA IS MISSING.
T  INDICATES TRACE AMOUNT.




$$
