000
CDUS45 KLKN 160929
CLITPH


CLIMATE REPORT
NATIONAL WEATHER SERVICE ELKO NV
129 AM PST SAT DEC 16 2017


...................................

...THE TONOPAH AIRPORT NV CLIMATE SUMMARY FOR DECEMBER 15 2017...

CLIMATE NORMAL PERIOD 1981 TO 2010
CLIMATE RECORD PERIOD 1954 TO 2017


WEATHER ITEM   OBSERVED TIME   RECORD YEAR NORMAL DEPARTURE LAST
                VALUE   (LST)  VALUE       VALUE  FROM      YEAR
                                                  NORMAL
..................................................................
TEMPERATURE (F)
 YESTERDAY
  MAXIMUM         54    159 PM  62    1980  44     10       55
  MINIMUM         19    710 AM   6    1990  19      0       29
  AVERAGE         37                        31      6       42

PRECIPITATION (IN)
  YESTERDAY        0.00          0.10 1957   0.01  -0.01     0.00
  MONTH TO DATE    0.00                      0.15  -0.15      T
  SINCE OCT 1      0.01                      0.93  -0.92     0.20
  SINCE JAN 1      3.52                      5.08  -1.56     3.77

DEGREE DAYS
 HEATING
  YESTERDAY       28                        34     -6       23
  MONTH TO DATE  430                       486    -56      435
  SINCE DEC 1    430                       486    -56      435
  SINCE JUL 1   1506                      1703   -197     1452

 COOLING
  YESTERDAY        0                         0      0        0
  MONTH TO DATE    0                         0      0        0
  SINCE DEC 1      0                         0      0        0
  SINCE JAN 1   1222                       783    439     1022
..................................................................


WIND (MPH)
  HIGHEST WIND SPEED    12   HIGHEST WIND DIRECTION     N (10)
  HIGHEST GUST SPEED    13   HIGHEST GUST DIRECTION     N (360)
  AVERAGE WIND SPEED     6.0



WEATHER CONDITIONS
 THE FOLLOWING WEATHER WAS RECORDED YESTERDAY.
  NO SIGNIFICANT WEATHER WAS OBSERVED.


RELATIVE HUMIDITY (PERCENT)
 HIGHEST    45           300 AM
 LOWEST     18           200 PM
 AVERAGE    32

..........................................................


THE TONOPAH AIRPORT NV CLIMATE NORMALS FOR TODAY
                         NORMAL    RECORD    YEAR
 MAXIMUM TEMPERATURE (F)   44        63      1980
 MINIMUM TEMPERATURE (F)   19         2      1984


SUNRISE AND SUNSET
DECEMBER 16 2017......SUNRISE   658 AM PST   SUNSET   430 PM PST
DECEMBER 17 2017......SUNRISE   659 AM PST   SUNSET   431 PM PST


-  INDICATES NEGATIVE NUMBERS.
R  INDICATES RECORD WAS SET OR TIED.
MM INDICATES DATA IS MISSING.
T  INDICATES TRACE AMOUNT.




$$
