000
CDUS45 KLKN 200933
CLITPH


CLIMATE REPORT
NATIONAL WEATHER SERVICE ELKO NV
229 AM PDT SUN APR 20 2014


...................................

...THE TONOPAH AIRPORT NV CLIMATE SUMMARY FOR APRIL 19 2014...

CLIMATE NORMAL PERIOD 1981 TO 2010
CLIMATE RECORD PERIOD 1954 TO 2014


WEATHER ITEM   OBSERVED TIME   RECORD YEAR NORMAL DEPARTURE LAST
                VALUE   (LST)  VALUE       VALUE  FROM      YEAR
                                                  NORMAL
..................................................................
TEMPERATURE (F)
 YESTERDAY
  MAXIMUM         74    418 PM  84    1989  65      9       68
  MINIMUM         41    532 AM  18    2007  35      6       30
  AVERAGE         58                        50      8       49

PRECIPITATION (IN)
  YESTERDAY        0.00          0.42 1964   0.02  -0.02     0.00
  MONTH TO DATE    0.01                      0.28  -0.27     0.15
  SINCE OCT 1      1.16                      2.95  -1.79     1.98
  SINCE JAN 1      0.70                      1.86  -1.16     0.76

DEGREE DAYS
 HEATING
  YESTERDAY        7                        15     -8       16
  MONTH TO DATE  244                       325    -81      303
  SINCE MAR 1    858                      1010   -152      829
  SINCE JUL 1   4631                      5052   -421     4663

 COOLING
  YESTERDAY        0                         0      0        0
  MONTH TO DATE    0                         0      0        0
  SINCE MAR 1      0                         0      0        0
  SINCE JAN 1      0                         0      0        0
..................................................................


WIND (MPH)
  HIGHEST WIND SPEED    20   HIGHEST WIND DIRECTION     N (10)
  HIGHEST GUST SPEED    25   HIGHEST GUST DIRECTION     N (10)
  AVERAGE WIND SPEED     6.6



WEATHER CONDITIONS
 THE FOLLOWING WEATHER WAS RECORDED YESTERDAY.
  NO SIGNIFICANT WEATHER WAS OBSERVED.


RELATIVE HUMIDITY (PERCENT)
 HIGHEST    76           200 AM
 LOWEST     16           400 PM
 AVERAGE    46

..........................................................


THE TONOPAH AIRPORT NV CLIMATE NORMALS FOR TODAY
                         NORMAL    RECORD    YEAR
 MAXIMUM TEMPERATURE (F)   66        83      1994
 MINIMUM TEMPERATURE (F)   36        16      1966


SUNRISE AND SUNSET
APRIL 20 2014.........SUNRISE   606 AM PDT   SUNSET   729 PM PDT
APRIL 21 2014.........SUNRISE   605 AM PDT   SUNSET   730 PM PDT


-  INDICATES NEGATIVE NUMBERS.
R  INDICATES RECORD WAS SET OR TIED.
MM INDICATES DATA IS MISSING.
T  INDICATES TRACE AMOUNT.




$$
