000
CDUS45 KLKN 060932
CLITPH


CLIMATE REPORT
NATIONAL WEATHER SERVICE ELKO NV
132 AM PST SAT FEB 6 2016


...................................

...THE TONOPAH AIRPORT NV CLIMATE SUMMARY FOR FEBRUARY 5 2016...

CLIMATE NORMAL PERIOD 1981 TO 2010
CLIMATE RECORD PERIOD 1954 TO 2016


WEATHER ITEM   OBSERVED TIME   RECORD YEAR NORMAL DEPARTURE LAST
                VALUE   (LST)  VALUE       VALUE  FROM      YEAR
                                                  NORMAL
..................................................................
TEMPERATURE (F)
 YESTERDAY
  MAXIMUM         34    214 PM  65    1963  47    -13       60
  MINIMUM          9    720 AM  -4    1985  23    -14       31
  AVERAGE         22                        35    -13       46

PRECIPITATION (IN)
  YESTERDAY        0.00          0.07 1976   0.01  -0.01     0.00
  MONTH TO DATE    T                         0.08  -0.08     0.00
  SINCE OCT 1      4.35                      1.66   2.69     0.65
  SINCE JAN 1      0.97                      0.57   0.40     0.17

DEGREE DAYS
 HEATING
  YESTERDAY       43                        30     13       19
  MONTH TO DATE  254                       152    102      102
  SINCE DEC 1   2326                      2186    140     1758
  SINCE JUL 1   3400                      3403     -3     2671

 COOLING
  YESTERDAY        0                         0      0        0
  MONTH TO DATE    0                         0      0        0
  SINCE DEC 1      0                         0      0        0
  SINCE JAN 1      0                         0      0        0
..................................................................


WIND (MPH)
  HIGHEST WIND SPEED    18   HIGHEST WIND DIRECTION     N (10)
  HIGHEST GUST SPEED    21   HIGHEST GUST DIRECTION     N (10)
  AVERAGE WIND SPEED     7.2



WEATHER CONDITIONS
 THE FOLLOWING WEATHER WAS RECORDED YESTERDAY.
  NO SIGNIFICANT WEATHER WAS OBSERVED.


RELATIVE HUMIDITY (PERCENT)
 HIGHEST    92           600 PM
 LOWEST     61           200 PM
 AVERAGE    77

..........................................................


THE TONOPAH AIRPORT NV CLIMATE NORMALS FOR TODAY
                         NORMAL    RECORD    YEAR
 MAXIMUM TEMPERATURE (F)   47        67      1963
 MINIMUM TEMPERATURE (F)   23        -3      1989


SUNRISE AND SUNSET
FEBRUARY  6 2016......SUNRISE   649 AM PST   SUNSET   517 PM PST
FEBRUARY  7 2016......SUNRISE   648 AM PST   SUNSET   518 PM PST


-  INDICATES NEGATIVE NUMBERS.
R  INDICATES RECORD WAS SET OR TIED.
MM INDICATES DATA IS MISSING.
T  INDICATES TRACE AMOUNT.




$$
