000
CDUS44 KMRX 292226
CLITRI

CLIMATE REPORT NATIONAL WEATHER SERVICE MORRISTOWN TN
522 PM EST THU JAN 29 2015

...................................

...THE TRI-CITIES  CLIMATE SUMMARY FOR JANUARY 29 2015... VALID
TODAY AS OF 0500 PM LOCAL TIME.

CLIMATE NORMAL PERIOD 1981 TO 2010
CLIMATE RECORD PERIOD 1934 TO 2015


WEATHER ITEM   OBSERVED TIME   RECORD YEAR NORMAL DEPARTURE LAST
                VALUE   (LST)  VALUE       VALUE  FROM      YEAR
                                                  NORMAL
..................................................................
TEMPERATURE (F)
 TODAY
  MAXIMUM         49    500 PM  72    1947  46      3       20

 MINIMUM         23    401 AM  -2    2014  26     -3       -2
 AVERAGE         36                        36      0        9

PRECIPITATION (IN)
  TODAY            0.02          1.28 1957   0.11  -0.09     0.00
  MONTH TO DATE    2.26                      3.14  -0.88     1.80
  SINCE DEC 1      5.29                      6.51  -1.22     8.14
  SINCE JAN 1      2.26                      3.14  -0.88     1.80

SNOWFALL (IN)
  TODAY            0.0                       0.2   -0.2      0.0
  MONTH TO DATE    0.3                       4.4   -4.1      4.6
  SINCE DEC 1      0.3                       6.8   -6.5      4.6
  SINCE JUL 1      1.5                       7.1   -5.6      6.0
  SNOW DEPTH       0

DEGREE DAYS
 HEATING
  TODAY           29                        29      0       56
  MONTH TO DATE  853                       867    -14     1041
  SINCE DEC 1   1584                      1710   -126     1781
  SINCE JUL 1   2567                      2596    -29     2672

 COOLING
  TODAY            0                         0      0        0
  MONTH TO DATE    0                         0      0        0
  SINCE DEC 1      0                         0      0        0
  SINCE JAN 1      0                         0      0        0
..................................................................


WIND (MPH)
  HIGHEST WIND SPEED     9   HIGHEST WIND DIRECTION     W (280)
  HIGHEST GUST SPEED    16   HIGHEST GUST DIRECTION    NE (30)
  AVERAGE WIND SPEED     0.7


SKY COVER
  POSSIBLE SUNSHINE  MM
  AVERAGE SKY COVER 0.3


WEATHER CONDITIONS
 THE FOLLOWING WEATHER WAS RECORDED TODAY.
  LIGHT RAIN


RELATIVE HUMIDITY (PERCENT)
 HIGHEST    96           400 AM
 LOWEST     53           300 PM
 AVERAGE    75

..........................................................


THE TRI-CITIES      ASOS CLIMATE NORMALS FOR TOMORROW
                         NORMAL    RECORD    YEAR
 MAXIMUM TEMPERATURE (F)   46        72      2002
 MINIMUM TEMPERATURE (F)   26        -9      1966


SUNRISE AND SUNSET
JANUARY 29 2015.......SUNRISE   734 AM EST   SUNSET   552 PM EST
JANUARY 30 2015.......SUNRISE   733 AM EST   SUNSET   553 PM EST


-  INDICATES NEGATIVE NUMBERS.
R  INDICATES RECORD WAS SET OR TIED.
MM INDICATES DATA IS MISSING.
T  INDICATES TRACE AMOUNT.




$$
