000
CDUS44 KMRX 232217
CLITRI


CLIMATE REPORT
NATIONAL WEATHER SERVICE MORRISTOWN TN
516 PM EST THU FEB 23 2017


...................................

...THE TRI-CITIES      ASOS CLIMATE SUMMARY FOR FEBRUARY 23 2017...
VALID TODAY AS OF 0500 PM LOCAL TIME.

CLIMATE NORMAL PERIOD 1981 TO 2010
CLIMATE RECORD PERIOD 1934 TO 2017


WEATHER ITEM   OBSERVED TIME   RECORD YEAR NORMAL DEPARTURE LAST
                VALUE   (LST)  VALUE       VALUE  FROM      YEAR
                                                  NORMAL
..................................................................
TEMPERATURE (F)
 TODAY
  MAXIMUM         73    341 PM  79    1996  52     21       63
                                      1943
  MINIMUM         42    745 AM   6    1978  30     12       45
  AVERAGE         58                        41     17       54

PRECIPITATION (IN)
  TODAY            0.00          1.47 1984   0.12  -0.12     0.70
  MONTH TO DATE    1.43                      2.86  -1.43     4.04
  SINCE DEC 1      9.34                      9.60  -0.26    12.23
  SINCE JAN 1      3.98                      6.23  -2.25     6.96

SNOWFALL (IN)
  TODAY            0.0                       0.1   -0.1      0.0
  MONTH TO DATE    T                         2.8   -2.8      8.6
  SINCE DEC 1      4.0                       9.9   -5.9     18.4
  SINCE JUL 1      4.0                      10.2   -6.2     18.4
  SNOW DEPTH       0

DEGREE DAYS
 HEATING
  TODAY            7                        24    -17       11
  MONTH TO DATE  454                       612   -158      591
  SINCE DEC 1   1865                      2380   -515     2036
  SINCE JUL 1   2484                      3266   -782     2679

 COOLING
  TODAY            0                         0      0        0
  MONTH TO DATE    0                         0      0        0
  SINCE DEC 1      0                         0      0        0
  SINCE JAN 1      0                         0      0        0
..................................................................


WIND (MPH)
  HIGHEST WIND SPEED     6   HIGHEST WIND DIRECTION     W (260)
  HIGHEST GUST SPEED    14   HIGHEST GUST DIRECTION     S (160)
  AVERAGE WIND SPEED     1.3


SKY COVER
  POSSIBLE SUNSHINE  MM
  AVERAGE SKY COVER 0.8


WEATHER CONDITIONS
 THE FOLLOWING WEATHER WAS RECORDED TODAY.
  FOG
  FOG W/VISIBILITY <= 1/4 MILE


RELATIVE HUMIDITY (PERCENT)
 HIGHEST   100          1200 AM
 LOWEST     49           300 PM
 AVERAGE    75

..........................................................


THE TRI-CITIES      ASOS CLIMATE NORMALS FOR TOMORROW
                         NORMAL    RECORD    YEAR
 MAXIMUM TEMPERATURE (F)   53        72      1982
 MINIMUM TEMPERATURE (F)   30         4      1967


SUNRISE AND SUNSET
FEBRUARY 23 2017......SUNRISE   708 AM EST   SUNSET   619 PM EST
FEBRUARY 24 2017......SUNRISE   706 AM EST   SUNSET   620 PM EST


-  INDICATES NEGATIVE NUMBERS.
R  INDICATES RECORD WAS SET OR TIED.
MM INDICATES DATA IS MISSING.
T  INDICATES TRACE AMOUNT.




$$
