000
CDUS44 KMRX 270816
CLITRI


CLIMATE REPORT
NATIONAL WEATHER SERVICE MORRISTOWN TN
415 AM EDT MON MAR 27 2017


...................................

...THE TRI-CITIES      ASOS CLIMATE SUMMARY FOR MARCH 26 2017...

CLIMATE NORMAL PERIOD 1981 TO 2010
CLIMATE RECORD PERIOD 1934 TO 2017


WEATHER ITEM   OBSERVED TIME   RECORD YEAR NORMAL DEPARTURE LAST
                VALUE   (LST)  VALUE       VALUE  FROM      YEAR
                                                  NORMAL
..................................................................
TEMPERATURE (F)
 YESTERDAY
  MAXIMUM         74    311 PM  82    1944  62     12       73
  MINIMUM         54    122 AM  11    1940  37     17       36
  AVERAGE         64                        49     15       55

PRECIPITATION (IN)
  YESTERDAY        0.05          1.48 1965   0.12  -0.07     0.00
  MONTH TO DATE    3.72                      2.87   0.85     0.90
  SINCE MAR 1      3.72                      2.87   0.85     0.90
  SINCE JAN 1      8.40                      9.69  -1.29     8.30

SNOWFALL (IN)
  YESTERDAY        0.0                       0.1   -0.1      0.0
  MONTH TO DATE    0.3                       1.3   -1.0       T
  SINCE MAR 1      0.3                       1.3   -1.0       T
  SINCE JUL 1      4.3                      12.1   -7.8     18.4
  SNOW DEPTH       0

DEGREE DAYS
 HEATING
  YESTERDAY        1                        16    -15       10
  MONTH TO DATE  508                       494     14      344
  SINCE MAR 1    508                       494     14      344
  SINCE JUL 1   3075                      3876   -801     3164

 COOLING
  YESTERDAY        0                         0      0        0
  MONTH TO DATE    0                         0      0        5
  SINCE MAR 1      0                         0      0        5
  SINCE JAN 1      0                         0      0        5
..................................................................


WIND (MPH)
  HIGHEST WIND SPEED    20   HIGHEST WIND DIRECTION     S (190)
  HIGHEST GUST SPEED    28   HIGHEST GUST DIRECTION     S (190)
  AVERAGE WIND SPEED     5.0


SKY COVER
  POSSIBLE SUNSHINE  MM
  AVERAGE SKY COVER 0.7


WEATHER CONDITIONS
 THE FOLLOWING WEATHER WAS RECORDED YESTERDAY.
  LIGHT RAIN
  FOG


RELATIVE HUMIDITY (PERCENT)
 HIGHEST    93           900 AM
 LOWEST     41           300 PM
 AVERAGE    67

..........................................................


THE TRI-CITIES      ASOS CLIMATE NORMALS FOR TODAY
                         NORMAL    RECORD    YEAR
 MAXIMUM TEMPERATURE (F)   62        82      1989
 MINIMUM TEMPERATURE (F)   37        12      1955


SUNRISE AND SUNSET
MARCH 27 2017.........SUNRISE   723 AM EDT   SUNSET   748 PM EDT
MARCH 28 2017.........SUNRISE   721 AM EDT   SUNSET   749 PM EDT


-  INDICATES NEGATIVE NUMBERS.
R  INDICATES RECORD WAS SET OR TIED.
MM INDICATES DATA IS MISSING.
T  INDICATES TRACE AMOUNT.




$$
