000
CDUS44 KMRX 280839 RRA
CLITRI

CLIMATE REPORT
NATIONAL WEATHER SERVICE MORRISTOWN TN
437 AM EDT SAT MAR 28 2015


...................................

...THE TRI-CITIES CLIMATE SUMMARY FOR MARCH 27 2015...

CLIMATE NORMAL PERIOD 1981 TO 2010
CLIMATE RECORD PERIOD 1934 TO 2015


WEATHER ITEM   OBSERVED TIME   RECORD YEAR NORMAL DEPARTURE LAST
                VALUE   (LST)  VALUE       VALUE  FROM      YEAR
                                                  NORMAL
..................................................................
TEMPERATURE (F)
 YESTERDAY
  MAXIMUM         49    315 PM  82    1989  62    -13       64
  MINIMUM         35   1159 PM  12    1955  37     -2       22
  AVERAGE         42                        50     -8       43

PRECIPITATION (IN)
  YESTERDAY        0.03          2.95 1994   0.12  -0.09     0.00
  MONTH TO DATE    3.81                      2.99   0.82     1.64
  SINCE MAR 1      3.81                      2.99   0.82     1.64
  SINCE JAN 1      9.14                      9.81  -0.67     6.70

SNOWFALL (IN)
  YESTERDAY        0.0                       0.0    0.0      0.0
  MONTH TO DATE    T                         1.3   -1.3      0.7
  SINCE MAR 1      T                         1.3   -1.3      0.7
  SINCE JUL 1     15.5                      12.1    3.4     13.0
  SNOW DEPTH       0

DEGREE DAYS
 HEATING
  YESTERDAY       23                        15      8       22
  MONTH TO DATE  419                       509    -90      560
  SINCE MAR 1    419                       509    -90      560
  SINCE JUL 1   4046                      3891    155     4055

 COOLING
  YESTERDAY        0                         0      0        0
  MONTH TO DATE    0                         0      0        0
  SINCE MAR 1      0                         0      0        0
  SINCE JAN 1      0                         0      0        0
..................................................................


WIND (MPH)
  HIGHEST WIND SPEED    22   HIGHEST WIND DIRECTION    NW (300)
  HIGHEST GUST SPEED    27   HIGHEST GUST DIRECTION    NW (300)
  AVERAGE WIND SPEED     9.2


SKY COVER
  POSSIBLE SUNSHINE  MM
  AVERAGE SKY COVER  MM


WEATHER CONDITIONS
 THE FOLLOWING WEATHER WAS RECORDED YESTERDAY.
  LIGHT RAIN
  LIGHT SNOW


RELATIVE HUMIDITY (PERCENT)
 HIGHEST    89          1200 AM
 LOWEST     45           300 PM
 AVERAGE    67

..........................................................


THE TRI-CITIES CLIMATE NORMALS FOR TODAY
                         NORMAL    RECORD    YEAR
 MAXIMUM TEMPERATURE (F)   63        82      1945
 MINIMUM TEMPERATURE (F)   37        19      2001
                                             1982
                                             1955


SUNRISE AND SUNSET
MARCH 28 2015.........SUNRISE   722 AM EDT   SUNSET   748 PM EDT
MARCH 29 2015.........SUNRISE   720 AM EDT   SUNSET   749 PM EDT


-  INDICATES NEGATIVE NUMBERS.
R  INDICATES RECORD WAS SET OR TIED.
MM INDICATES DATA IS MISSING.
T  INDICATES TRACE AMOUNT.




$$
