000
CDUS44 KMRX 240819
CLITRI


CLIMATE REPORT
NATIONAL WEATHER SERVICE MORRISTOWN TN
419 AM EDT TUE MAY 24 2016


...................................

...THE TRI-CITIES      ASOS CLIMATE SUMMARY FOR MAY 23 2016...

CLIMATE NORMAL PERIOD 1981 TO 2010
CLIMATE RECORD PERIOD 1934 TO 2016


WEATHER ITEM   OBSERVED TIME   RECORD YEAR NORMAL DEPARTURE LAST
                VALUE   (LST)  VALUE       VALUE  FROM      YEAR
                                                  NORMAL
..................................................................
TEMPERATURE (F)
 YESTERDAY
  MAXIMUM         72    235 PM  91    1953  78     -6       81
  MINIMUM         49    655 AM  37    2002  53     -4       44
  AVERAGE         61                        65     -4       63

PRECIPITATION (IN)
  YESTERDAY        0.00          0.90 1973   0.12  -0.12     0.00
  MONTH TO DATE    3.58                      2.79   0.79     0.67
  SINCE MAR 1      8.11                      9.56  -1.45     9.55
  SINCE JAN 1     15.51                     16.38  -0.87    14.88

SNOWFALL (IN)
  YESTERDAY        0.0                       0.0    0.0      0.0
  MONTH TO DATE    0.0                       0.0    0.0      0.0
  SINCE MAR 1      T                         2.5   -2.5       T
  SINCE JUL 1     18.4                      13.3    5.1     15.5
  SNOW DEPTH       0

DEGREE DAYS
 HEATING
  YESTERDAY        4                         2      2        2
  MONTH TO DATE   89                        95     -6       41
  SINCE MAR 1    723                       967   -244      749
  SINCE JUL 1   3543                      4349   -806     4376

 COOLING
  YESTERDAY        0                         3     -3        0
  MONTH TO DATE   28                        37     -9       89
  SINCE MAR 1     54                        48      6       99
  SINCE JAN 1     54                        48      6       99
..................................................................


WIND (MPH)
  HIGHEST WIND SPEED    12   HIGHEST WIND DIRECTION     N (350)
  HIGHEST GUST SPEED    15   HIGHEST GUST DIRECTION     N (20)
  AVERAGE WIND SPEED     1.6


SKY COVER
  POSSIBLE SUNSHINE  MM
  AVERAGE SKY COVER 0.6


WEATHER CONDITIONS
 THE FOLLOWING WEATHER WAS RECORDED YESTERDAY.
  FOG
  FOG W/VISIBILITY <= 1/4 MILE


RELATIVE HUMIDITY (PERCENT)
 HIGHEST   100           400 AM
 LOWEST     41           300 PM
 AVERAGE    71

..........................................................


THE TRI-CITIES      ASOS CLIMATE NORMALS FOR TODAY
                         NORMAL    RECORD    YEAR
 MAXIMUM TEMPERATURE (F)   78        88      1970
                                             1953
 MINIMUM TEMPERATURE (F)   53        40      2006
                                             1961


SUNRISE AND SUNSET
MAY 24 2016...........SUNRISE   616 AM EDT   SUNSET   837 PM EDT
MAY 25 2016...........SUNRISE   616 AM EDT   SUNSET   838 PM EDT


-  INDICATES NEGATIVE NUMBERS.
R  INDICATES RECORD WAS SET OR TIED.
MM INDICATES DATA IS MISSING.
T  INDICATES TRACE AMOUNT.




$$
