874
CDUS44 KMRX 180826
CLITRI


CLIMATE REPORT
NATIONAL WEATHER SERVICE MORRISTOWN TN
326 AM EST WED JAN 18 2017


...................................

...THE TRI-CITIES      ASOS CLIMATE SUMMARY FOR JANUARY 17 2017...

CLIMATE NORMAL PERIOD 1981 TO 2010
CLIMATE RECORD PERIOD 1934 TO 2017


WEATHER ITEM   OBSERVED TIME   RECORD YEAR NORMAL DEPARTURE LAST
                VALUE   (LST)  VALUE       VALUE  FROM      YEAR
                                                  NORMAL
..................................................................
TEMPERATURE (F)
 YESTERDAY
  MAXIMUM         63   1149 PM  71    1943  45     18       35
  MINIMUM         50    338 AM  -8    1982  25     25       29
  AVERAGE         57                        35     22       32

PRECIPITATION (IN)
  YESTERDAY        0.06          1.71 2006   0.11  -0.05     0.01
  MONTH TO DATE    1.34                      1.82  -0.48     1.17
  SINCE DEC 1      6.70                      5.19   1.51     6.44
  SINCE JAN 1      1.34                      1.82  -0.48     1.17

SNOWFALL (IN)
  YESTERDAY        0.0                       0.1   -0.1      0.2
  MONTH TO DATE    3.7                       2.5    1.2      0.2
  SINCE DEC 1      3.7                       4.9   -1.2      0.2
  SINCE JUL 1      3.7                       5.2   -1.5      0.2
  SNOW DEPTH       0

DEGREE DAYS
 HEATING
  YESTERDAY        8                        30    -22       33
  MONTH TO DATE  354                       510   -156      512
  SINCE DEC 1   1132                      1353   -221      955
  SINCE JUL 1   1751                      2239   -488     1598

 COOLING
  YESTERDAY        0                         0      0        0
  MONTH TO DATE    0                         0      0        0
  SINCE DEC 1      0                         0      0        0
  SINCE JAN 1      0                         0      0        0
..................................................................


WIND (MPH)
  HIGHEST WIND SPEED    18   HIGHEST WIND DIRECTION    SW (230)
  HIGHEST GUST SPEED    28   HIGHEST GUST DIRECTION    SW (240)
  AVERAGE WIND SPEED     2.9


SKY COVER
  POSSIBLE SUNSHINE  MM
  AVERAGE SKY COVER 1.0


WEATHER CONDITIONS
 THE FOLLOWING WEATHER WAS RECORDED YESTERDAY.
  LIGHT RAIN
  FOG


RELATIVE HUMIDITY (PERCENT)
 HIGHEST    93           200 PM
 LOWEST     77          1200 AM
 AVERAGE    85

..........................................................


THE TRI-CITIES      ASOS CLIMATE NORMALS FOR TODAY
                         NORMAL    RECORD    YEAR
 MAXIMUM TEMPERATURE (F)   45        71      1949
 MINIMUM TEMPERATURE (F)   25        -3      1994


SUNRISE AND SUNSET
JANUARY 18 2017.......SUNRISE   739 AM EST   SUNSET   541 PM EST
JANUARY 19 2017.......SUNRISE   739 AM EST   SUNSET   542 PM EST


-  INDICATES NEGATIVE NUMBERS.
R  INDICATES RECORD WAS SET OR TIED.
MM INDICATES DATA IS MISSING.
T  INDICATES TRACE AMOUNT.




$$
