000
CDUS44 KMRX 102221
CLITRI


CLIMATE REPORT
NATIONAL WEATHER SERVICE MORRISTOWN TN
521 PM EST WED FEB 10 2016


...................................

...THE TRI-CITIES      ASOS CLIMATE SUMMARY FOR FEBRUARY 10 2016...
VALID TODAY AS OF 0500 PM LOCAL TIME.

CLIMATE NORMAL PERIOD 1981 TO 2010
CLIMATE RECORD PERIOD 1934 TO 2016


WEATHER ITEM   OBSERVED TIME   RECORD YEAR NORMAL DEPARTURE LAST
                VALUE   (LST)  VALUE       VALUE  FROM      YEAR
                                                  NORMAL
..................................................................
TEMPERATURE (F)
 TODAY
  MAXIMUM         25    449 PM  73    1939  49    -24       39
  MINIMUM         17    812 AM   1    1979  27    -10       32
  AVERAGE         21                        38    -17       36

PRECIPITATION (IN)
  TODAY            0.01          1.66 1946   0.13  -0.12      T
  MONTH TO DATE    1.81                      1.25   0.56     0.80
  SINCE DEC 1     10.00                      7.99   2.01     6.11
  SINCE JAN 1      4.73                      4.62   0.11     3.08

SNOWFALL (IN)
  TODAY            0.3                       0.1    0.2      0.0
  MONTH TO DATE    2.2                       1.3    0.9       T
  SINCE DEC 1     12.0                       8.4    3.6      0.3
  SINCE JUL 1     12.0                       8.7    3.3      1.5
  SNOW DEPTH       T

DEGREE DAYS
 HEATING
  TODAY           44                        27     17       29
  MONTH TO DATE  261                       280    -19      276
  SINCE DEC 1   1706                      2048   -342     1928
  SINCE JUL 1   2349                      2934   -585     2911

 COOLING
  TODAY            0                         0      0        0
  MONTH TO DATE    0                         0      0        0
  SINCE DEC 1      0                         0      0        0
  SINCE JAN 1      0                         0      0        0
..................................................................


WIND (MPH)
  HIGHEST WIND SPEED    24   HIGHEST WIND DIRECTION    SW (230)
  HIGHEST GUST SPEED    29   HIGHEST GUST DIRECTION    SW (240)
  AVERAGE WIND SPEED    12.5


SKY COVER
  POSSIBLE SUNSHINE  MM
  AVERAGE SKY COVER 1.0


WEATHER CONDITIONS
 THE FOLLOWING WEATHER WAS RECORDED TODAY.
  LIGHT SNOW
  FOG
  HAZE


RELATIVE HUMIDITY (PERCENT)
 HIGHEST    84           100 AM
 LOWEST     46           500 PM
 AVERAGE    65

..........................................................


THE TRI-CITIES      ASOS CLIMATE NORMALS FOR TOMORROW
                         NORMAL    RECORD    YEAR
 MAXIMUM TEMPERATURE (F)   49        76      1965
 MINIMUM TEMPERATURE (F)   27         4      1955


SUNRISE AND SUNSET
FEBRUARY 10 2016......SUNRISE   723 AM EST   SUNSET   605 PM EST
FEBRUARY 11 2016......SUNRISE   722 AM EST   SUNSET   606 PM EST


-  INDICATES NEGATIVE NUMBERS.
R  INDICATES RECORD WAS SET OR TIED.
MM INDICATES DATA IS MISSING.
T  INDICATES TRACE AMOUNT.




$$
