000
CDUS44 KMRX 192125
CLITRI

CLIMATE REPORT NATIONAL WEATHER SERVICE MORRISTOWN TN
525 PM EDT FRI SEP 19 2014

...................................

...THE TRI-CITIES CLIMATE SUMMARY FOR SEPTEMBER 19 2014... VALID
TODAY AS OF 500 PM LOCAL TIME.

CLIMATE NORMAL PERIOD 1981 TO 2010
CLIMATE RECORD PERIOD 1934 TO 2014


WEATHER ITEM   OBSERVED TIME   RECORD YEAR NORMAL DEPARTURE LAST
                VALUE   (LST)  VALUE       VALUE  FROM      YEAR
                                                  NORMAL
..................................................................
TEMPERATURE (F)
 TODAY
  MAXIMUM         83    228 PM  92    1954  78      5       78
  MINIMUM         53    639 AM  41    1984  54     -1       62
  AVERAGE         68                        66      2       70

PRECIPITATION (IN)
  TODAY            0.00          1.12 1953   0.09  -0.09     0.02
  MONTH TO DATE    1.01                      1.98  -0.97     0.96
  SINCE SEP 1      1.01                      1.98  -0.97     0.96
  SINCE JAN 1     26.05                     31.43  -5.38    45.83

SNOWFALL (IN)
  TODAY            0.0                       0.0    0.0      0.0
  MONTH TO DATE    0.0                       0.0    0.0      0.0
  SINCE SEP 1      0.0                       0.0    0.0      0.0
  SINCE JUL 1      0.0                       0.0    0.0      0.0
  SNOW DEPTH       0

DEGREE DAYS
 HEATING
  TODAY            0                         2     -2        0
  MONTH TO DATE    0                        13    -13        7
  SINCE SEP 1      0                        13    -13        7
  SINCE JUL 1      0                        14    -14        7

 COOLING
  TODAY            3                         3      0        5
  MONTH TO DATE  152                        94     58      112
  SINCE SEP 1    152                        94     58      112
  SINCE JAN 1   1109                       946    163      970
..................................................................


WIND (MPH)
  HIGHEST WIND SPEED    14   HIGHEST WIND DIRECTION     S (190)
  HIGHEST GUST SPEED    19   HIGHEST GUST DIRECTION     E (110)
  AVERAGE WIND SPEED     3.7


SKY COVER
  POSSIBLE SUNSHINE  MM
  AVERAGE SKY COVER  MM


WEATHER CONDITIONS
 THE FOLLOWING WEATHER WAS RECORDED TODAY.
  FOG


RELATIVE HUMIDITY (PERCENT)
 HIGHEST    93           400 AM
 LOWEST     39           200 PM
 AVERAGE    66

..........................................................


THE TRI-CITIES      ASOS CLIMATE NORMALS FOR TOMORROW
                         NORMAL    RECORD    YEAR
 MAXIMUM TEMPERATURE (F)   78        91      1965
                                             1955
 MINIMUM TEMPERATURE (F)   54        42      1981


SUNRISE AND SUNSET
SEPTEMBER 19 2014.....SUNRISE   715 AM EDT   SUNSET   731 PM EDT
SEPTEMBER 20 2014.....SUNRISE   716 AM EDT   SUNSET   729 PM EDT


-  INDICATES NEGATIVE NUMBERS.
R  INDICATES RECORD WAS SET OR TIED.
MM INDICATES DATA IS MISSING.
T  INDICATES TRACE AMOUNT.




$$
