000
CDUS44 KMRX 032114
CLITRI

CLIMATE REPORT
NATIONAL WEATHER SERVICE MORRISTOWN TN
512 PM EDT FRI JUL 3 2015


...................................

...THE TRI-CITIES CLIMATE SUMMARY FOR JULY 3 2015...
VALID TODAY AS OF 0500 PM LOCAL TIME.

CLIMATE NORMAL PERIOD 1981 TO 2010
CLIMATE RECORD PERIOD 1934 TO 2015


WEATHER ITEM   OBSERVED TIME   RECORD YEAR NORMAL DEPARTURE LAST
                VALUE   (LST)  VALUE       VALUE  FROM      YEAR
                                                  NORMAL
..................................................................
TEMPERATURE (F)
 TODAY
  MAXIMUM         79   1102 AM  95    2012  85     -6       85
                                      1970
  MINIMUM         67    358 AM  51    2009  64      3       65
  AVERAGE         73                        74     -1       75

PRECIPITATION (IN)
  TODAY            1.34          2.13 2002   0.15   1.19     0.00
  MONTH TO DATE    1.65                      0.43   1.22     0.00
  SINCE JUN 1      4.10                      4.33  -0.23     3.58
  SINCE JAN 1     19.01                     21.72  -2.71    15.58

SNOWFALL (IN)
  TODAY            0.0                       0.0    0.0      0.0
  MONTH TO DATE    0.0                       0.0    0.0      0.0
  SINCE JUN 1      0.0                       0.0    0.0      0.0
  SINCE JUL 1      0.0                       0.0    0.0      0.0
  SNOW DEPTH       0

DEGREE DAYS
 HEATING
  TODAY            0                         0      0        0
  MONTH TO DATE    0                         0      0        0
  SINCE JUN 1      0                        11    -11        0
  SINCE JUL 1      0                         0      0        0

 COOLING
  TODAY            8                         9     -1       10
  MONTH TO DATE   23                        27     -4       39
  SINCE JUN 1    337                       233    104      335
  SINCE JAN 1    503                       306    197      469
..................................................................


WIND (MPH)
  HIGHEST WIND SPEED    18   HIGHEST WIND DIRECTION    SW (230)
  HIGHEST GUST SPEED    23   HIGHEST GUST DIRECTION    SW (240)
  AVERAGE WIND SPEED     3.8


SKY COVER
  POSSIBLE SUNSHINE  MM
  AVERAGE SKY COVER 0.9


WEATHER CONDITIONS
 THE FOLLOWING WEATHER WAS RECORDED TODAY.
  THUNDERSTORM
  HEAVY RAIN
  RAIN
  LIGHT RAIN
  FOG


RELATIVE HUMIDITY (PERCENT)
 HIGHEST   100           400 AM
 LOWEST     71          1100 AM
 AVERAGE    86

..........................................................


THE TRI-CITIES CLIMATE NORMALS FOR TOMORROW
                         NORMAL    RECORD    YEAR
 MAXIMUM TEMPERATURE (F)   86        95      2012
                                             1993
 MINIMUM TEMPERATURE (F)   64        52      1996


SUNRISE AND SUNSET
JULY  3 2015..........SUNRISE   616 AM EDT   SUNSET   851 PM EDT
JULY  4 2015..........SUNRISE   616 AM EDT   SUNSET   851 PM EDT


-  INDICATES NEGATIVE NUMBERS.
R  INDICATES RECORD WAS SET OR TIED.
MM INDICATES DATA IS MISSING.
T  INDICATES TRACE AMOUNT.




$$
