000
CDUS44 KMRX 262235
CLITRI

CLIMATE REPORT
NATIONAL WEATHER SERVICE MORRISTOWN TN
533 PM EST WED NOV 26 2014


...................................

...THE TRI-CITIES CLIMATE SUMMARY FOR NOVEMBER 26 2014...VALID
TODAY AS OF 500 PM LOCAL TIME.

CLIMATE NORMAL PERIOD 1981 TO 2010
CLIMATE RECORD PERIOD 1934 TO 2014


WEATHER ITEM   OBSERVED TIME   RECORD YEAR NORMAL DEPARTURE LAST
                VALUE   (LST)  VALUE       VALUE  FROM      YEAR
                                                  NORMAL
..................................................................
TEMPERATURE (F)
 TODAY
  MAXIMUM         48    344 PM  77    1946  54     -6       46
  MINIMUM         39    940 AM  10    1950  32      7       34
  AVERAGE         44                        43      1       40

PRECIPITATION (IN)
  TODAY            0.38          2.27 2013   0.11   0.27     2.27
  MONTH TO DATE    2.28                      2.63  -0.35     3.75
  SINCE SEP 1      9.90                      7.72   2.18     6.28
  SINCE JAN 1     34.94                     37.17  -2.23    51.15

SNOWFALL (IN)
  TODAY            0.0                       0.0    0.0      0.0
  MONTH TO DATE    1.1                       0.1    1.0      0.0
  SINCE SEP 1      1.1                       0.2    0.9       T
  SINCE JUL 1      1.1                       0.2    0.9       T
  SNOW DEPTH       0

DEGREE DAYS
 HEATING
  TODAY           21                        22     -1       25
  MONTH TO DATE  617                       460    157      519
  SINCE SEP 1    879                       794     85      760
  SINCE JUL 1    879                       795     84      760

 COOLING
  TODAY            0                         0      0        0
  MONTH TO DATE    0                         0      0        0
  SINCE SEP 1    184                       128     56      145
  SINCE JAN 1   1141                       980    161     1003
..................................................................


WIND (MPH)
  HIGHEST WIND SPEED     9   HIGHEST WIND DIRECTION     W (260)
  HIGHEST GUST SPEED    11   HIGHEST GUST DIRECTION     W (270)
  AVERAGE WIND SPEED     2.1


SKY COVER
  POSSIBLE SUNSHINE  MM
  AVERAGE SKY COVER  MM


WEATHER CONDITIONS
 THE FOLLOWING WEATHER WAS RECORDED TODAY.
  RAIN
  LIGHT RAIN
  FOG


RELATIVE HUMIDITY (PERCENT)
 HIGHEST   100           600 AM
 LOWEST     67           200 AM
 AVERAGE    84

..........................................................


THE TRI-CITIES CLIMATE NORMALS FOR TOMORROW
                         NORMAL    RECORD    YEAR
 MAXIMUM TEMPERATURE (F)   54        77      1990
 MINIMUM TEMPERATURE (F)   32        15      1977


SUNRISE AND SUNSET
NOVEMBER 26 2014......SUNRISE   718 AM EST   SUNSET   515 PM EST
NOVEMBER 27 2014......SUNRISE   719 AM EST   SUNSET   515 PM EST


-  INDICATES NEGATIVE NUMBERS.
R  INDICATES RECORD WAS SET OR TIED.
MM INDICATES DATA IS MISSING.
T  INDICATES TRACE AMOUNT.




$$
