000
CDUS44 KMRX 190942
CLITRI


CLIMATE REPORT
NATIONAL WEATHER SERVICE MORRISTOWN TN
442 AM EST SUN NOV 19 2017


...................................

...THE TRI-CITIES      ASOS CLIMATE SUMMARY FOR NOVEMBER 18 2017...

CLIMATE NORMAL PERIOD 1981 TO 2010
CLIMATE RECORD PERIOD 1934 TO 2017


WEATHER ITEM   OBSERVED TIME   RECORD YEAR NORMAL DEPARTURE LAST
                VALUE   (LST)  VALUE       VALUE  FROM      YEAR
                                                  NORMAL
..................................................................
TEMPERATURE (F)
 YESTERDAY
  MAXIMUM         65    909 PM  79    1958  58      7       76
  MINIMUM         38   1213 AM  15    2014  34      4       34
  AVERAGE         52                        46      6       55

PRECIPITATION (IN)
  YESTERDAY        0.27          0.94 2015   0.11   0.16     0.00
  MONTH TO DATE    0.99                      1.74  -0.75     0.07
  SINCE SEP 1      6.43                      6.83  -0.40     3.38
  SINCE JAN 1     41.24                     36.28   4.96    27.54

SNOWFALL (IN)
  YESTERDAY       MM                         0.0   MM        0.0
  MONTH TO DATE    0.0                       0.1   -0.1      0.0
  SINCE SEP 1      0.0                       0.2   -0.2      0.0
  SINCE JUL 1      0.0                       0.2   -0.2      0.0
  SNOW DEPTH       0

DEGREE DAYS
 HEATING
  YESTERDAY       13                        19     -6       10
  MONTH TO DATE  246                       293    -47      235
  SINCE SEP 1    512                       627   -115      380
  SINCE JUL 1    512                       628   -116      380

 COOLING
  YESTERDAY        0                         0      0        0
  MONTH TO DATE    1                         0      1        2
  SINCE SEP 1    188                       128     60      259
  SINCE JAN 1   1142                       980    162     1492
..................................................................


WIND (MPH)
  HIGHEST WIND SPEED    41   HIGHEST WIND DIRECTION    SW (220)
  HIGHEST GUST SPEED    60   HIGHEST GUST DIRECTION    SW (220)
  AVERAGE WIND SPEED     5.5


SKY COVER
  POSSIBLE SUNSHINE  MM
  AVERAGE SKY COVER 1.0


WEATHER CONDITIONS
 THE FOLLOWING WEATHER WAS RECORDED YESTERDAY.
  HEAVY RAIN
  LIGHT RAIN
  FOG


RELATIVE HUMIDITY (PERCENT)
 HIGHEST    93          1100 PM
 LOWEST     46          1200 PM
 AVERAGE    70

..........................................................


THE TRI-CITIES      ASOS CLIMATE NORMALS FOR TODAY
                         NORMAL    RECORD    YEAR
 MAXIMUM TEMPERATURE (F)   57        78      1985
 MINIMUM TEMPERATURE (F)   34        13      2014


SUNRISE AND SUNSET
NOVEMBER 19 2017......SUNRISE   711 AM EST   SUNSET   518 PM EST
NOVEMBER 20 2017......SUNRISE   712 AM EST   SUNSET   518 PM EST


-  INDICATES NEGATIVE NUMBERS.
R  INDICATES RECORD WAS SET OR TIED.
MM INDICATES DATA IS MISSING.
T  INDICATES TRACE AMOUNT.




$$
