000
CDUS46 KSGX 161419
CLITRM


CLIMATE REPORT
NATIONAL WEATHER SERVICE SAN DIEGO, CA
718 AM PDT WED APR 16 2014


...................................

...THE THERMAL AIRPORT CA CLIMATE SUMMARY FOR APRIL 15 2014...

CLIMATE NORMAL PERIOD 1981 TO 2010
CLIMATE RECORD PERIOD 1950 TO 2014


WEATHER ITEM   OBSERVED TIME   RECORD YEAR NORMAL DEPARTURE LAST
                VALUE   (LST)  VALUE       VALUE  FROM      YEAR
                                                  NORMAL
..................................................................
TEMPERATURE (F)
 YESTERDAY
  MAXIMUM         95    150 PM 102    1984  87      8       81
  MINIMUM         49    544 AM  39    1998  53     -4       62
  AVERAGE         72                        70      2       72

PRECIPITATION (IN)
  YESTERDAY        0.00          0.19 1988   0.00   0.00     0.00
  MONTH TO DATE    0.00                      0.04  -0.04     0.00
  SINCE JUL 1      1.55                      3.13  -1.58     2.62
  SINCE JAN 1      0.08                      1.75  -1.67     0.44

SNOWFALL (IN)
  YESTERDAY        0.0
  MONTH TO DATE    0.0
  SINCE JAN 1      0.0
  SINCE JUL 1      0.0
  SNOW DEPTH       0

DEGREE DAYS
 HEATING
  YESTERDAY        0                         1     -1        0
  MONTH TO DATE    9                        16     -7        0
  SINCE MAR 1     32                       108    -76       34
  SINCE JUL 1    821                      1173   -352     1122

 COOLING
  YESTERDAY        7                         6      1        7
  MONTH TO DATE  106                        69     37      121
  SINCE MAR 1    210                       131     79      283
  SINCE JAN 1    220                       143     77      283
..................................................................


WIND (MPH)
  RESULTANT WIND SPEED   2   RESULTANT WIND DIRECTION  NE (60)
  HIGHEST WIND SPEED    14   HIGHEST WIND DIRECTION     N (350)
  HIGHEST GUST SPEED    19   HIGHEST GUST DIRECTION     N (350)
  AVERAGE WIND SPEED     6.3


SKY COVER
  POSSIBLE SUNSHINE  MM
  AVERAGE SKY COVER 0.0


WEATHER CONDITIONS
 THE FOLLOWING WEATHER WAS RECORDED YESTERDAY.
  NO SIGNIFICANT WEATHER WAS OBSERVED.


RELATIVE HUMIDITY (PERCENT)
 HIGHEST    50           300 AM
 LOWEST      6           100 PM
 AVERAGE    28

..........................................................


THE THERMAL AIRPORT CA CLIMATE NORMALS FOR TODAY
                         NORMAL    RECORD    YEAR
 MAXIMUM TEMPERATURE (F)   87       105      1954
 MINIMUM TEMPERATURE (F)   53        42      1995


SUNRISE AND SUNSET
APRIL 16 2014.........SUNRISE   613 AM PDT   SUNSET   716 PM PDT
APRIL 17 2014.........SUNRISE   612 AM PDT   SUNSET   717 PM PDT


-  INDICATES NEGATIVE NUMBERS.
R  INDICATES RECORD WAS SET OR TIED.
MM INDICATES DATA IS MISSING.
T  INDICATES TRACE AMOUNT.




$$
