000
CDUS46 KSGX 300018
CLITRM


CLIMATE REPORT
NATIONAL WEATHER SERVICE SAN DIEGO, CA
518 PM PDT FRI MAY 29 2015


...................................

...THE THERMAL AIRPORT CA CLIMATE SUMMARY FOR MAY 29 2015...
VALID TODAY AS OF 0500 PM LOCAL TIME.

CLIMATE NORMAL PERIOD 1981 TO 2010
CLIMATE RECORD PERIOD 1950 TO 2015


WEATHER ITEM   OBSERVED TIME   RECORD YEAR NORMAL DEPARTURE LAST
                VALUE   (LST)  VALUE       VALUE  FROM      YEAR
                                                  NORMAL
..................................................................
TEMPERATURE (F)
 TODAY
  MAXIMUM        100    343 PM 114    2000  99      1      104
  MINIMUM         61    456 AM  50    1971  64     -3       64
  AVERAGE         81                        81      0       84

PRECIPITATION (IN)
  TODAY            0.00          0.00 2002   0.00   0.00     0.00
                                      2000
  MONTH TO DATE    0.07                      0.03   0.04      T
  SINCE OCT 1      0.84                      2.61  -1.77     0.16
  SINCE JAN 1      0.69                      1.80  -1.11     0.08

SNOWFALL (IN)
  TODAY            0.0
  MONTH TO DATE    0.0
  SINCE MAR 1      0.0
  SINCE JUL 1      0.0
  SNOW DEPTH       0

DEGREE DAYS
 HEATING
  TODAY            0                         0      0        0
  MONTH TO DATE   15                         0     15        0
  SINCE MAR 1     59                       115    -56       32
  SINCE JUL 1    764                      1180   -416      821

 COOLING
  TODAY           16                        16      0       19
  MONTH TO DATE  303                       383    -80      413
  SINCE MAR 1    698                       627     71      765
  SINCE JAN 1    720                       639     81      775
..................................................................


WIND (MPH)
  RESULTANT WIND SPEED   6   RESULTANT WIND DIRECTION  SE (150)
  HIGHEST WIND SPEED    14   HIGHEST WIND DIRECTION     S (160)
  HIGHEST GUST SPEED    19   HIGHEST GUST DIRECTION    SE (150)
  AVERAGE WIND SPEED     6.2


SKY COVER
  POSSIBLE SUNSHINE  MM
  AVERAGE SKY COVER 0.0


WEATHER CONDITIONS
 THE FOLLOWING WEATHER WAS RECORDED TODAY.
  NO SIGNIFICANT WEATHER WAS OBSERVED.


RELATIVE HUMIDITY (PERCENT)
 HIGHEST    69           400 AM
 LOWEST     13           100 PM
 AVERAGE    41

..........................................................


THE THERMAL AIRPORT CA CLIMATE NORMALS FOR TOMORROW
                         NORMAL    RECORD    YEAR
 MAXIMUM TEMPERATURE (F)   99       110      2000
 MINIMUM TEMPERATURE (F)   64        55      2011


SUNRISE AND SUNSET
MAY 29 2015...........SUNRISE   536 AM PDT   SUNSET   748 PM PDT
MAY 30 2015...........SUNRISE   536 AM PDT   SUNSET   749 PM PDT


-  INDICATES NEGATIVE NUMBERS.
R  INDICATES RECORD WAS SET OR TIED.
MM INDICATES DATA IS MISSING.
T  INDICATES TRACE AMOUNT.




$$
