000
CDUS46 KSGX 011422
CLITRM


CLIMATE REPORT
NATIONAL WEATHER SERVICE SAN DIEGO, CA
722 AM PDT SAT OCT 1 2016


...................................

...THE THERMAL AIRPORT CA CLIMATE SUMMARY FOR SEPTEMBER 30 2016...

CLIMATE NORMAL PERIOD 1981 TO 2010
CLIMATE RECORD PERIOD 1950 TO 2016


WEATHER ITEM   OBSERVED TIME   RECORD YEAR NORMAL DEPARTURE LAST
                VALUE   (LST)  VALUE       VALUE  FROM      YEAR
                                                  NORMAL
..................................................................
TEMPERATURE (F)
 YESTERDAY
  MAXIMUM        101    249 PM 109    2012  97      4      105
  MINIMUM         67    611 AM  50    1999  61      6       63
  AVERAGE         84                        79      5       84

PRECIPITATION (IN)
  YESTERDAY        0.00          0.04 1990   0.01  -0.01     0.00
  MONTH TO DATE    0.29                      0.24   0.05     0.03
  SINCE OCT 1      2.27                      3.20  -0.93     1.75
  SINCE JAN 1      1.84                      2.39  -0.55     1.60

DEGREE DAYS
 HEATING
  YESTERDAY        0                         0      0        0
  MONTH TO DATE    0                         0      0        0
  SINCE SEP 1      0                         0      0        0
  SINCE JUL 1      0                         0      0        0

 COOLING
  YESTERDAY       19                        14      5       19
  MONTH TO DATE  552                       565    -13      662
  SINCE SEP 1    552                       565    -13      662
  SINCE JAN 1   3889                      3398    491     3784
..................................................................


WIND (MPH)
  RESULTANT WIND SPEED   1   RESULTANT WIND DIRECTION  NE (30)
  HIGHEST WIND SPEED    13   HIGHEST WIND DIRECTION    NW (330)
  HIGHEST GUST SPEED    16   HIGHEST GUST DIRECTION     N (350)
  AVERAGE WIND SPEED     4.9


SKY COVER
  POSSIBLE SUNSHINE  MM
  AVERAGE SKY COVER 0.1


WEATHER CONDITIONS
 THE FOLLOWING WEATHER WAS RECORDED YESTERDAY.
  NO SIGNIFICANT WEATHER WAS OBSERVED.


RELATIVE HUMIDITY (PERCENT)
 HIGHEST    59           600 AM
 LOWEST     16           300 PM
 AVERAGE    38

..........................................................


THE THERMAL AIRPORT CA CLIMATE NORMALS FOR TODAY
                         NORMAL    RECORD    YEAR
 MAXIMUM TEMPERATURE (F)   96       112      2012
                                             1980
 MINIMUM TEMPERATURE (F)   61        51      1995


SUNRISE AND SUNSET
OCTOBER  1 2016.......SUNRISE   639 AM PDT   SUNSET   628 PM PDT
OCTOBER  2 2016.......SUNRISE   640 AM PDT   SUNSET   627 PM PDT


-  INDICATES NEGATIVE NUMBERS.
R  INDICATES RECORD WAS SET OR TIED.
MM INDICATES DATA IS MISSING.
T  INDICATES TRACE AMOUNT.




$$
