000
CDUS46 KSGX 210018
CLITRM


CLIMATE REPORT
NATIONAL WEATHER SERVICE SAN DIEGO, CA
518 PM PDT SUN AUG 20 2017


...................................

...THE THERMAL AIRPORT CA CLIMATE SUMMARY FOR AUGUST 20 2017...
VALID TODAY AS OF 0500 PM LOCAL TIME.

CLIMATE NORMAL PERIOD 1981 TO 2010
CLIMATE RECORD PERIOD 1950 TO 2017


WEATHER ITEM   OBSERVED TIME   RECORD YEAR NORMAL DEPARTURE LAST
                VALUE   (LST)  VALUE       VALUE  FROM      YEAR
                                                  NORMAL
..................................................................
TEMPERATURE (F)
 TODAY
  MAXIMUM        106    222 PM 115    1982 106      0      105
  MINIMUM         70    456 AM  60    1996  73     -3       78
  AVERAGE         88                        90     -2       92

PRECIPITATION (IN)
  TODAY            0.00          0.09 1988   0.01  -0.01     0.00
  MONTH TO DATE    0.07                      0.11  -0.04     0.00
  SINCE OCT 1      3.76                      2.88   0.88     1.98
  SINCE JAN 1      2.08                      2.07   0.01     1.55

DEGREE DAYS
 HEATING
  TODAY            0                         0      0        0
  MONTH TO DATE    0                         0      0        0
  SINCE JUN 1      0                         0      0        0
  SINCE JUL 1      0                         0      0        0

 COOLING
  TODAY           23                        25     -2       27
  MONTH TO DATE  560                       505     55      567
  SINCE JUN 1   2176                      1899    277     2185
  SINCE JAN 1   3150                      2572    578     3062
..................................................................


WIND (MPH)
  RESULTANT WIND SPEED   2   RESULTANT WIND DIRECTION   E (110)
  HIGHEST WIND SPEED    17   HIGHEST WIND DIRECTION    SE (140)
  HIGHEST GUST SPEED    22   HIGHEST GUST DIRECTION    SE (150)
  AVERAGE WIND SPEED     6.2


SKY COVER
  POSSIBLE SUNSHINE  MM
  AVERAGE SKY COVER 0.0


WEATHER CONDITIONS
 THE FOLLOWING WEATHER WAS RECORDED TODAY.
  NO SIGNIFICANT WEATHER WAS OBSERVED.


RELATIVE HUMIDITY (PERCENT)
 HIGHEST    57           500 AM
 LOWEST     11           200 PM
 AVERAGE    34

..........................................................


THE THERMAL AIRPORT CA CLIMATE NORMALS FOR TOMORROW
                         NORMAL    RECORD    YEAR
 MAXIMUM TEMPERATURE (F)  106       118      1969
 MINIMUM TEMPERATURE (F)   73        52      1993


SUNRISE AND SUNSET
AUGUST 20 2017........SUNRISE   611 AM PDT   SUNSET   725 PM PDT
AUGUST 21 2017........SUNRISE   611 AM PDT   SUNSET   724 PM PDT


-  INDICATES NEGATIVE NUMBERS.
R  INDICATES RECORD WAS SET OR TIED.
MM INDICATES DATA IS MISSING.
T  INDICATES TRACE AMOUNT.




$$
