000
CDUS46 KSGX 300022
CLITRM


CLIMATE REPORT
NATIONAL WEATHER SERVICE SAN DIEGO, CA
521 PM PDT MON SEP 29 2014


...................................

...THE THERMAL AIRPORT CA CLIMATE SUMMARY FOR SEPTEMBER 29 2014...
VALID TODAY AS OF 0500 PM LOCAL TIME.

CLIMATE NORMAL PERIOD 1981 TO 2010
CLIMATE RECORD PERIOD 1950 TO 2014


WEATHER ITEM   OBSERVED TIME   RECORD YEAR NORMAL DEPARTURE LAST
                VALUE   (LST)  VALUE       VALUE  FROM      YEAR
                                                  NORMAL
..................................................................
TEMPERATURE (F)
 TODAY
  MAXIMUM         93    256 PM 112    1980  97     -4       95
  MINIMUM         67    557 AM  52    2013  61      6       52
  AVERAGE         80                        79      1       74

PRECIPITATION (IN)
  TODAY            0.00          0.38 1967   0.01  -0.01     0.00
  MONTH TO DATE    0.13                      0.23  -0.10     0.14
  SINCE JUL 1      0.45                      0.56  -0.11     1.39
  SINCE JAN 1      0.53                      2.38  -1.85     1.83

SNOWFALL (IN)
  TODAY            0.0
  MONTH TO DATE    0.0
  SINCE JAN 1      0.0
  SINCE JUL 1      0.0
  SNOW DEPTH       0

DEGREE DAYS
 HEATING
  TODAY            0                         0      0        0
  MONTH TO DATE    0                         0      0        0
  SINCE SEP 1      0                         0      0        0
  SINCE JUL 1      0                         0      0        0

 COOLING
  TODAY           15                        14      1        9
  MONTH TO DATE  674                       553    121      603
  SINCE SEP 1    674                       553    121      603
  SINCE JAN 1   3871                      3386    485     3887
..................................................................


WIND (MPH)
  RESULTANT WIND SPEED   4   RESULTANT WIND DIRECTION   N (340)
  HIGHEST WIND SPEED    17   HIGHEST WIND DIRECTION    NW (330)
  HIGHEST GUST SPEED    23   HIGHEST GUST DIRECTION    NW (330)
  AVERAGE WIND SPEED     6.9


SKY COVER
  POSSIBLE SUNSHINE  MM
  AVERAGE SKY COVER 0.0


WEATHER CONDITIONS
 THE FOLLOWING WEATHER WAS RECORDED TODAY.
  NO SIGNIFICANT WEATHER WAS OBSERVED.


RELATIVE HUMIDITY (PERCENT)
 HIGHEST    57           500 AM
 LOWEST     16           300 PM
 AVERAGE    37

..........................................................


THE THERMAL AIRPORT CA CLIMATE NORMALS FOR TOMORROW
                         NORMAL    RECORD    YEAR
 MAXIMUM TEMPERATURE (F)   97       109      2012
 MINIMUM TEMPERATURE (F)   61        50      1999


SUNRISE AND SUNSET
SEPTEMBER 29 2014.....SUNRISE   638 AM PDT   SUNSET   632 PM PDT
SEPTEMBER 30 2014.....SUNRISE   638 AM PDT   SUNSET   630 PM PDT


-  INDICATES NEGATIVE NUMBERS.
R  INDICATES RECORD WAS SET OR TIED.
MM INDICATES DATA IS MISSING.
T  INDICATES TRACE AMOUNT.




$$
