032
CDUS46 KSGX 291419
CLITRM


CLIMATE REPORT
NATIONAL WEATHER SERVICE SAN DIEGO, CA
719 AM PDT WED MAR 29 2017


...................................

...THE THERMAL AIRPORT CA CLIMATE SUMMARY FOR MARCH 28 2017...

CLIMATE NORMAL PERIOD 1981 TO 2010
CLIMATE RECORD PERIOD 1950 TO 2017


WEATHER ITEM   OBSERVED TIME   RECORD YEAR NORMAL DEPARTURE LAST
                VALUE   (LST)  VALUE       VALUE  FROM      YEAR
                                                  NORMAL
..................................................................
TEMPERATURE (F)
 YESTERDAY
  MAXIMUM         85    428 PM  98    2015  83      2       82
  MINIMUM         58   1051 PM  38    2009  49      9       58
  AVERAGE         72                        66      6       70

PRECIPITATION (IN)
  YESTERDAY        0.00          0.12 1961   0.01  -0.01     0.00
  MONTH TO DATE    0.00                      0.37  -0.37      T
  SINCE OCT 1      3.69                      2.51   1.18     1.63
  SINCE JAN 1      2.01                      1.70   0.31     1.20

DEGREE DAYS
 HEATING
  YESTERDAY        0                         2     -2        0
  MONTH TO DATE   34                        89    -55       16
  SINCE MAR 1     34                        89    -55       16
  SINCE JUL 1    899                      1154   -255     1041

 COOLING
  YESTERDAY        7                         3      4        5
  MONTH TO DATE  172                        53    119      126
  SINCE MAR 1    172                        53    119      126
  SINCE JAN 1    204                        65    139      191
..................................................................


WIND (MPH)
  RESULTANT WIND SPEED  10   RESULTANT WIND DIRECTION  NW (320)
  HIGHEST WIND SPEED    24   HIGHEST WIND DIRECTION    NW (330)
  HIGHEST GUST SPEED    32   HIGHEST GUST DIRECTION     N (350)
  AVERAGE WIND SPEED    10.8


SKY COVER
  POSSIBLE SUNSHINE  MM
  AVERAGE SKY COVER 0.0


WEATHER CONDITIONS
 THE FOLLOWING WEATHER WAS RECORDED YESTERDAY.
  NO SIGNIFICANT WEATHER WAS OBSERVED.


RELATIVE HUMIDITY (PERCENT)
 HIGHEST    34          1200 AM
 LOWEST      6           300 PM
 AVERAGE    20

..........................................................


THE THERMAL AIRPORT CA CLIMATE NORMALS FOR TODAY
                         NORMAL    RECORD    YEAR
 MAXIMUM TEMPERATURE (F)   84        98      2015
                                             1971
 MINIMUM TEMPERATURE (F)   49        34      1998


SUNRISE AND SUNSET
MARCH 29 2017.........SUNRISE   636 AM PDT   SUNSET   703 PM PDT
MARCH 30 2017.........SUNRISE   634 AM PDT   SUNSET   704 PM PDT


-  INDICATES NEGATIVE NUMBERS.
R  INDICATES RECORD WAS SET OR TIED.
MM INDICATES DATA IS MISSING.
T  INDICATES TRACE AMOUNT.




$$
