000
CDUS46 KSGX 251426
CLITRM


CLIMATE REPORT
NATIONAL WEATHER SERVICE SAN DIEGO, CA
726 AM PDT SAT OCT 25 2014


...................................

...THE THERMAL AIRPORT CA CLIMATE SUMMARY FOR OCTOBER 24 2014...

CLIMATE NORMAL PERIOD 1981 TO 2010
CLIMATE RECORD PERIOD 1950 TO 2014


WEATHER ITEM   OBSERVED TIME   RECORD YEAR NORMAL DEPARTURE LAST
                VALUE   (LST)  VALUE       VALUE  FROM      YEAR
                                                  NORMAL
..................................................................
TEMPERATURE (F)
 YESTERDAY
  MAXIMUM         95    134 PM 103    2003  88      7       87
                                      1959
  MINIMUM         55    540 AM  38    1996  52      3       54
  AVERAGE         75                        70      5       71

PRECIPITATION (IN)
  YESTERDAY        0.00          0.06 1978   0.01  -0.01     0.00
  MONTH TO DATE    T                         0.18  -0.18      T
  SINCE JUL 1      0.45                      0.75  -0.30     1.39
  SINCE JAN 1      0.53                      2.57  -2.04     1.83

SNOWFALL (IN)
  YESTERDAY        0.0
  MONTH TO DATE    0.0
  SINCE JAN 1      0.0
  SINCE JUL 1      0.0
  SNOW DEPTH       0

DEGREE DAYS
 HEATING
  YESTERDAY        0                         1     -1        0
  MONTH TO DATE    0                         2     -2        5
  SINCE SEP 1      0                         2     -2        5
  SINCE JUL 1      0                         2     -2        5

 COOLING
  YESTERDAY       10                         6      4        6
  MONTH TO DATE  302                       223     79      131
  SINCE SEP 1    985                       788    197      743
  SINCE JAN 1   4182                      3621    561     4027
..................................................................


WIND (MPH)
  RESULTANT WIND SPEED   1   RESULTANT WIND DIRECTION  NE (60)
  HIGHEST WIND SPEED    14   HIGHEST WIND DIRECTION    SE (120)
  HIGHEST GUST SPEED    16   HIGHEST GUST DIRECTION    SE (120)
  AVERAGE WIND SPEED     4.7


SKY COVER
  POSSIBLE SUNSHINE  MM
  AVERAGE SKY COVER 0.0


WEATHER CONDITIONS
 THE FOLLOWING WEATHER WAS RECORDED YESTERDAY.
  HAZE


RELATIVE HUMIDITY (PERCENT)
 HIGHEST    69          1200 AM
 LOWEST     19           300 PM
 AVERAGE    44

..........................................................


THE THERMAL AIRPORT CA CLIMATE NORMALS FOR TODAY
                         NORMAL    RECORD    YEAR
 MAXIMUM TEMPERATURE (F)   88       102      1965
 MINIMUM TEMPERATURE (F)   52        36      1975


SUNRISE AND SUNSET
OCTOBER 25 2014.......SUNRISE   658 AM PDT   SUNSET   559 PM PDT
OCTOBER 26 2014.......SUNRISE   658 AM PDT   SUNSET   558 PM PDT


-  INDICATES NEGATIVE NUMBERS.
R  INDICATES RECORD WAS SET OR TIED.
MM INDICATES DATA IS MISSING.
T  INDICATES TRACE AMOUNT.




$$
