000
CDUS46 KSGX 230017
CLITRM


CLIMATE REPORT
NATIONAL WEATHER SERVICE SAN DIEGO, CA
517 PM PDT FRI JUL 22 2016


...................................

...THE THERMAL AIRPORT CA CLIMATE SUMMARY FOR JULY 22 2016...
VALID TODAY AS OF 0500 PM LOCAL TIME.

CLIMATE NORMAL PERIOD 1981 TO 2010
CLIMATE RECORD PERIOD 1950 TO 2016


WEATHER ITEM   OBSERVED TIME   RECORD YEAR NORMAL DEPARTURE LAST
                VALUE   (LST)  VALUE       VALUE  FROM      YEAR
                                                  NORMAL
..................................................................
TEMPERATURE (F)
 TODAY
  MAXIMUM        115    350 PM 120    2006 107      8      102
  MINIMUM         79    513 AM  64    1957  75      4       81
  AVERAGE         97                        91      6       92

PRECIPITATION (IN)
  TODAY            0.00          1.43 1997   0.01  -0.01     0.00
  MONTH TO DATE    0.00                      0.09  -0.09     0.84
  SINCE OCT 1      1.98                      2.72  -0.74     1.68
  SINCE JAN 1      1.55                      1.91  -0.36     1.53

DEGREE DAYS
 HEATING
  TODAY            0                         0      0        0
  MONTH TO DATE    0                         0      0        0
  SINCE JUN 1      0                         0      0        0
  SINCE JUL 1      0                         0      0        0

 COOLING
  TODAY           32                        26      6       27
  MONTH TO DATE  582                       555     27      554
  SINCE JUN 1   1343                      1163    180     1227
  SINCE JAN 1   2220                      1836    384     1981
..................................................................


WIND (MPH)
  RESULTANT WIND SPEED   1   RESULTANT WIND DIRECTION   S (160)
  HIGHEST WIND SPEED    15   HIGHEST WIND DIRECTION    SE (140)
  HIGHEST GUST SPEED    20   HIGHEST GUST DIRECTION    SE (150)
  AVERAGE WIND SPEED     7.0


SKY COVER
  POSSIBLE SUNSHINE  MM
  AVERAGE SKY COVER 0.0


WEATHER CONDITIONS
 THE FOLLOWING WEATHER WAS RECORDED TODAY.
  NO SIGNIFICANT WEATHER WAS OBSERVED.


RELATIVE HUMIDITY (PERCENT)
 HIGHEST    23           600 AM
 LOWEST      8           100 AM
 AVERAGE    16

..........................................................


THE THERMAL AIRPORT CA CLIMATE NORMALS FOR TOMORROW
                         NORMAL    RECORD    YEAR
 MAXIMUM TEMPERATURE (F)  107       119      2014
 MINIMUM TEMPERATURE (F)   75        65      1993


SUNRISE AND SUNSET
JULY 22 2016..........SUNRISE   550 AM PDT   SUNSET   752 PM PDT
JULY 23 2016..........SUNRISE   551 AM PDT   SUNSET   751 PM PDT


-  INDICATES NEGATIVE NUMBERS.
R  INDICATES RECORD WAS SET OR TIED.
MM INDICATES DATA IS MISSING.
T  INDICATES TRACE AMOUNT.




$$
