000
CDUS46 KPQR 281141
CLITTD


CLIMATE REPORT
NATIONAL WEATHER SERVICE PORTLAND OREGON
441 AM PDT FRI APR 28 2017


...................................

...THE TROUTDALE OR CLIMATE SUMMARY FOR APRIL 27 2017...

CLIMATE NORMAL PERIOD 1981 TO 2010
CLIMATE RECORD PERIOD 1948 TO 2017


WEATHER ITEM   OBSERVED TIME   RECORD YEAR NORMAL DEPARTURE LAST
                VALUE   (LST)  VALUE       VALUE  FROM      YEAR
                                                  NORMAL
..................................................................
TEMPERATURE (F)
 YESTERDAY
  MAXIMUM         55    116 PM  84    1987  64     -9       61
  MINIMUM         42   1039 PM  31    1948  42      0       48
  AVERAGE         49                        53     -4       55

PRECIPITATION (IN)
  YESTERDAY        0.26                      0.12   0.14     0.02
  MONTH TO DATE    5.11                      3.51   1.60     2.44
  SINCE OCT 1     43.96                     37.82   6.14    34.97
  SINCE JAN 1     22.87                     19.42   3.45    15.15

DEGREE DAYS
 HEATING
  YESTERDAY       16                        12      4       10
  MONTH TO DATE  351                       372    -21      209

 COOLING
  YESTERDAY        0                         0      0        0
  MONTH TO DATE    0                         0      0       29
..................................................................


WIND (MPH)
  HIGHEST WIND SPEED    16   HIGHEST WIND DIRECTION    SW (210)
  HIGHEST GUST SPEED    23   HIGHEST GUST DIRECTION    SW (230)
  AVERAGE WIND SPEED     6.0


SKY COVER
  POSSIBLE SUNSHINE  MM
  AVERAGE SKY COVER 0.8


WEATHER CONDITIONS
 THE FOLLOWING WEATHER WAS RECORDED YESTERDAY.
  THUNDERSTORM
  LIGHT RAIN
  FOG
  HAZE


RELATIVE HUMIDITY (PERCENT)
 HIGHEST    89          1000 PM
 LOWEST     66           400 PM
 AVERAGE    78

..........................................................


THE TROUTDALE OR CLIMATE NORMALS FOR TODAY
                         NORMAL    RECORD    YEAR
 MAXIMUM TEMPERATURE (F)   64        84      1998
 MINIMUM TEMPERATURE (F)   43        33      1973


SUNRISE AND SUNSET
APRIL 28 2017.........SUNRISE   602 AM PDT   SUNSET   813 PM PDT
APRIL 29 2017.........SUNRISE   600 AM PDT   SUNSET   815 PM PDT


-  INDICATES NEGATIVE NUMBERS.
R  INDICATES RECORD WAS SET OR TIED.
MM INDICATES DATA IS MISSING.
T  INDICATES TRACE AMOUNT.




$$
