000
CDUS46 KPQR 140221
CLITTD


CLIMATE REPORT
NATIONAL WEATHER SERVICE PORTLAND OREGON
720 PM PDT SUN JUL 13 2014


...................................

...THE TROUTDALE OR CLIMATE SUMMARY FOR JULY 13 2014...
VALID TODAY AS OF 0700 PM LOCAL TIME.

CLIMATE NORMAL PERIOD 1981 TO 2010
CLIMATE RECORD PERIOD 9999 TO 9999


WEATHER ITEM   OBSERVED TIME   NORMAL DEPARTURE LAST
                VALUE   (LST)  VALUE  FROM      YEAR
                                      NORMAL
......................................................
TEMPERATURE (F)
 TODAY
  MAXIMUM         MM        MM  81     MM       83
  MINIMUM         MM        MM  54     MM       48
  AVERAGE         MM            68     MM       66

PRECIPITATION (IN)
  TODAY            0.03          0.03   0.00     0.00
  MONTH TO DATE    0.03          0.40  -0.37     0.00
  SINCE OCT 1     28.11         43.92 -15.81    36.50
  SINCE JAN 1     20.52         25.52  -5.00    16.52

DEGREE DAYS
 HEATING
  TODAY           MM             1     MM        0
  MONTH TO DATE    0            18    -18        5

 COOLING
  TODAY           MM             3     MM        1
  MONTH TO DATE   99            34     65       58
......................................................


WIND (MPH)
  HIGHEST WIND SPEED     9   HIGHEST WIND DIRECTION     S (180)
  HIGHEST GUST SPEED    MM   HIGHEST GUST DIRECTION    MM
  AVERAGE WIND SPEED     3.1


SKY COVER
  POSSIBLE SUNSHINE  MM
  AVERAGE SKY COVER 0.1


WEATHER CONDITIONS
 THE FOLLOWING WEATHER WAS RECORDED TODAY.
  LIGHT RAIN
  HAZE


RELATIVE HUMIDITY (PERCENT)
 HIGHEST    90           500 AM
 LOWEST     60           300 PM
 AVERAGE    75

..........................................................


THE TROUTDALE OR CLIMATE NORMALS FOR TOMORROW
                         NORMAL    RECORD    YEAR
 MAXIMUM TEMPERATURE (F)   81        95      1987
 MINIMUM TEMPERATURE (F)   54        48      1969


SUNRISE AND SUNSET
JULY 13 2014..........SUNRISE   534 AM PDT   SUNSET   857 PM PDT
JULY 14 2014..........SUNRISE   534 AM PDT   SUNSET   856 PM PDT


-  INDICATES NEGATIVE NUMBERS.
R  INDICATES RECORD WAS SET OR TIED.
MM INDICATES DATA IS MISSING.
T  INDICATES TRACE AMOUNT.




$$
