000
CDUS46 KPQR 230221
CLITTD


CLIMATE REPORT
NATIONAL WEATHER SERVICE PORTLAND OREGON
720 PM PDT TUE AUG 22 2017


...................................

...THE TROUTDALE OR CLIMATE SUMMARY FOR AUGUST 22 2017...
VALID TODAY AS OF 0700 PM LOCAL TIME.

CLIMATE NORMAL PERIOD 1981 TO 2010
CLIMATE RECORD PERIOD 1948 TO 2017


WEATHER ITEM   OBSERVED TIME   RECORD YEAR NORMAL DEPARTURE LAST
                VALUE   (LST)  VALUE       VALUE  FROM      YEAR
                                                  NORMAL
..................................................................
TEMPERATURE (F)
 TODAY
  MAXIMUM         89    447 PM  95    1988  82      7       76
  MINIMUM         57    546 AM  45    1988  53      4       50
  AVERAGE         73                        67      6       63

PRECIPITATION (IN)
  TODAY            0.00                      0.04  -0.04     0.00
  MONTH TO DATE    0.21                      0.49  -0.28     0.07
  SINCE OCT 1     48.41                     44.75   3.66    40.12
  SINCE JAN 1     27.32                     26.35   0.97    20.30

DEGREE DAYS
 HEATING
  TODAY            0                         1     -1        2
  MONTH TO DATE    3                        22    -19        4

 COOLING
  TODAY            8                         3      5        0
  MONTH TO DATE  189                        95     94      150
..................................................................


WIND (MPH)
  HIGHEST WIND SPEED     9   HIGHEST WIND DIRECTION    NE (30)
  HIGHEST GUST SPEED    13   HIGHEST GUST DIRECTION    NE (30)
  AVERAGE WIND SPEED     3.5


SKY COVER
  POSSIBLE SUNSHINE  MM
  AVERAGE SKY COVER 0.0


WEATHER CONDITIONS
 THE FOLLOWING WEATHER WAS RECORDED TODAY.
  NO SIGNIFICANT WEATHER WAS OBSERVED.


RELATIVE HUMIDITY (PERCENT)
 HIGHEST    80           400 AM
 LOWEST     34           400 PM
 AVERAGE    57

..........................................................


THE TROUTDALE OR CLIMATE NORMALS FOR TOMORROW
                         NORMAL    RECORD    YEAR
 MAXIMUM TEMPERATURE (F)   81       100      1988
 MINIMUM TEMPERATURE (F)   53        45      1955
                                             1973


SUNRISE AND SUNSET
AUGUST 22 2017........SUNRISE   619 AM PDT   SUNSET   805 PM PDT
AUGUST 23 2017........SUNRISE   620 AM PDT   SUNSET   803 PM PDT


-  INDICATES NEGATIVE NUMBERS.
R  INDICATES RECORD WAS SET OR TIED.
MM INDICATES DATA IS MISSING.
T  INDICATES TRACE AMOUNT.




$$
