000
CDUS46 KPQR 170221
CLITTD


CLIMATE REPORT
NATIONAL WEATHER SERVICE PORTLAND OREGON
720 PM PDT MON OCT 16 2017


...................................

...THE TROUTDALE OR CLIMATE SUMMARY FOR OCTOBER 16 2017...
VALID TODAY AS OF 0700 PM LOCAL TIME.

CLIMATE NORMAL PERIOD 1981 TO 2010
CLIMATE RECORD PERIOD 1948 TO 2017


WEATHER ITEM   OBSERVED TIME   RECORD YEAR NORMAL DEPARTURE LAST
                VALUE   (LST)  VALUE       VALUE  FROM      YEAR
                                                  NORMAL
..................................................................
TEMPERATURE (F)
 TODAY
  MAXIMUM         68    345 PM  76    2015  64      4       58
                                      2002
  MINIMUM         38    653 AM  30    1949  44     -6       52
  AVERAGE         53                        54     -1       55

PRECIPITATION (IN)
  TODAY            0.00                      0.12  -0.12     0.60
  MONTH TO DATE    1.48                      1.54  -0.06     7.39
  SINCE OCT 1      1.48                      1.54  -0.06     7.39
  SINCE JAN 1     31.86                     30.11   1.75    29.90

DEGREE DAYS
 HEATING
  TODAY           12                        11      1       10
  MONTH TO DATE  177                       144     33      125

 COOLING
  TODAY            0                         0      0        0
  MONTH TO DATE    0                         0      0        0
..................................................................


WIND (MPH)
  HIGHEST WIND SPEED     9   HIGHEST WIND DIRECTION     E (80)
  HIGHEST GUST SPEED    12   HIGHEST GUST DIRECTION     E (90)
  AVERAGE WIND SPEED     1.6


SKY COVER
  POSSIBLE SUNSHINE  MM
  AVERAGE SKY COVER 0.0


WEATHER CONDITIONS
 THE FOLLOWING WEATHER WAS RECORDED TODAY.
  NO SIGNIFICANT WEATHER WAS OBSERVED.


RELATIVE HUMIDITY (PERCENT)
 HIGHEST   100           300 AM
 LOWEST     45           300 PM
 AVERAGE    73

..........................................................


THE TROUTDALE OR CLIMATE NORMALS FOR TOMORROW
                         NORMAL    RECORD    YEAR
 MAXIMUM TEMPERATURE (F)   63        77      1974
 MINIMUM TEMPERATURE (F)   43        31      1949


SUNRISE AND SUNSET
OCTOBER 16 2017.......SUNRISE   728 AM PDT   SUNSET   622 PM PDT
OCTOBER 17 2017.......SUNRISE   729 AM PDT   SUNSET   620 PM PDT


-  INDICATES NEGATIVE NUMBERS.
R  INDICATES RECORD WAS SET OR TIED.
MM INDICATES DATA IS MISSING.
T  INDICATES TRACE AMOUNT.




$$
