000
CDUS41 KPHI 230546
CLITTN


CLIMATE REPORT
NATIONAL WEATHER SERVICE MOUNT HOLLY NJ
146 AM EDT MON OCT 23 2017


...................................

...THE TRENTON NJ CLIMATE SUMMARY FOR OCTOBER 22 2017...

CLIMATE NORMAL PERIOD 1981 TO 2010
CLIMATE RECORD PERIOD 1865 TO 2017


WEATHER ITEM   OBSERVED TIME   RECORD YEAR NORMAL DEPARTURE LAST
                VALUE   (LST)  VALUE       VALUE  FROM      YEAR
                                                  NORMAL
..................................................................
TEMPERATURE (F)
 YESTERDAY
  MAXIMUM         75    116 PM  83    1979  63     12       56
  MINIMUM         43    634 AM  27    1940  42      1       47
  AVERAGE         59                        52      7       52

PRECIPITATION (IN)
  YESTERDAY        0.00          2.12 1970   0.14  -0.14     0.30
  MONTH TO DATE    1.40                      3.00  -1.60     1.14
  SINCE SEP 1      3.26                      7.27  -4.01     3.52
  SINCE JAN 1     34.43                     38.25  -3.82    28.32

DEGREE DAYS
 HEATING
  YESTERDAY        6                        13     -7       13
  MONTH TO DATE   83                       207   -124      133
  SINCE SEP 1    116                       269   -153      161
  SINCE JUL 1    117                       272   -155      161

 COOLING
  YESTERDAY        0                         0      0        0
  MONTH TO DATE   60                         7     53       28
  SINCE SEP 1    225                       106    119      229
  SINCE JAN 1   1145                       962    183     1380
..................................................................


WIND (MPH)
  HIGHEST WIND SPEED    13   HIGHEST WIND DIRECTION    SE (140)
  HIGHEST GUST SPEED    14   HIGHEST GUST DIRECTION    SE (140)
  AVERAGE WIND SPEED     3.5


SKY COVER
  POSSIBLE SUNSHINE  MM
  AVERAGE SKY COVER 0.1


WEATHER CONDITIONS
 THE FOLLOWING WEATHER WAS RECORDED YESTERDAY.
  NO SIGNIFICANT WEATHER WAS OBSERVED.


RELATIVE HUMIDITY (PERCENT)
 HIGHEST    93           200 AM
 LOWEST     38           200 PM
 AVERAGE    66

..........................................................


THE TRENTON NJ CLIMATE NORMALS FOR TODAY
                         NORMAL    RECORD    YEAR
 MAXIMUM TEMPERATURE (F)   63        85      1947
 MINIMUM TEMPERATURE (F)   42        30      1997


SUNRISE AND SUNSET
OCTOBER 23 2017.......SUNRISE   719 AM EDT   SUNSET   608 PM EDT
OCTOBER 24 2017.......SUNRISE   720 AM EDT   SUNSET   606 PM EDT


-  INDICATES NEGATIVE NUMBERS.
R  INDICATES RECORD WAS SET OR TIED.
MM INDICATES DATA IS MISSING.
T  INDICATES TRACE AMOUNT.




$$
