033
CDUS41 KPHI 312127
CLITTN


CLIMATE REPORT
NATIONAL WEATHER SERVICE MOUNT HOLLY NJ
527 PM EDT TUE MAY 31 2016


...................................

...THE TRENTON NJ CLIMATE SUMMARY FOR MAY 31 2016...
VALID TODAY AS OF 0500 PM LOCAL TIME.

CLIMATE NORMAL PERIOD 1981 TO 2010
CLIMATE RECORD PERIOD 1865 TO 2016


WEATHER ITEM   OBSERVED TIME   RECORD YEAR NORMAL DEPARTURE LAST
                VALUE   (LST)  VALUE       VALUE  FROM      YEAR
                                                  NORMAL
..................................................................
TEMPERATURE (F)
 TODAY
  MAXIMUM         87    359 PM  99    1986  77     10       91
  MINIMUM         69    219 AM  42    1930  55     14       66
  AVERAGE         78                        66     12       79

PRECIPITATION (IN)
  TODAY            0.00          2.05 1904   0.19  -0.19     0.01
  MONTH TO DATE    3.55                      4.37  -0.82     0.63
  SINCE MAR 1      6.84                     12.05  -5.21     7.47
  SINCE JAN 1     14.04                     17.52  -3.48    14.06

SNOWFALL (IN)
  TODAY           MM            MM      MM  MM     MM       MM
  MONTH TO DATE   MM                        MM     MM       MM
  SINCE MAR 1     MM                        MM     MM       MM
  SINCE JUL 1     MM                        MM     MM       MM
  SNOW DEPTH      MM

DEGREE DAYS
 HEATING
  TODAY            0                         2     -2        0
  MONTH TO DATE  187                       167     20       67
  SINCE MAR 1   1111                      1322   -211     1290
  SINCE JUL 1   4205                      5136   -931     5373

 COOLING
  TODAY           13                         3     10       14
  MONTH TO DATE   80                        49     31      139
  SINCE MAR 1     92                        57     35      139
  SINCE JAN 1     92                        57     35      139
..................................................................


WIND (MPH)
  HIGHEST WIND SPEED    14   HIGHEST WIND DIRECTION     N (350)
  HIGHEST GUST SPEED    19   HIGHEST GUST DIRECTION     N (350)
  AVERAGE WIND SPEED     4.6


SKY COVER
  POSSIBLE SUNSHINE  MM
  AVERAGE SKY COVER 0.3


WEATHER CONDITIONS
 THE FOLLOWING WEATHER WAS RECORDED TODAY.
  NO SIGNIFICANT WEATHER WAS OBSERVED.


RELATIVE HUMIDITY (PERCENT)
 HIGHEST    97           300 AM
 LOWEST     31           300 PM
 AVERAGE    64

..........................................................


THE TRENTON NJ CLIMATE NORMALS FOR TOMORROW
                         NORMAL    RECORD    YEAR
 MAXIMUM TEMPERATURE (F)   77        98      1895
 MINIMUM TEMPERATURE (F)   56        43      1938


SUNRISE AND SUNSET
MAY 31 2016...........SUNRISE   532 AM EDT   SUNSET   823 PM EDT
JUNE  1 2016..........SUNRISE   531 AM EDT   SUNSET   823 PM EDT


-  INDICATES NEGATIVE NUMBERS.
R  INDICATES RECORD WAS SET OR TIED.
MM INDICATES DATA IS MISSING.
T  INDICATES TRACE AMOUNT.




$$
