000
CDUS41 KPHI 290632
CLITTN


CLIMATE REPORT
NATIONAL WEATHER SERVICE MOUNT HOLLY NJ
232 AM EDT WED MAR 29 2017


...................................

...THE TRENTON NJ CLIMATE SUMMARY FOR MARCH 28 2017...

CLIMATE NORMAL PERIOD 1981 TO 2010
CLIMATE RECORD PERIOD 1865 TO 2017


WEATHER ITEM   OBSERVED TIME   RECORD YEAR NORMAL DEPARTURE LAST
                VALUE   (LST)  VALUE       VALUE  FROM      YEAR
                                                  NORMAL
..................................................................
TEMPERATURE (F)
 YESTERDAY
  MAXIMUM         50    217 PM  84    1945  55     -5       64
  MINIMUM         44    928 AM  16    1923  35      9       43
  AVERAGE         47                        45      2       54

PRECIPITATION (IN)
  YESTERDAY        1.28          2.07 1932   0.13   1.15     0.42
  MONTH TO DATE    2.90                      3.68  -0.78     1.61
  SINCE MAR 1      2.90                      3.68  -0.78     1.61
  SINCE JAN 1      7.64                      9.15  -1.51     8.81

DEGREE DAYS
 HEATING
  YESTERDAY       18                        20     -2       11
  MONTH TO DATE  726                       674     52      473
  SINCE MAR 1    726                       674     52      473
  SINCE JUL 1   3945                      4488   -543     3567

 COOLING
  YESTERDAY        0                         0      0        0
  MONTH TO DATE    0                         0      0        3
  SINCE MAR 1      0                         0      0        3
  SINCE JAN 1      0                         0      0        3
..................................................................


WIND (MPH)
  HIGHEST WIND SPEED    18   HIGHEST WIND DIRECTION     E (70)
  HIGHEST GUST SPEED    22   HIGHEST GUST DIRECTION     E (70)
  AVERAGE WIND SPEED     6.9


SKY COVER
  POSSIBLE SUNSHINE  MM
  AVERAGE SKY COVER 0.9


WEATHER CONDITIONS
 THE FOLLOWING WEATHER WAS RECORDED YESTERDAY.
  THUNDERSTORM
  HEAVY RAIN
  RAIN
  LIGHT RAIN
  FOG
  FOG W/VISIBILITY <= 1/4 MILE


RELATIVE HUMIDITY (PERCENT)
 HIGHEST   100           500 AM
 LOWEST     93          1200 AM
 AVERAGE    97

..........................................................


THE TRENTON NJ CLIMATE NORMALS FOR TODAY
                         NORMAL    RECORD    YEAR
 MAXIMUM TEMPERATURE (F)   55        86      1945
 MINIMUM TEMPERATURE (F)   36        11      1923


SUNRISE AND SUNSET
MARCH 29 2017.........SUNRISE   648 AM EDT   SUNSET   721 PM EDT
MARCH 30 2017.........SUNRISE   646 AM EDT   SUNSET   722 PM EDT


-  INDICATES NEGATIVE NUMBERS.
R  INDICATES RECORD WAS SET OR TIED.
MM INDICATES DATA IS MISSING.
T  INDICATES TRACE AMOUNT.




$$
