000
CDUS41 KPHI 300628
CLITTN


CLIMATE REPORT
NATIONAL WEATHER SERVICE MOUNT HOLLY NJ
227 AM EDT SAT MAY 30 2015


...................................

...THE TRENTON NJ CLIMATE SUMMARY FOR MAY 29 2015...

CLIMATE NORMAL PERIOD 1981 TO 2010
CLIMATE RECORD PERIOD 1865 TO 2015


WEATHER ITEM   OBSERVED TIME   RECORD YEAR NORMAL DEPARTURE LAST
                VALUE   (LST)  VALUE       VALUE  FROM      YEAR
                                                  NORMAL
..................................................................
TEMPERATURE (F)
 YESTERDAY
  MAXIMUM         87    357 PM  93    1986  76     11       62
                                      1969
  MINIMUM         61    458 AM  41    1936  55      6       52
  AVERAGE         74                        65      9       57

PRECIPITATION (IN)
  YESTERDAY        0.00          2.32 1968   0.18  -0.18     0.00
  MONTH TO DATE    0.62                      4.00  -3.38     3.14
  SINCE MAR 1      7.46                     11.68  -4.22    12.67
  SINCE JAN 1     14.05                     17.15  -3.10    20.33

SNOWFALL (IN)
  YESTERDAY       MM            MM      MM  MM     MM       MM
  MONTH TO DATE   MM                        MM     MM       MM
  SINCE MAR 1     MM                        MM     MM       MM
  SINCE JUL 1     MM                        MM     MM       MM
  SNOW DEPTH      MM

DEGREE DAYS
 HEATING
  YESTERDAY        0                         3     -3        8
  MONTH TO DATE   67                       163    -96      105
  SINCE MAR 1   1290                      1317    -27     1387
  SINCE JUL 1   5373                      5131    242     5473

 COOLING
  YESTERDAY        9                         3      6        0
  MONTH TO DATE  113                        44     69       38
  SINCE MAR 1    113                        52     61       44
  SINCE JAN 1    113                        52     61       44
..................................................................


WIND (MPH)
  HIGHEST WIND SPEED    15   HIGHEST WIND DIRECTION    SE (150)
  HIGHEST GUST SPEED    18   HIGHEST GUST DIRECTION    SE (150)
  AVERAGE WIND SPEED     6.0


SKY COVER
  POSSIBLE SUNSHINE  MM
  AVERAGE SKY COVER 0.0


WEATHER CONDITIONS
 THE FOLLOWING WEATHER WAS RECORDED YESTERDAY.
  NO SIGNIFICANT WEATHER WAS OBSERVED.


RELATIVE HUMIDITY (PERCENT)
 HIGHEST    81          1100 PM
 LOWEST     37           400 PM
 AVERAGE    59

..........................................................


THE TRENTON NJ CLIMATE NORMALS FOR TODAY
                         NORMAL    RECORD    YEAR
 MAXIMUM TEMPERATURE (F)   76        96      1986
 MINIMUM TEMPERATURE (F)   55        41      1949


SUNRISE AND SUNSET
MAY 30 2015...........SUNRISE   533 AM EDT   SUNSET   821 PM EDT
MAY 31 2015...........SUNRISE   532 AM EDT   SUNSET   822 PM EDT


-  INDICATES NEGATIVE NUMBERS.
R  INDICATES RECORD WAS SET OR TIED.
MM INDICATES DATA IS MISSING.
T  INDICATES TRACE AMOUNT.




$$
