000
CDUS41 KPHI 042128
CLITTN


CLIMATE REPORT
NATIONAL WEATHER SERVICE MOUNT HOLLY NJ
527 PM EDT WED MAY 4 2016


...................................

...THE TRENTON NJ CLIMATE SUMMARY FOR MAY 4 2016...
VALID TODAY AS OF 0500 PM LOCAL TIME.

CLIMATE NORMAL PERIOD 1981 TO 2010
CLIMATE RECORD PERIOD 1865 TO 2016


WEATHER ITEM   OBSERVED TIME   RECORD YEAR NORMAL DEPARTURE LAST
                VALUE   (LST)  VALUE       VALUE  FROM      YEAR
                                                  NORMAL
..................................................................
TEMPERATURE (F)
 TODAY
  MAXIMUM         52    240 PM  89    2001  68    -16       83
  MINIMUM         49    646 AM  33    1986  47      2       49
  AVERAGE         51                        57     -6       66

PRECIPITATION (IN)
  TODAY            0.05          1.54 1893   0.11  -0.06     0.00
  MONTH TO DATE    1.26                      0.38   0.88      T
  SINCE MAR 1      4.55                      8.06  -3.51     6.84
  SINCE JAN 1     11.75                     13.53  -1.78    13.43

SNOWFALL (IN)
  TODAY           MM            MM      MM  MM     MM       MM
  MONTH TO DATE   MM                        MM     MM       MM
  SINCE MAR 1     MM                        MM     MM       MM
  SINCE JUL 1     MM                        MM     MM       MM
  SNOW DEPTH      MM

DEGREE DAYS
 HEATING
  TODAY           14                         8      6        0
  MONTH TO DATE   53                        35     18       22
  SINCE MAR 1    977                      1189   -212     1245
  SINCE JUL 1   4071                      5003   -932     5328

 COOLING
  TODAY            0                         1     -1        1
  MONTH TO DATE    0                         4     -4        1
  SINCE MAR 1     12                        12      0        1
  SINCE JAN 1     12                        12      0        1
..................................................................


WIND (MPH)
  HIGHEST WIND SPEED    16   HIGHEST WIND DIRECTION     E (90)
  HIGHEST GUST SPEED    21   HIGHEST GUST DIRECTION     E (70)
  AVERAGE WIND SPEED     9.4


SKY COVER
  POSSIBLE SUNSHINE  MM
  AVERAGE SKY COVER 1.0


WEATHER CONDITIONS
 THE FOLLOWING WEATHER WAS RECORDED TODAY.
  LIGHT RAIN
  FOG
  HAZE


RELATIVE HUMIDITY (PERCENT)
 HIGHEST    93          1200 AM
 LOWEST     83          1000 AM
 AVERAGE    88

..........................................................


THE TRENTON NJ CLIMATE NORMALS FOR TOMORROW
                         NORMAL    RECORD    YEAR
 MAXIMUM TEMPERATURE (F)   68        91      1928
 MINIMUM TEMPERATURE (F)   47        35      1911


SUNRISE AND SUNSET
MAY  4 2016...........SUNRISE   555 AM EDT   SUNSET   758 PM EDT
MAY  5 2016...........SUNRISE   553 AM EDT   SUNSET   759 PM EDT


-  INDICATES NEGATIVE NUMBERS.
R  INDICATES RECORD WAS SET OR TIED.
MM INDICATES DATA IS MISSING.
T  INDICATES TRACE AMOUNT.




$$
