000
CDUS41 KPHI 160632
CLITTN


CLIMATE REPORT
NATIONAL WEATHER SERVICE MOUNT HOLLY NJ
232 AM EDT TUE SEP 16 2014


...................................

...THE TRENTON NJ CLIMATE SUMMARY FOR SEPTEMBER 15 2014...

CLIMATE NORMAL PERIOD 1981 TO 2010
CLIMATE RECORD PERIOD 1865 TO 2014


WEATHER ITEM   OBSERVED TIME   RECORD YEAR NORMAL DEPARTURE LAST
                VALUE   (LST)  VALUE       VALUE  FROM      YEAR
                                                  NORMAL
..................................................................
TEMPERATURE (F)
 YESTERDAY
  MAXIMUM         71    433 PM  92    1927  77     -6       72
  MINIMUM         47    204 AM  38    1985  57    -10       45
  AVERAGE         59                        67     -8       59

PRECIPITATION (IN)
  YESTERDAY        0.00          4.02 1904   0.18  -0.18     0.00
  MONTH TO DATE    0.57                      1.89  -1.32     0.52
  SINCE SEP 1      0.57                      1.89  -1.32     0.52
  SINCE JAN 1     32.03                     32.87  -0.84    32.87

SNOWFALL (IN)
  YESTERDAY       MM            MM      MM  MM     MM       MM
  MONTH TO DATE   MM                        MM     MM       MM
  SINCE SEP 1     MM                        MM     MM       MM
  SINCE JUL 1     MM                        MM     MM       MM
  SNOW DEPTH      MM

DEGREE DAYS
 HEATING
  YESTERDAY        6                         1      5        6
  MONTH TO DATE   15                         8      7       21
  SINCE SEP 1     15                         8      7       21
  SINCE JUL 1     15                        11      4       21

 COOLING
  YESTERDAY        0                         3     -3        0
  MONTH TO DATE  110                        72     38       90
  SINCE SEP 1    110                        72     38       90
  SINCE JAN 1    893                       928    -35     1040
..................................................................


WIND (MPH)
  HIGHEST WIND SPEED    12   HIGHEST WIND DIRECTION     S (170)
  HIGHEST GUST SPEED    14   HIGHEST GUST DIRECTION    SW (210)
  AVERAGE WIND SPEED     4.5


SKY COVER
  POSSIBLE SUNSHINE  MM
  AVERAGE SKY COVER 0.0


WEATHER CONDITIONS
 THE FOLLOWING WEATHER WAS RECORDED YESTERDAY.
  NO SIGNIFICANT WEATHER WAS OBSERVED.


RELATIVE HUMIDITY (PERCENT)
 HIGHEST    93           200 AM
 LOWEST     37           500 PM
 AVERAGE    65

..........................................................


THE TRENTON NJ CLIMATE NORMALS FOR TODAY
                         NORMAL    RECORD    YEAR
 MAXIMUM TEMPERATURE (F)   76        93      1991
 MINIMUM TEMPERATURE (F)   57        40      1984


SUNRISE AND SUNSET
SEPTEMBER 16 2014.....SUNRISE   641 AM EDT   SUNSET   706 PM EDT
SEPTEMBER 17 2014.....SUNRISE   642 AM EDT   SUNSET   705 PM EDT


-  INDICATES NEGATIVE NUMBERS.
R  INDICATES RECORD WAS SET OR TIED.
MM INDICATES DATA IS MISSING.
T  INDICATES TRACE AMOUNT.




$$
