000
CDUS41 KPHI 270627
CLITTN


CLIMATE REPORT
NATIONAL WEATHER SERVICE MOUNT HOLLY NJ
227 AM EDT WED AUG 27 2014


...................................

...THE TRENTON NJ CLIMATE SUMMARY FOR AUGUST 26 2014...

CLIMATE NORMAL PERIOD 1981 TO 2010
CLIMATE RECORD PERIOD 1865 TO 2014


WEATHER ITEM   OBSERVED TIME   RECORD YEAR NORMAL DEPARTURE LAST
                VALUE   (LST)  VALUE       VALUE  FROM      YEAR
                                                  NORMAL
..................................................................
TEMPERATURE (F)
 YESTERDAY
  MAXIMUM         86    312 PM  99    1948  82      4       85
  MINIMUM         62    538 AM  53    1944  63     -1       61
                                      1942
                                      1917
  AVERAGE         74                        73      1       73

PRECIPITATION (IN)
  YESTERDAY        0.00          2.10 1908   0.11  -0.11     0.05
  MONTH TO DATE    3.40                      3.56  -0.16     3.58
  SINCE JUN 1     11.07                     12.92  -1.85    19.18
  SINCE JAN 1     31.40                     30.44   0.96    32.00

SNOWFALL (IN)
  YESTERDAY       MM            MM      MM  MM     MM       MM
  MONTH TO DATE   MM                        MM     MM       MM
  SINCE JUN 1     MM                        MM     MM       MM
  SINCE JUL 1     MM                        MM     MM       MM
  SNOW DEPTH      MM

DEGREE DAYS
 HEATING
  YESTERDAY        0                         0      0        0
  MONTH TO DATE    0                         0      0        0
  SINCE JUN 1      3                        24    -21        4
  SINCE JUL 1      0                         0      0        0

 COOLING
  YESTERDAY        9                         8      1        8
  MONTH TO DATE  183                       243    -60      173
  SINCE JUN 1    703                       763    -60      805
  SINCE JAN 1    747                       820    -73      895
..................................................................


WIND (MPH)
  HIGHEST WIND SPEED    14   HIGHEST WIND DIRECTION    SE (150)
  HIGHEST GUST SPEED    16   HIGHEST GUST DIRECTION    SE (150)
  AVERAGE WIND SPEED     4.8


SKY COVER
  POSSIBLE SUNSHINE  MM
  AVERAGE SKY COVER 0.1


WEATHER CONDITIONS
 THE FOLLOWING WEATHER WAS RECORDED YESTERDAY.
  NO SIGNIFICANT WEATHER WAS OBSERVED.


RELATIVE HUMIDITY (PERCENT)
 HIGHEST    93           400 AM
 LOWEST     44           300 PM
 AVERAGE    69

..........................................................


THE TRENTON NJ CLIMATE NORMALS FOR TODAY
                         NORMAL    RECORD    YEAR
 MAXIMUM TEMPERATURE (F)   82        98      1948
 MINIMUM TEMPERATURE (F)   63        51      1910
                                             1904


SUNRISE AND SUNSET
AUGUST 27 2014........SUNRISE   622 AM EDT   SUNSET   739 PM EDT
AUGUST 28 2014........SUNRISE   623 AM EDT   SUNSET   737 PM EDT


-  INDICATES NEGATIVE NUMBERS.
R  INDICATES RECORD WAS SET OR TIED.
MM INDICATES DATA IS MISSING.
T  INDICATES TRACE AMOUNT.




$$
