000
CDUS41 KPHI 310634
CLITTN


CLIMATE REPORT
NATIONAL WEATHER SERVICE MOUNT HOLLY NJ
132 AM EST SAT JAN 31 2015


...................................

...THE TRENTON NJ CLIMATE SUMMARY FOR JANUARY 30 2015...

CLIMATE NORMAL PERIOD 1981 TO 2010
CLIMATE RECORD PERIOD 1865 TO 2015


WEATHER ITEM   OBSERVED TIME   RECORD YEAR NORMAL DEPARTURE LAST
                VALUE   (LST)  VALUE       VALUE  FROM      YEAR
                                                  NORMAL
..................................................................
TEMPERATURE (F)
 YESTERDAY
  MAXIMUM         38    217 PM  70    1947  39     -1       27
  MINIMUM         18   1159 PM -13    1873  24     -6        4
  AVERAGE         28                        32     -4       16

PRECIPITATION (IN)
  YESTERDAY        T             1.10 1939   0.09  -0.09     0.00
  MONTH TO DATE    4.34                      3.06   1.28     3.27
  SINCE DEC 1      8.48                      6.76   1.72     7.71
  SINCE JAN 1      4.34                      3.06   1.28     3.27

SNOWFALL (IN)
  YESTERDAY       MM            MM      MM  MM     MM       MM
  MONTH TO DATE   MM                        MM     MM       MM
  SINCE DEC 1     MM                        MM     MM       MM
  SINCE JUL 1     MM                        MM     MM       MM
  SNOW DEPTH      MM

DEGREE DAYS
 HEATING
  YESTERDAY       37                        33      4       49
  MONTH TO DATE 1092                      1017     75     1163
  SINCE DEC 1   1890                      1936    -46     2063
  SINCE JUL 1   2860                      2912    -52     3050

 COOLING
  YESTERDAY        0                         0      0        0
  MONTH TO DATE    0                         0      0        0
  SINCE DEC 1      0                         0      0        0
  SINCE JAN 1      0                         0      0        0
..................................................................


WIND (MPH)
  HIGHEST WIND SPEED    26   HIGHEST WIND DIRECTION     N (340)
  HIGHEST GUST SPEED    38   HIGHEST GUST DIRECTION    NW (330)
  AVERAGE WIND SPEED    11.4


SKY COVER
  POSSIBLE SUNSHINE  MM
  AVERAGE SKY COVER 0.7


WEATHER CONDITIONS
 THE FOLLOWING WEATHER WAS RECORDED YESTERDAY.
  LIGHT SNOW
  FOG


RELATIVE HUMIDITY (PERCENT)
 HIGHEST    85           100 AM
 LOWEST     40           300 PM
 AVERAGE    63

..........................................................


THE TRENTON NJ CLIMATE NORMALS FOR TODAY
                         NORMAL    RECORD    YEAR
 MAXIMUM TEMPERATURE (F)   40        64      1947
                                             1913
 MINIMUM TEMPERATURE (F)   24        -1      1920


SUNRISE AND SUNSET
JANUARY 31 2015.......SUNRISE   709 AM EST   SUNSET   516 PM EST
FEBRUARY  1 2015......SUNRISE   709 AM EST   SUNSET   518 PM EST


-  INDICATES NEGATIVE NUMBERS.
R  INDICATES RECORD WAS SET OR TIED.
MM INDICATES DATA IS MISSING.
T  INDICATES TRACE AMOUNT.




$$
