000
CDUS41 KPHI 240633
CLITTN


CLIMATE REPORT
NATIONAL WEATHER SERVICE MOUNT HOLLY NJ
228 AM EDT THU JUL 24 2014


...................................

...THE TRENTON NJ CLIMATE SUMMARY FOR JULY 23 2014...

CLIMATE NORMAL PERIOD 1981 TO 2010
CLIMATE RECORD PERIOD 1865 TO 2014


WEATHER ITEM   OBSERVED TIME   RECORD YEAR NORMAL DEPARTURE LAST
                VALUE   (LST)  VALUE       VALUE  FROM      YEAR
                                                  NORMAL
..................................................................
TEMPERATURE (F)
 YESTERDAY
  MAXIMUM         90    410 PM 104    2011  86      4       85
  MINIMUM         67    454 AM  55    1985  66      1       71
                                      1939
                                      1912
  AVERAGE         79                        76      3       78

PRECIPITATION (IN)
  YESTERDAY        0.13          2.84 1953   0.16  -0.03     0.90
  MONTH TO DATE    4.95                      3.71   1.24     4.91
  SINCE JUN 1      7.19                      8.12  -0.93    15.07
  SINCE JAN 1     27.52                     25.64   1.88    27.89

SNOWFALL (IN)
  YESTERDAY       MM            MM      MM  MM     MM       MM
  MONTH TO DATE   MM                        MM     MM       MM
  SINCE JUN 1     MM                        MM     MM       MM
  SINCE JUL 1     MM                        MM     MM       MM
  SNOW DEPTH      MM

DEGREE DAYS
 HEATING
  YESTERDAY        0                         0      0        0
  MONTH TO DATE    0                         0      0        0
  SINCE JUN 1      3                        24    -21        4
  SINCE JUL 1      0                         0      0        0

 COOLING
  YESTERDAY       14                        11      3       13
  MONTH TO DATE  260                       244     16      363
  SINCE JUN 1    461                       434     27      581
  SINCE JAN 1    505                       491     14      671
..................................................................


WIND (MPH)
  HIGHEST WIND SPEED    17   HIGHEST WIND DIRECTION    NW (300)
  HIGHEST GUST SPEED    23   HIGHEST GUST DIRECTION     W (270)
  AVERAGE WIND SPEED     7.2


SKY COVER
  POSSIBLE SUNSHINE  MM
  AVERAGE SKY COVER 0.3


WEATHER CONDITIONS
 THE FOLLOWING WEATHER WAS RECORDED YESTERDAY.
  THUNDERSTORM
  LIGHT RAIN
  FOG


RELATIVE HUMIDITY (PERCENT)
 HIGHEST    93          1000 PM
 LOWEST     52           400 PM
 AVERAGE    73

..........................................................


THE TRENTON NJ CLIMATE NORMALS FOR TODAY
                         NORMAL    RECORD    YEAR
 MAXIMUM TEMPERATURE (F)   86        98      1910
 MINIMUM TEMPERATURE (F)   66        49      1985


SUNRISE AND SUNSET
JULY 24 2014..........SUNRISE   550 AM EDT   SUNSET   821 PM EDT
JULY 25 2014..........SUNRISE   551 AM EDT   SUNSET   821 PM EDT


-  INDICATES NEGATIVE NUMBERS.
R  INDICATES RECORD WAS SET OR TIED.
MM INDICATES DATA IS MISSING.
T  INDICATES TRACE AMOUNT.




$$
