000
CDUS44 KTSA 242231
CLITUL

CLIMATE REPORT
NATIONAL WEATHER SERVICE TULSA OK
427 PM CST MON NOV 24 2014


...................................

...THE TULSA OKLAHOMA CLIMATE SUMMARY FOR NOVEMBER 24 2014...
VALID TODAY AS OF 0400 PM LOCAL TIME.

CLIMATE NORMAL PERIOD 1981 TO 2010
CLIMATE RECORD PERIOD 1882 TO 2014


WEATHER ITEM   OBSERVED TIME   RECORD YEAR NORMAL DEPARTURE LAST
                VALUE   (LST)  VALUE       VALUE  FROM      YEAR
                                                  NORMAL
..................................................................
TEMPERATURE (F)
 TODAY
  MAXIMUM         56    259 PM  80    1990  57     -1       32
                                      1965
  MINIMUM         36    549 AM  14    1950  36      0       23
  AVERAGE         46                        46      0       28

PRECIPITATION (IN)
  TODAY            0.00          2.54 1973   0.08  -0.08     0.00
  MONTH TO DATE    2.10                      2.32  -0.22     1.91
  SINCE SEP 1      9.11                     10.51  -1.40     7.93
  SINCE JAN 1     27.63                     37.99 -10.36    31.31

SNOWFALL (IN)
  TODAY            0.0                                       0.0
  MONTH TO DATE    0.4                                       0.0
  SINCE SEP 1      0.4                                       0.0
  SINCE JUL 1      0.4                                       0.0

DEGREE DAYS
 HEATING
  TODAY           19                        19      0       37
  MONTH TO DATE  493                       328    165      364
  SINCE SEP 1    602                       514     88      547
  SINCE JUL 1    603                       514     89      547
..................................................................


WIND (MPH)
  HIGHEST WIND SPEED    24   HIGHEST WIND DIRECTION     W (280)
  HIGHEST GUST SPEED    30   HIGHEST GUST DIRECTION     W (280)
  AVERAGE WIND SPEED    12.7


SKY COVER
  POSSIBLE SUNSHINE  MM
  AVERAGE SKY COVER 0.3


WEATHER CONDITIONS
 THE FOLLOWING WEATHER WAS RECORDED TODAY.
  NO SIGNIFICANT WEATHER WAS OBSERVED.


RELATIVE HUMIDITY (PERCENT)
 HIGHEST    83          1200 AM
 LOWEST     24           400 PM
 AVERAGE    54

..........................................................


THE TULSA OKLAHOMA CLIMATE NORMALS FOR TOMORROW
                         NORMAL    RECORD    YEAR
 MAXIMUM TEMPERATURE (F)   56        84      1965
 MINIMUM TEMPERATURE (F)   36        17      1950


SUNRISE AND SUNSET
NOVEMBER 24 2014......SUNRISE   710 AM CST   SUNSET   511 PM CST
NOVEMBER 25 2014......SUNRISE   710 AM CST   SUNSET   510 PM CST


-  INDICATES NEGATIVE NUMBERS.
R  INDICATES RECORD WAS SET OR TIED.
MM INDICATES DATA IS MISSING.
T  INDICATES TRACE AMOUNT.




$$

&&
...........................................................

TULSA RECORD LOW MAX AND HIGH MIN TEMPERATURES FOR TOMORROW
                      RECORD        YEAR
  LOW MAXIMUM           31          1993
  HIGH MINIMUM          62          1915
...........................................................
ALL DATA MEASURED AT THE TULSA INTERNATIONAL AIRPORT...
EXCEPT SNOWFALL...WHICH IS MEASURED AT THE NWS OFFICE.
