000
CDUS44 KTSA 101513
CLITUL

CLIMATE REPORT
NATIONAL WEATHER SERVICE TULSA OK
912 AM CST WED FEB 10 2016


...................................

...THE TULSA OKLAHOMA CLIMATE SUMMARY FOR FEBRUARY 10 2016...
VALID AS OF 0900 AM LOCAL TIME.

CLIMATE NORMAL PERIOD 1981 TO 2010
CLIMATE RECORD PERIOD 1882 TO 2016


WEATHER ITEM   OBSERVED TIME   RECORD YEAR NORMAL DEPARTURE LAST
                VALUE   (LST)  VALUE       VALUE  FROM      YEAR
                                                  NORMAL
..................................................................
TEMPERATURE (F)
 TODAY
  MAXIMUM         29   1256 AM  81    1922  52    -23       63
  MINIMUM         24    211 AM -12    2011  30     -6       30
  AVERAGE         27                        41    -14       47

PRECIPITATION (IN)
  TODAY            0.00          2.00 1898   0.06  -0.06     0.00
  MONTH TO DATE    0.11                      0.57  -0.46     0.11
  SINCE DEC 1      9.32                      4.72   4.60     2.83
  SINCE JAN 1      0.72                      2.23  -1.51     0.86

SNOWFALL (IN)
  TODAY            0.0                                       0.0
  MONTH TO DATE    0.0                                        T
  SINCE DEC 1      3.0                                       2.0
  SINCE JUL 1      3.0                                       2.4

DEGREE DAYS
 HEATING
  TODAY           38                        24     14       18
  MONTH TO DATE  231                       251    -20      230
  SINCE DEC 1   1618                      1888   -270     1739
  SINCE JUL 1   2093                      2524   -431     2440
..................................................................


WIND (MPH)
  HIGHEST WIND SPEED    10   HIGHEST WIND DIRECTION     S (170)
  HIGHEST GUST SPEED    12   HIGHEST GUST DIRECTION     S (170)
  AVERAGE WIND SPEED     5.9


SKY COVER
  POSSIBLE SUNSHINE  MM
  AVERAGE SKY COVER 0.2


WEATHER CONDITIONS
 THE FOLLOWING WEATHER WAS RECORDED TODAY.
  NO SIGNIFICANT WEATHER WAS OBSERVED.


RELATIVE HUMIDITY (PERCENT)
 HIGHEST    55           300 AM
 LOWEST     43           900 AM
 AVERAGE    49

..........................................................


THE TULSA OKLAHOMA CLIMATE NORMALS FOR TOMORROW
                         NORMAL    RECORD    YEAR
 MAXIMUM TEMPERATURE (F)   52        77      1951
                                             1938
 MINIMUM TEMPERATURE (F)   30        -3      1981


SUNRISE AND SUNSET
FEBRUARY 10 2016......SUNRISE   717 AM CST   SUNSET   559 PM CST
FEBRUARY 11 2016......SUNRISE   716 AM CST   SUNSET   600 PM CST


-  INDICATES NEGATIVE NUMBERS.
R  INDICATES RECORD WAS SET OR TIED.
MM INDICATES DATA IS MISSING.
T  INDICATES TRACE AMOUNT.




$$

&&
ALL DATA MEASURED AT THE TULSA INTERNATIONAL AIRPORT...
EXCEPT SNOWFALL...WHICH IS MEASURED AT THE NWS OFFICE.
