000
CDUS44 KTSA 280649
CLITUL

CLIMATE REPORT
NATIONAL WEATHER SERVICE TULSA OK
147 AM CDT TUE JUL 28 2015


...................................

...THE TULSA OKLAHOMA CLIMATE SUMMARY FOR JULY 27 2015...

CLIMATE NORMAL PERIOD 1981 TO 2010
CLIMATE RECORD PERIOD 1882 TO 2015


WEATHER ITEM   OBSERVED TIME   RECORD YEAR NORMAL DEPARTURE LAST
                VALUE   (LST)  VALUE       VALUE  FROM      YEAR
                                                  NORMAL
..................................................................
TEMPERATURE (F)
 YESTERDAY
  MAXIMUM         97    401 PM 107    2011  94      3       94
  MINIMUM         77    444 AM  59    1971  73      4       72
  AVERAGE         87                        84      3       83

PRECIPITATION (IN)
  YESTERDAY        0.00          7.54 1963   0.10  -0.10     0.00
  MONTH TO DATE    6.71                      2.99   3.72     2.48
  SINCE JUN 1     11.48                      7.71   3.77     7.15
  SINCE JAN 1     36.38                     24.21  12.17    15.60

DEGREE DAYS
 COOLING
  YESTERDAY       22                        19      3       18
  MONTH TO DATE  519                       480     39      377
  SINCE JUN 1   1001                       859    142      780
  SINCE JAN 1   1206                      1093    113     1051
..................................................................


WIND (MPH)
  HIGHEST WIND SPEED    17   HIGHEST WIND DIRECTION     S (170)
  HIGHEST GUST SPEED    21   HIGHEST GUST DIRECTION    SW (210)
  AVERAGE WIND SPEED     7.6


SKY COVER
  POSSIBLE SUNSHINE  MM
  AVERAGE SKY COVER 0.2


WEATHER CONDITIONS
 THE FOLLOWING WEATHER WAS RECORDED YESTERDAY.
  NO SIGNIFICANT WEATHER WAS OBSERVED.


RELATIVE HUMIDITY (PERCENT)
 HIGHEST    91           300 AM
 LOWEST     48           100 PM
 AVERAGE    70

..........................................................


THE TULSA OKLAHOMA CLIMATE NORMALS FOR TODAY
                         NORMAL    RECORD    YEAR
 MAXIMUM TEMPERATURE (F)   94       109      1936
 MINIMUM TEMPERATURE (F)   73        58      2005


SUNRISE AND SUNSET
JULY 28 2015..........SUNRISE   627 AM CDT   SUNSET   833 PM CDT
JULY 29 2015..........SUNRISE   628 AM CDT   SUNSET   832 PM CDT


-  INDICATES NEGATIVE NUMBERS.
R  INDICATES RECORD WAS SET OR TIED.
MM INDICATES DATA IS MISSING.
T  INDICATES TRACE AMOUNT.




$$

&&
...........................................................

THE TULSA PRECIPITATION NORMALS FOR TODAY
                       NORMAL    RECORD      YEAR
  TODAY                 0.09      2.72       1976
  MONTH TO DATE         3.08
  YEAR TO DATE         24.30
...........................................................
ALL DATA MEASURED AT THE TULSA INTERNATIONAL AIRPORT...
EXCEPT SNOWFALL...WHICH IS MEASURED AT THE NWS OFFICE.
