730
CDUS44 KTSA 280655
CLITUL

CLIMATE REPORT
NATIONAL WEATHER SERVICE TULSA OK
147 AM CDT THU JUL 28 2016


...................................

...THE TULSA OKLAHOMA CLIMATE SUMMARY FOR JULY 27 2016...

CLIMATE NORMAL PERIOD 1981 TO 2010
CLIMATE RECORD PERIOD 1882 TO 2016


WEATHER ITEM   OBSERVED TIME   RECORD YEAR NORMAL DEPARTURE LAST
                VALUE   (LST)  VALUE       VALUE  FROM      YEAR
                                                  NORMAL
..................................................................
TEMPERATURE (F)
 YESTERDAY
  MAXIMUM         94    339 PM 107    2011  94      0       97
  MINIMUM         74    458 AM  59    1971  73      1       77
  AVERAGE         84                        84      0       87

PRECIPITATION (IN)
  YESTERDAY        T             7.54 1963   0.10  -0.10     0.00
  MONTH TO DATE    3.08                      2.99   0.09     6.71
  SINCE JUN 1      3.85                      7.71  -3.86    11.48
  SINCE JAN 1     17.71                     24.21  -6.50    36.38

DEGREE DAYS
 COOLING
  YESTERDAY       19                        19      0       22
  MONTH TO DATE  563                       480     83      519
  SINCE JUN 1   1096                       859    237     1001
  SINCE JAN 1   1300                      1093    207     1206
..................................................................


WIND (MPH)
  HIGHEST WIND SPEED    13   HIGHEST WIND DIRECTION     W (260)
  HIGHEST GUST SPEED    17   HIGHEST GUST DIRECTION     E (70)
  AVERAGE WIND SPEED     3.6


SKY COVER
  POSSIBLE SUNSHINE  MM
  AVERAGE SKY COVER 0.8


WEATHER CONDITIONS
 THE FOLLOWING WEATHER WAS RECORDED YESTERDAY.
  THUNDERSTORM
  LIGHT RAIN
  FOG


RELATIVE HUMIDITY (PERCENT)
 HIGHEST   100           500 AM
 LOWEST     59           100 PM
 AVERAGE    80

..........................................................


THE TULSA OKLAHOMA CLIMATE NORMALS FOR TODAY
                         NORMAL    RECORD    YEAR
 MAXIMUM TEMPERATURE (F)   94       109      1936
 MINIMUM TEMPERATURE (F)   73        58      2005


SUNRISE AND SUNSET
JULY 28 2016..........SUNRISE   628 AM CDT   SUNSET   832 PM CDT
JULY 29 2016..........SUNRISE   629 AM CDT   SUNSET   831 PM CDT


-  INDICATES NEGATIVE NUMBERS.
R  INDICATES RECORD WAS SET OR TIED.
MM INDICATES DATA IS MISSING.
T  INDICATES TRACE AMOUNT.




$$

&&
...........................................................

THE TULSA PRECIPITATION NORMALS FOR TODAY
                       NORMAL    RECORD      YEAR
  TODAY                 0.09      2.72       1976
  MONTH TO DATE         3.08
  YEAR TO DATE         24.30
...........................................................
ALL DATA MEASURED AT THE TULSA INTERNATIONAL AIRPORT...
EXCEPT SNOWFALL...WHICH IS MEASURED AT THE NWS OFFICE.
