891
CDUS44 KTSA 030712
CLITUL

CLIMATE REPORT
NATIONAL WEATHER SERVICE TULSA OK
147 AM CDT TUE MAY 3 2016


...................................

...THE TULSA OKLAHOMA CLIMATE SUMMARY FOR MAY 2 2016...

CLIMATE NORMAL PERIOD 1981 TO 2010
CLIMATE RECORD PERIOD 1882 TO 2016


WEATHER ITEM   OBSERVED TIME   RECORD YEAR NORMAL DEPARTURE LAST
                VALUE   (LST)  VALUE       VALUE  FROM      YEAR
                                                  NORMAL
..................................................................
TEMPERATURE (F)
 YESTERDAY
  MAXIMUM         64    448 PM  94    1943  76    -12       81
  MINIMUM         46   1159 PM  32    1909  55     -9       53
  AVERAGE         55                        66    -11       67

PRECIPITATION (IN)
  YESTERDAY        0.00          2.78 1990   0.18  -0.18     0.00
  MONTH TO DATE    T                         0.36  -0.36     0.00
  SINCE MAR 1      8.75                      7.44   1.31     7.81
  SINCE JAN 1      9.95                     10.95  -1.00    10.13

DEGREE DAYS
 COOLING
  YESTERDAY        0                         3     -3        2
  MONTH TO DATE    0                         6     -6        2
  SINCE MAR 1     48                        70    -22       76
  SINCE JAN 1     54                        71    -17       76
..................................................................


WIND (MPH)
  HIGHEST WIND SPEED    16   HIGHEST WIND DIRECTION    NW (300)
  HIGHEST GUST SPEED    19   HIGHEST GUST DIRECTION     N (350)
  AVERAGE WIND SPEED     6.7


SKY COVER
  POSSIBLE SUNSHINE  MM
  AVERAGE SKY COVER 0.7


WEATHER CONDITIONS
 THE FOLLOWING WEATHER WAS RECORDED YESTERDAY.
  NO SIGNIFICANT WEATHER WAS OBSERVED.


RELATIVE HUMIDITY (PERCENT)
 HIGHEST    93           300 AM
 LOWEST     52           500 PM
 AVERAGE    73

..........................................................


THE TULSA OKLAHOMA CLIMATE NORMALS FOR TODAY
                         NORMAL    RECORD    YEAR
 MAXIMUM TEMPERATURE (F)   76        96      1920
 MINIMUM TEMPERATURE (F)   55        35      2005


SUNRISE AND SUNSET
MAY  3 2016...........SUNRISE   628 AM CDT   SUNSET   813 PM CDT
MAY  4 2016...........SUNRISE   627 AM CDT   SUNSET   814 PM CDT


-  INDICATES NEGATIVE NUMBERS.
R  INDICATES RECORD WAS SET OR TIED.
MM INDICATES DATA IS MISSING.
T  INDICATES TRACE AMOUNT.




$$

&&
...........................................................

THE TULSA PRECIPITATION NORMALS FOR TODAY
                       NORMAL    RECORD      YEAR
  TODAY                 0.18      2.19       1979
  MONTH TO DATE         0.54
  YEAR TO DATE         11.13
...........................................................
ALL DATA MEASURED AT THE TULSA INTERNATIONAL AIRPORT...
EXCEPT SNOWFALL...WHICH IS MEASURED AT THE NWS OFFICE.
