000
CDUS44 KTSA 240656
CLITUL

CLIMATE REPORT
NATIONAL WEATHER SERVICE TULSA OK
156 AM CDT MON APR 24 2017

...................................

...THE TULSA OKLAHOMA CLIMATE SUMMARY FOR APRIL 23 2017...

CLIMATE NORMAL PERIOD 1981 TO 2010
CLIMATE RECORD PERIOD 1882 TO 2017


WEATHER ITEM   OBSERVED TIME   RECORD YEAR NORMAL DEPARTURE LAST
                VALUE   (LST)  VALUE       VALUE  FROM      YEAR
                                                  NORMAL
..................................................................
TEMPERATURE (F)
 YESTERDAY
  MAXIMUM         71    408 PM  93    1958  74     -3       83
  MINIMUM         41    530 AM  36    1909  52    -11       50
  AVERAGE         56                        63     -7       67

PRECIPITATION (IN)
  YESTERDAY        0.00          3.22 1953   0.15  -0.15     0.00
  MONTH TO DATE    6.15                      2.70   3.45     4.43
  SINCE MAR 1      7.92                      5.99   1.93     7.29
  SINCE JAN 1     12.52                      9.50   3.02     8.49

SNOWFALL (IN)
  YESTERDAY        0.0                                       0.0
  MONTH TO DATE    T                                         0.0
  SINCE MAR 1      T                                         0.0
  SINCE JUL 1      0.7                                       3.0

DEGREE DAYS
 HEATING
  YESTERDAY        9                         4      5        0
  MONTH TO DATE   77                       162    -85       77
  SINCE MAR 1    371                       600   -229      344
  SINCE JUL 1   2592                      3511   -919     2676

 COOLING
  YESTERDAY        0                         2     -2        2
  MONTH TO DATE   56                        35     21       15
  SINCE MAR 1     96                        46     50       24
  SINCE JAN 1    112                        47     65       30
..................................................................


WIND (MPH)
  HIGHEST WIND SPEED    14   HIGHEST WIND DIRECTION     N (340)
  HIGHEST GUST SPEED    18   HIGHEST GUST DIRECTION     N (340)
  AVERAGE WIND SPEED     4.9


SKY COVER
  POSSIBLE SUNSHINE  MM
  AVERAGE SKY COVER 0.1


WEATHER CONDITIONS
 THE FOLLOWING WEATHER WAS RECORDED YESTERDAY.
  NO SIGNIFICANT WEATHER WAS OBSERVED.


RELATIVE HUMIDITY (PERCENT)
 HIGHEST   100           200 AM
 LOWEST     31           300 PM
 AVERAGE    66

..........................................................


THE TULSA OKLAHOMA CLIMATE NORMALS FOR TODAY
                         NORMAL    RECORD    YEAR
 MAXIMUM TEMPERATURE (F)   74        91      1975
 MINIMUM TEMPERATURE (F)   52        32      2013


SUNRISE AND SUNSET
APRIL 24 2017.........SUNRISE   638 AM CDT   SUNSET   805 PM CDT
APRIL 25 2017.........SUNRISE   637 AM CDT   SUNSET   806 PM CDT


-  INDICATES NEGATIVE NUMBERS.
R  INDICATES RECORD WAS SET OR TIED.
MM INDICATES DATA IS MISSING.
T  INDICATES TRACE AMOUNT.




$$

&&
...........................................................

THE TULSA PRECIPITATION NORMALS FOR TODAY
                       NORMAL    RECORD      YEAR
  TODAY                 0.15      2.88       2011
  MONTH TO DATE         2.85
  YEAR TO DATE          9.65
...........................................................
ALL DATA MEASURED AT THE TULSA INTERNATIONAL AIRPORT...
EXCEPT SNOWFALL...WHICH IS MEASURED AT THE NWS OFFICE.
