000
CDUS44 KMEG 040733
CLITUP


CLIMATE REPORT
NATIONAL WEATHER SERVICE MEMPHIS TN
132 AM CST WED MAR 4 2015


...................................

...THE TUPELO CLIMATE SUMMARY FOR MARCH 3 2015...

CLIMATE NORMAL PERIOD 1981 TO 2010
CLIMATE RECORD PERIOD 1930 TO 2015


WEATHER ITEM   OBSERVED TIME   RECORD YEAR NORMAL DEPARTURE LAST
                VALUE   (LST)  VALUE       VALUE  FROM      YEAR
                                                  NORMAL
..................................................................
TEMPERATURE (F)
 YESTERDAY
  MAXIMUM         66   1159 PM  80    1974  61      5       36
  MINIMUM         44   1251 AM   7    1980  40      4       22
  AVERAGE         55                        50      5       29

PRECIPITATION (IN)
  YESTERDAY        0.05          2.65 1945   0.18  -0.13     0.59
  MONTH TO DATE    0.93                      0.53   0.40     0.67
  SINCE MAR 1      0.93                      0.53   0.40     0.67
  SINCE JAN 1     10.09                      9.97   0.12     6.76

SNOWFALL (IN)
  YESTERDAY        0.0           T    2014   0.0    0.0       T
                                      1931
  MONTH TO DATE    0.0                       0.0    0.0       T
  SINCE MAR 1      0.0                       0.0    0.0       T
  SINCE JUL 1      7.3                       1.8    5.5      0.5
  SNOW DEPTH       0

DEGREE DAYS
 HEATING
  YESTERDAY       10                        15     -5       36
  MONTH TO DATE   49                        45      4       51
  SINCE MAR 1     49                        45      4       51
  SINCE JUL 1   2767                      2476    291     2881

 COOLING
  YESTERDAY        0                         0      0        0
  MONTH TO DATE    0                         0      0        0
  SINCE MAR 1      0                         0      0        0
  SINCE JAN 1      0                         2     -2        0
..................................................................


WIND (MPH)
  HIGHEST WIND SPEED    13   HIGHEST WIND DIRECTION    SW (210)
  HIGHEST GUST SPEED    15   HIGHEST GUST DIRECTION     S (200)
  AVERAGE WIND SPEED     5.5


SKY COVER
  POSSIBLE SUNSHINE  MM
  AVERAGE SKY COVER 1.0


WEATHER CONDITIONS
 THE FOLLOWING WEATHER WAS RECORDED YESTERDAY.
  LIGHT RAIN
  FOG
  FOG W/VISIBILITY <= 1/4 MILE


RELATIVE HUMIDITY (PERCENT)
 HIGHEST   100          1000 AM
 LOWEST     84           300 PM
 AVERAGE    92

..........................................................


THE TUPELO CLIMATE NORMALS FOR TODAY
                         NORMAL    RECORD    YEAR
 MAXIMUM TEMPERATURE (F)   62        82      1976
 MINIMUM TEMPERATURE (F)   40        16      1943


SUNRISE AND SUNSET
MARCH  4 2015.........SUNRISE   620 AM CST   SUNSET   554 PM CST
MARCH  5 2015.........SUNRISE   619 AM CST   SUNSET   554 PM CST


-  INDICATES NEGATIVE NUMBERS.
R  INDICATES RECORD WAS SET OR TIED.
MM INDICATES DATA IS MISSING.
T  INDICATES TRACE AMOUNT.




$$
