000
CDUS44 KMEG 020636
CLITUP


CLIMATE REPORT
NATIONAL WEATHER SERVICE MEMPHIS TN
1236 AM CST FRI DEC 2 2016


...................................

...THE TUPELO CLIMATE SUMMARY FOR DECEMBER 1 2016...

CLIMATE NORMAL PERIOD 1981 TO 2010
CLIMATE RECORD PERIOD 1930 TO 2016


WEATHER ITEM   OBSERVED TIME   RECORD YEAR NORMAL DEPARTURE LAST
                VALUE   (LST)  VALUE       VALUE  FROM      YEAR
                                                  NORMAL
..................................................................
TEMPERATURE (F)
 YESTERDAY
  MAXIMUM         58    319 PM  75    1982  58      0       62
  MINIMUM         33    648 AM  15    1979  37     -4       50
  AVERAGE         46                        48     -2       56

PRECIPITATION (IN)
  YESTERDAY        0.00          4.98 1991   0.21  -0.21     0.39
  MONTH TO DATE    0.00                      0.21  -0.21     0.39
  SINCE DEC 1      0.00                      0.21  -0.21     0.39
  SINCE JAN 1     41.37                     48.94  -7.57    63.79

SNOWFALL (IN)
  YESTERDAY        0.0           T    1974   0.0    0.0      0.0
  MONTH TO DATE    0.0                       0.0    0.0      0.0
  SINCE DEC 1      0.0                       0.0    0.0      0.0
  SINCE JUL 1      0.0                       0.0    0.0      0.0
  SNOW DEPTH       0

DEGREE DAYS
 HEATING
  YESTERDAY       19                        18      1        9
  MONTH TO DATE   19                        18      1        9
  SINCE DEC 1     19                        18      1        9
  SINCE JUL 1    313                       540   -227      350

 COOLING
  YESTERDAY        0                         0      0        0
  MONTH TO DATE    0                         0      0        0
  SINCE DEC 1      0                         0      0        0
  SINCE JAN 1   2539                      2044    495     2148
..................................................................


WIND (MPH)
  HIGHEST WIND SPEED    14   HIGHEST WIND DIRECTION    NW (310)
  HIGHEST GUST SPEED    17   HIGHEST GUST DIRECTION    NW (310)
  AVERAGE WIND SPEED     3.2


SKY COVER
  POSSIBLE SUNSHINE  MM
  AVERAGE SKY COVER 0.0


WEATHER CONDITIONS
 THE FOLLOWING WEATHER WAS RECORDED YESTERDAY.
  NO SIGNIFICANT WEATHER WAS OBSERVED.


RELATIVE HUMIDITY (PERCENT)
 HIGHEST    89           500 AM
 LOWEST     25           200 PM
 AVERAGE    57

..........................................................


THE TUPELO CLIMATE NORMALS FOR TODAY
                         NORMAL    RECORD    YEAR
 MAXIMUM TEMPERATURE (F)   57        78      1970
 MINIMUM TEMPERATURE (F)   37        19      1975


SUNRISE AND SUNSET
DECEMBER  2 2016......SUNRISE   644 AM CST   SUNSET   445 PM CST
DECEMBER  3 2016......SUNRISE   645 AM CST   SUNSET   445 PM CST


-  INDICATES NEGATIVE NUMBERS.
R  INDICATES RECORD WAS SET OR TIED.
MM INDICATES DATA IS MISSING.
T  INDICATES TRACE AMOUNT.




$$
