000
CDUS44 KMEG 300634
CLITUP


CLIMATE REPORT
NATIONAL WEATHER SERVICE MEMPHIS TN
132 AM CDT SAT MAY 30 2015


...................................

...THE TUPELO CLIMATE SUMMARY FOR MAY 29 2015...

CLIMATE NORMAL PERIOD 1981 TO 2010
CLIMATE RECORD PERIOD 1930 TO 2015


WEATHER ITEM   OBSERVED TIME   RECORD YEAR NORMAL DEPARTURE LAST
                VALUE   (LST)  VALUE       VALUE  FROM      YEAR
                                                  NORMAL
..................................................................
TEMPERATURE (F)
 YESTERDAY
  MAXIMUM         85    350 PM  96    1941  85      0       79
                                      1937
  MINIMUM         69    505 AM  44    1971  63      6       69
  AVERAGE         77                        74      3       74

PRECIPITATION (IN)
  YESTERDAY        0.00          3.50 1955   0.17  -0.17     0.04
  MONTH TO DATE    6.76                      5.24   1.52     4.38
  SINCE MAR 1     20.92                     14.84   6.08    14.06
  SINCE JAN 1     30.08                     24.28   5.80    20.15

SNOWFALL (IN)
  YESTERDAY        0.0          MM      MM   0.0    0.0      0.0
  MONTH TO DATE    0.0                       0.0    0.0      0.0
  SINCE MAR 1      0.1                       0.3   -0.2       T
  SINCE JUL 1      7.4                       2.1    5.3      0.5
  SNOW DEPTH       0

DEGREE DAYS
 HEATING
  YESTERDAY        0                         0      0        0
  MONTH TO DATE   21                        23     -2       30
  SINCE MAR 1    435                       524    -89      635
  SINCE JUL 1   3153                      2955    198     3465

 COOLING
  YESTERDAY       12                         9      3        9
  MONTH TO DATE  211                       181     30      206
  SINCE MAR 1    287                       255     32      248
  SINCE JAN 1    287                       257     30      248
..................................................................


WIND (MPH)
  HIGHEST WIND SPEED    14   HIGHEST WIND DIRECTION     S (200)
  HIGHEST GUST SPEED    18   HIGHEST GUST DIRECTION    SW (210)
  AVERAGE WIND SPEED     6.6


SKY COVER
  POSSIBLE SUNSHINE  MM
  AVERAGE SKY COVER 0.5


WEATHER CONDITIONS
 THE FOLLOWING WEATHER WAS RECORDED YESTERDAY.
  FOG


RELATIVE HUMIDITY (PERCENT)
 HIGHEST    97           600 AM
 LOWEST     55           400 PM
 AVERAGE    76

..........................................................


THE TUPELO CLIMATE NORMALS FOR TODAY
                         NORMAL    RECORD    YEAR
 MAXIMUM TEMPERATURE (F)   85        98      1977
                                             1937
                                             1934
 MINIMUM TEMPERATURE (F)   64        42      1971


SUNRISE AND SUNSET
MAY 30 2015...........SUNRISE   545 AM CDT   SUNSET   801 PM CDT
MAY 31 2015...........SUNRISE   545 AM CDT   SUNSET   801 PM CDT


-  INDICATES NEGATIVE NUMBERS.
R  INDICATES RECORD WAS SET OR TIED.
MM INDICATES DATA IS MISSING.
T  INDICATES TRACE AMOUNT.




$$
