000
CDUS44 KMEG 180746
CLITUP


CLIMATE REPORT
NATIONAL WEATHER SERVICE MEMPHIS TN
145 AM CST THU DEC 18 2014


...................................

...THE TUPELO CLIMATE SUMMARY FOR DECEMBER 17 2014...

CLIMATE NORMAL PERIOD 1981 TO 2010
CLIMATE RECORD PERIOD 1930 TO 2014


WEATHER ITEM   OBSERVED TIME   RECORD YEAR NORMAL DEPARTURE LAST
                VALUE   (LST)  VALUE       VALUE  FROM      YEAR
                                                  NORMAL
..................................................................
TEMPERATURE (F)
 YESTERDAY
  MAXIMUM         49    236 PM  76    1933  53     -4       65
  MINIMUM         33    729 AM  12    1943  34     -1       34
  AVERAGE         41                        44     -3       50

PRECIPITATION (IN)
  YESTERDAY        0.00          2.68 1961   0.21  -0.21     0.00
  MONTH TO DATE    2.13                      3.74  -1.61     3.88
  SINCE DEC 1      2.13                      3.74  -1.61     3.88
  SINCE JAN 1     54.13                     52.47   1.66    50.75

SNOWFALL (IN)
  YESTERDAY        0.0           T    1932   0.0    0.0      0.0
  MONTH TO DATE    0.0                       0.1   -0.1       T
  SINCE DEC 1      0.0                       0.1   -0.1       T
  SINCE JUL 1      0.0                       0.1   -0.1       T
  SNOW DEPTH       0

DEGREE DAYS
 HEATING
  YESTERDAY       24                        21      3       15
  MONTH TO DATE  283                       335    -52      374
  SINCE DEC 1    283                       335    -52      374
  SINCE JUL 1    920                       857     63      997

 COOLING
  YESTERDAY        0                         0      0        0
  MONTH TO DATE    0                         0      0        4
  SINCE DEC 1      0                         0      0        4
  SINCE JAN 1   1974                      2044    -70     2031
..................................................................


WIND (MPH)
  HIGHEST WIND SPEED     9   HIGHEST WIND DIRECTION     E (90)
  HIGHEST GUST SPEED    12   HIGHEST GUST DIRECTION     E (70)
  AVERAGE WIND SPEED     5.0


SKY COVER
  POSSIBLE SUNSHINE  MM
  AVERAGE SKY COVER 0.1


WEATHER CONDITIONS
 THE FOLLOWING WEATHER WAS RECORDED YESTERDAY.
  NO SIGNIFICANT WEATHER WAS OBSERVED.


RELATIVE HUMIDITY (PERCENT)
 HIGHEST    89           600 AM
 LOWEST     60          1200 PM
 AVERAGE    75

..........................................................


THE TUPELO CLIMATE NORMALS FOR TODAY
                         NORMAL    RECORD    YEAR
 MAXIMUM TEMPERATURE (F)   53        74      2006
                                             1984
 MINIMUM TEMPERATURE (F)   34        11      1972


SUNRISE AND SUNSET
DECEMBER 18 2014......SUNRISE   656 AM CST   SUNSET   448 PM CST
DECEMBER 19 2014......SUNRISE   656 AM CST   SUNSET   448 PM CST


-  INDICATES NEGATIVE NUMBERS.
R  INDICATES RECORD WAS SET OR TIED.
MM INDICATES DATA IS MISSING.
T  INDICATES TRACE AMOUNT.




$$
