918
CDUS44 KMEG 302146
CLITUP


CLIMATE REPORT
NATIONAL WEATHER SERVICE MEMPHIS TN
446 PM CDT SUN APR 30 2017


...................................

...THE TUPELO CLIMATE SUMMARY FOR APRIL 30 2017...
VALID TODAY AS OF 0400 PM LOCAL TIME.

CLIMATE NORMAL PERIOD 1981 TO 2010
CLIMATE RECORD PERIOD 1930 TO 2017


WEATHER ITEM   OBSERVED TIME   RECORD YEAR NORMAL DEPARTURE LAST
                VALUE   (LST)  VALUE       VALUE  FROM      YEAR
                                                  NORMAL
..................................................................
TEMPERATURE (F)
 TODAY
  MAXIMUM         76   1225 AM  92    1987  78     -2       74
  MINIMUM         68    223 PM  32    1969  55     13       63
  AVERAGE         72                        66      6       69

PRECIPITATION (IN)
  TODAY            0.19          2.78 1956   0.18   0.01     0.01
  MONTH TO DATE    5.49                      4.78   0.71     5.85
  SINCE MAR 1      9.60                      9.60   0.00    13.74
  SINCE JAN 1     18.07                     19.04  -0.97    20.91

SNOWFALL (IN)
  TODAY            0.0

DEGREE DAYS
 HEATING
  TODAY            0                         2     -2        0
  MONTH TO DATE   51                       146    -95       94
  SINCE MAR 1    341                       501   -160      324
  SINCE JUL 1   1959                      2932   -973     2261

 COOLING
  TODAY            7                         3      4        4
  MONTH TO DATE  114                        60     54       61
  SINCE MAR 1    148                        74     74       90
  SINCE JAN 1    160                        76     84       90
..................................................................


WIND (MPH)
  HIGHEST WIND SPEED    25   HIGHEST WIND DIRECTION    SE (130)
  HIGHEST GUST SPEED    34   HIGHEST GUST DIRECTION     E (110)
  AVERAGE WIND SPEED    13.7


SKY COVER
  POSSIBLE SUNSHINE  MM
  AVERAGE SKY COVER 0.7


WEATHER CONDITIONS
 THE FOLLOWING WEATHER WAS RECORDED TODAY.
  THUNDERSTORM
  LIGHT RAIN
  FOG


RELATIVE HUMIDITY (PERCENT)
 HIGHEST    90          1200 PM
 LOWEST     69          1200 AM
 AVERAGE    80

..........................................................


THE TUPELO CLIMATE NORMALS FOR TOMORROW
                         NORMAL    RECORD    YEAR
 MAXIMUM TEMPERATURE (F)   78        94      1959
 MINIMUM TEMPERATURE (F)   55        40      1971
                                             1969
                                             1963


SUNRISE AND SUNSET
APRIL 30 2017.........SUNRISE   606 AM CDT   SUNSET   739 PM CDT
MAY  1 2017...........SUNRISE   605 AM CDT   SUNSET   739 PM CDT


-  INDICATES NEGATIVE NUMBERS.
R  INDICATES RECORD WAS SET OR TIED.
MM INDICATES DATA IS MISSING.
T  INDICATES TRACE AMOUNT.




$$
