000
CDUS44 KMEG 042150
CLITUP


CLIMATE REPORT
NATIONAL WEATHER SERVICE MEMPHIS TN
449 PM CDT SAT JUL 4 2015


...................................

...THE TUPELO CLIMATE SUMMARY FOR JULY 4 2015...
VALID TODAY AS OF 0400 PM LOCAL TIME.

CLIMATE NORMAL PERIOD 1981 TO 2010
CLIMATE RECORD PERIOD 1930 TO 2015


WEATHER ITEM   OBSERVED TIME   RECORD YEAR NORMAL DEPARTURE LAST
                VALUE   (LST)  VALUE       VALUE  FROM      YEAR
                                                  NORMAL
..................................................................
TEMPERATURE (F)
 TODAY
  MAXIMUM         78    202 PM 100    2012  91    -13       82
                                      1956
  MINIMUM         70    259 PM  55    1961  71     -1       61
  AVERAGE         74                        81     -7       72

PRECIPITATION (IN)
  TODAY            1.73          2.16 1946   0.14   1.59     0.00
  MONTH TO DATE    8.04                      0.56   7.48     0.12
  SINCE JUN 1     11.42                      5.08   6.34     8.46
  SINCE JAN 1     43.83                     29.68  14.15    28.63

SNOWFALL (IN)
  TODAY            0.0

DEGREE DAYS
 HEATING
  TODAY            0                         0      0        0
  MONTH TO DATE    0                         0      0        0
  SINCE JUN 1      0                         0      0        0
  SINCE JUL 1      0                         0      0        0

 COOLING
  TODAY            9                        16     -7        7
  MONTH TO DATE   50                        64    -14       52
  SINCE JUN 1    483                       459     24      472
  SINCE JAN 1    788                       736     52      746
..................................................................


WIND (MPH)
  HIGHEST WIND SPEED    14   HIGHEST WIND DIRECTION    SW (220)
  HIGHEST GUST SPEED    19   HIGHEST GUST DIRECTION     N (350)
  AVERAGE WIND SPEED     4.7


SKY COVER
  POSSIBLE SUNSHINE  MM
  AVERAGE SKY COVER 0.8


WEATHER CONDITIONS
 THE FOLLOWING WEATHER WAS RECORDED TODAY.
  THUNDERSTORM
  HEAVY RAIN
  RAIN
  LIGHT RAIN
  FOG


RELATIVE HUMIDITY (PERCENT)
 HIGHEST    97          1200 AM
 LOWEST     74           200 PM
 AVERAGE    86

..........................................................


THE TUPELO CLIMATE NORMALS FOR TOMORROW
                         NORMAL    RECORD    YEAR
 MAXIMUM TEMPERATURE (F)   91       100      1980
                                             1977
                                             1954
 MINIMUM TEMPERATURE (F)   71        57      1970
                                             1961


SUNRISE AND SUNSET
JULY  4 2015..........SUNRISE   548 AM CDT   SUNSET   811 PM CDT
JULY  5 2015..........SUNRISE   548 AM CDT   SUNSET   811 PM CDT


-  INDICATES NEGATIVE NUMBERS.
R  INDICATES RECORD WAS SET OR TIED.
MM INDICATES DATA IS MISSING.
T  INDICATES TRACE AMOUNT.




$$
