000
CDUS44 KMEG 230650
CLITUP


CLIMATE REPORT
NATIONAL WEATHER SERVICE MEMPHIS TN
149 AM CDT THU MAR 23 2017


...................................

...THE TUPELO CLIMATE SUMMARY FOR MARCH 22 2017...

CLIMATE NORMAL PERIOD 1981 TO 2010
CLIMATE RECORD PERIOD 1930 TO 2017


WEATHER ITEM   OBSERVED TIME   RECORD YEAR NORMAL DEPARTURE LAST
                VALUE   (LST)  VALUE       VALUE  FROM      YEAR
                                                  NORMAL
..................................................................
TEMPERATURE (F)
 YESTERDAY
  MAXIMUM         67    451 PM  83    1995  67      0       71
                                      1939
  MINIMUM         51    857 AM  21    1983  44      7       34
                                      1974
  AVERAGE         59                        56      3       53

PRECIPITATION (IN)
  YESTERDAY        0.00          2.86 1953   0.15  -0.15     0.00
  MONTH TO DATE    2.09                      3.49  -1.40     3.88
  SINCE MAR 1      2.09                      3.49  -1.40     3.88
  SINCE JAN 1     10.56                     12.93  -2.37    11.05

SNOWFALL (IN)
  YESTERDAY        0.0           6.0  1968   0.0    0.0      0.0
  MONTH TO DATE    T                         0.3   -0.3      0.0
  SINCE MAR 1      T                         0.3   -0.3      0.0
  SINCE JUL 1      T                         2.1   -2.1       T
  SNOW DEPTH       0

DEGREE DAYS
 HEATING
  YESTERDAY        6                        10     -4       12
  MONTH TO DATE  282                       276      6      176
  SINCE MAR 1    282                       276      6      176
  SINCE JUL 1   1900                      2707   -807     2113

 COOLING
  YESTERDAY        0                         0      0        0
  MONTH TO DATE   10                         0     10       22
  SINCE MAR 1     10                         0     10       22
  SINCE JAN 1     22                         2     20       22
..................................................................


WIND (MPH)
  HIGHEST WIND SPEED    20   HIGHEST WIND DIRECTION     N (360)
  HIGHEST GUST SPEED    22   HIGHEST GUST DIRECTION     N (350)
  AVERAGE WIND SPEED     9.7


SKY COVER
  POSSIBLE SUNSHINE  MM
  AVERAGE SKY COVER 0.2


WEATHER CONDITIONS
 THE FOLLOWING WEATHER WAS RECORDED YESTERDAY.
  NO SIGNIFICANT WEATHER WAS OBSERVED.


RELATIVE HUMIDITY (PERCENT)
 HIGHEST    86           200 AM
 LOWEST     33           900 PM
 AVERAGE    60

..........................................................


THE TUPELO CLIMATE NORMALS FOR TODAY
                         NORMAL    RECORD    YEAR
 MAXIMUM TEMPERATURE (F)   68        86      1939
 MINIMUM TEMPERATURE (F)   44        24      1977


SUNRISE AND SUNSET
MARCH 23 2017.........SUNRISE   654 AM CDT   SUNSET   709 PM CDT
MARCH 24 2017.........SUNRISE   653 AM CDT   SUNSET   710 PM CDT


-  INDICATES NEGATIVE NUMBERS.
R  INDICATES RECORD WAS SET OR TIED.
MM INDICATES DATA IS MISSING.
T  INDICATES TRACE AMOUNT.




$$
