000
CDUS45 KTWC 280738
CLITUS

CLIMATE REPORT
NATIONAL WEATHER SERVICE TUCSON AZ
1237 AM MST THU MAY 28 2015

...................................

...THE TUCSON AZ CLIMATE SUMMARY FOR MAY 27 2015...

CLIMATE NORMAL PERIOD 1981 TO 2010
CLIMATE RECORD PERIOD 1895 TO 2015


WEATHER ITEM   OBSERVED TIME   RECORD YEAR NORMAL DEPARTURE LAST
                VALUE   (LST)  VALUE       VALUE  FROM      YEAR
                                                  NORMAL
..................................................................
TEMPERATURE (F)
 YESTERDAY
  MAXIMUM         96    342 PM 107    1951  95      1      102
  MINIMUM         63    603 AM  44    1917  64     -1       69
  AVERAGE         80                        79      1       86

PRECIPITATION (IN)
  YESTERDAY        0.00          0.44 2005   0.01  -0.01     0.00
  MONTH TO DATE    0.09                      0.20  -0.11     0.00
  SINCE OCT 1      7.20                      5.43   1.77     3.66
  SINCE JAN 1      3.70                      3.04   0.66     0.61

DEGREE DAYS
 HEATING
  YESTERDAY        0                         0      0        0
  MONTH TO DATE    3                         3      0        0
  SINCE MAR 1     63                       242   -179       66
  SINCE JUL 1    905                      1509   -604      899

 COOLING
  YESTERDAY       15                        14      1       21
  MONTH TO DATE  197                       287    -90      302
  SINCE MAR 1    432                       437     -5      490
  SINCE JAN 1    440                       441     -1      514
..................................................................


WIND (MPH)
  HIGHEST WIND SPEED    17   HIGHEST WIND DIRECTION     W (270)
  HIGHEST GUST SPEED    22   HIGHEST GUST DIRECTION    SW (230)
  AVERAGE WIND SPEED     6.6


SKY COVER
  POSSIBLE SUNSHINE  MM
  AVERAGE SKY COVER  MM


WEATHER CONDITIONS
 THE FOLLOWING WEATHER WAS RECORDED YESTERDAY.
  NO SIGNIFICANT WEATHER WAS OBSERVED.


RELATIVE HUMIDITY (PERCENT)
 HIGHEST    31
 LOWEST      4
 AVERAGE    18

..........................................................


THE TUCSON AZ CLIMATE NORMALS FOR TODAY
                         NORMAL    RECORD    YEAR
 MAXIMUM TEMPERATURE (F)   96       107      2000
                                             1958
 MINIMUM TEMPERATURE (F)   64        45      1905


SUNRISE AND SUNSET
MAY 28 2015...........SUNRISE   519 AM MST   SUNSET   723 PM MST
MAY 29 2015...........SUNRISE   519 AM MST   SUNSET   723 PM MST


-  INDICATES NEGATIVE NUMBERS.
R  INDICATES RECORD WAS SET OR TIED.
MM INDICATES DATA IS MISSING.
T  INDICATES TRACE AMOUNT.

$$
