000
CDUS45 KTWC 021429
CLITUS

CLIMATE REPORT
NATIONAL WEATHER SERVICE TUCSON AZ
725 AM MST THU OCT 2 2014


...................................

...THE TUCSON AZ CLIMATE SUMMARY FOR OCTOBER 2 2014...
VALID AS OF 0700 AM LOCAL TIME.

CLIMATE NORMAL PERIOD 1981 TO 2010
CLIMATE RECORD PERIOD 1895 TO 2014


WEATHER ITEM   OBSERVED TIME   RECORD YEAR NORMAL DEPARTURE LAST
                VALUE   (LST)  VALUE       VALUE  FROM      YEAR
                                                  NORMAL
..................................................................
TEMPERATURE (F)
 TODAY
  MINIMUM         60    633 AM  42    1927  63     -3       62

PRECIPITATION (IN)
  TODAY            0.00          1.73 1970   0.03  -0.03     0.00
  MONTH TO DATE    0.00                      0.07  -0.07     0.00
  SINCE OCT 1      0.00                      0.07  -0.07     0.00
  SINCE JAN 1      6.69                      9.27  -2.58     5.48

DEGREE DAYS
 HEATING
  TODAY            0                         0      0        0

 COOLING
  TODAY            0                        11    -11       12
..................................................................


WIND (MPH)
  HIGHEST WIND SPEED    12   HIGHEST WIND DIRECTION    SE (140)
  HIGHEST GUST SPEED    13   HIGHEST GUST DIRECTION    SE (130)
  AVERAGE WIND SPEED     7.2


SKY COVER
  POSSIBLE SUNSHINE  MM
  AVERAGE SKY COVER 0.0


WEATHER CONDITIONS
 THE FOLLOWING WEATHER WAS RECORDED TODAY.
  NO SIGNIFICANT WEATHER WAS OBSERVED.


RELATIVE HUMIDITY (PERCENT)
 HIGHEST    55           700 AM

..........................................................


THE TUCSON AZ CLIMATE NORMALS FOR TOMORROW
                         NORMAL    RECORD    YEAR
 MAXIMUM TEMPERATURE (F)   89       102      1993
 MINIMUM TEMPERATURE (F)   62        45      1930
                                             1927
                                             1923


SUNRISE AND SUNSET
OCTOBER  2 2014.......SUNRISE   618 AM MST   SUNSET   607 PM MST
OCTOBER  3 2014.......SUNRISE   619 AM MST   SUNSET   606 PM MST


-  INDICATES NEGATIVE NUMBERS.
R  INDICATES RECORD WAS SET OR TIED.
MM INDICATES DATA IS MISSING.
T  INDICATES TRACE AMOUNT.




$$
