000
CDUS45 KTWC 250731 RRA
CLITUS

CLIMATE REPORT
NATIONAL WEATHER SERVICE TUCSON AZ
1229 AM MST WED MAY 25 2016


...................................

...THE TUCSON AZ CLIMATE SUMMARY FOR MAY 24 2016...

CLIMATE NORMAL PERIOD 1981 TO 2010
CLIMATE RECORD PERIOD 1895 TO 2016


WEATHER ITEM   OBSERVED TIME   RECORD YEAR NORMAL DEPARTURE LAST
                VALUE   (LST)  VALUE       VALUE  FROM      YEAR
                                                  NORMAL
..................................................................
TEMPERATURE (F)
 YESTERDAY
  MAXIMUM         90    303 PM 104    2001  94     -4       83
                                      1984
                                      1983
  MINIMUM         60    549 AM  42    1909  63     -3       57
  AVERAGE         75                        78     -3       70

PRECIPITATION (IN)
  YESTERDAY        0.00          0.50 1967   0.00   0.00     0.00
  MONTH TO DATE    0.00                      0.17  -0.17     0.09
  SINCE OCT 1      5.41                      5.40   0.01     7.20
  SINCE JAN 1      2.53                      3.01  -0.48     3.70

DEGREE DAYS
 HEATING
  YESTERDAY        0                         0      0        0
  MONTH TO DATE    0                         3     -3        3
  SINCE MAR 1     89                       242   -153       63
  SINCE JUL 1   1217                      1509   -292      905

 COOLING
  YESTERDAY       10                        14     -4        5
  MONTH TO DATE  244                       245     -1      162
  SINCE MAR 1    459                       395     64      397
  SINCE JAN 1    493                       399     94      405
..................................................................


WIND (MPH)
  HIGHEST WIND SPEED    24   HIGHEST WIND DIRECTION     W (260)
  HIGHEST GUST SPEED    33   HIGHEST GUST DIRECTION     W (270)
  AVERAGE WIND SPEED     8.1


SKY COVER
  POSSIBLE SUNSHINE  MM
  AVERAGE SKY COVER 0.0


WEATHER CONDITIONS
 THE FOLLOWING WEATHER WAS RECORDED YESTERDAY.
  NO SIGNIFICANT WEATHER WAS OBSERVED.


RELATIVE HUMIDITY (PERCENT)
 HIGHEST    25
 LOWEST      6
 AVERAGE    16

..........................................................


THE TUCSON AZ CLIMATE NORMALS FOR TODAY
                         NORMAL    RECORD    YEAR
 MAXIMUM TEMPERATURE (F)   95       105      1896
 MINIMUM TEMPERATURE (F)   63        43      1980


SUNRISE AND SUNSET
MAY 25 2016...........SUNRISE   520 AM MST   SUNSET   721 PM MST
MAY 26 2016...........SUNRISE   520 AM MST   SUNSET   722 PM MST


-  INDICATES NEGATIVE NUMBERS.
R  INDICATES RECORD WAS SET OR TIED.
MM INDICATES DATA IS MISSING.
T  INDICATES TRACE AMOUNT.




$$
