000
CDUS45 KTWC 160734
CLITUS

CLIMATE REPORT
NATIONAL WEATHER SERVICE TUCSON AZ
1230 AM MST WED APR 16 2014


...................................

...THE TUCSON AZ CLIMATE SUMMARY FOR APRIL 15 2014...

CLIMATE NORMAL PERIOD 1981 TO 2010
CLIMATE RECORD PERIOD 1895 TO 2014


WEATHER ITEM   OBSERVED TIME   RECORD YEAR NORMAL DEPARTURE LAST
                VALUE   (LST)  VALUE       VALUE  FROM      YEAR
                                                  NORMAL
..................................................................
TEMPERATURE (F)
 YESTERDAY
  MAXIMUM         91    331 PM  97    1937  82      9       88
                                      1925
  MINIMUM         49    403 AM  35    1945  52     -3       63
  AVERAGE         70                        67      3       76

PRECIPITATION (IN)
  YESTERDAY        0.00          0.68 1988   0.01  -0.01     0.00
  MONTH TO DATE    0.00                      0.21  -0.21     0.12
  SINCE OCT 1      3.64                      5.13  -1.49     2.94
  SINCE JAN 1      0.59                      2.74  -2.15     1.73

DEGREE DAYS
 HEATING
  YESTERDAY        0                         2     -2        0
  MONTH TO DATE   21                        41    -20       15
  SINCE MAR 1     63                       220   -157       76
  SINCE JUL 1    896                      1487   -591     1351

 COOLING
  YESTERDAY        5                         4      1       11
  MONTH TO DATE   66                        41     25       67
  SINCE MAR 1     96                        70     26      158
  SINCE JAN 1    120                        74     46      158
..................................................................


WIND (MPH)
  HIGHEST WIND SPEED    25   HIGHEST WIND DIRECTION    SE (120)
  HIGHEST GUST SPEED    33   HIGHEST GUST DIRECTION    SE (130)
  AVERAGE WIND SPEED     8.0


SKY COVER
  POSSIBLE SUNSHINE  MM
  AVERAGE SKY COVER 0.0


WEATHER CONDITIONS
 THE FOLLOWING WEATHER WAS RECORDED YESTERDAY.
  NO SIGNIFICANT WEATHER WAS OBSERVED.


RELATIVE HUMIDITY (PERCENT)
 HIGHEST    17
 LOWEST      3
 AVERAGE    10

..........................................................


THE TUCSON AZ CLIMATE NORMALS FOR TODAY
                         NORMAL    RECORD    YEAR
 MAXIMUM TEMPERATURE (F)   82        98      1948
 MINIMUM TEMPERATURE (F)   52        34      1976
                                             1921


SUNRISE AND SUNSET
APRIL 16 2014.........SUNRISE   554 AM MST   SUNSET   654 PM MST
APRIL 17 2014.........SUNRISE   552 AM MST   SUNSET   655 PM MST


-  INDICATES NEGATIVE NUMBERS.
R  INDICATES RECORD WAS SET OR TIED.
MM INDICATES DATA IS MISSING.
T  INDICATES TRACE AMOUNT.

$$
