000
CDUS45 KTWC 250732
CLITUS

CLIMATE REPORT
NATIONAL WEATHER SERVICE TUCSON AZ
1231 AM MST FRI APR 25 2014


...................................

...THE TUCSON AZ CLIMATE SUMMARY FOR APRIL 24 2014...

CLIMATE NORMAL PERIOD 1981 TO 2010
CLIMATE RECORD PERIOD 1895 TO 2014


WEATHER ITEM   OBSERVED TIME   RECORD YEAR NORMAL DEPARTURE LAST
                VALUE   (LST)  VALUE       VALUE  FROM      YEAR
                                                  NORMAL
..................................................................
TEMPERATURE (F)
 YESTERDAY
  MAXIMUM         89    419 PM  99    1996  85      4       91
  MINIMUM         53    548 AM  35    1937  54     -1       60
  AVERAGE         71                        69      2       76

PRECIPITATION (IN)
  YESTERDAY        0.00          0.40 1930   0.00   0.00     0.00
  MONTH TO DATE    T                         0.27  -0.27     0.12
  SINCE OCT 1      3.64                      5.19  -1.55     2.94
  SINCE JAN 1      0.59                      2.80  -2.21     1.73

DEGREE DAYS
 HEATING
  YESTERDAY        0                         1     -1        0
  MONTH TO DATE   21                        54    -33       27
  SINCE MAR 1     63                       233   -170       88
  SINCE JUL 1    896                      1500   -604     1363

 COOLING
  YESTERDAY        6                         6      0       11
  MONTH TO DATE  141                        83     58      117
  SINCE MAR 1    171                       112     59      208
  SINCE JAN 1    195                       116     79      208
..................................................................


WIND (MPH)
  HIGHEST WIND SPEED    21   HIGHEST WIND DIRECTION     W (260)
  HIGHEST GUST SPEED    26   HIGHEST GUST DIRECTION     W (260)
  AVERAGE WIND SPEED     6.3


SKY COVER
  POSSIBLE SUNSHINE  MM
  AVERAGE SKY COVER 0.0


WEATHER CONDITIONS
 THE FOLLOWING WEATHER WAS RECORDED YESTERDAY.
  NO SIGNIFICANT WEATHER WAS OBSERVED.


RELATIVE HUMIDITY (PERCENT)
 HIGHEST    24
 LOWEST      5
 AVERAGE    15

..........................................................


THE TUCSON AZ CLIMATE NORMALS FOR TODAY
                         NORMAL    RECORD    YEAR
 MAXIMUM TEMPERATURE (F)   85        99      1910
 MINIMUM TEMPERATURE (F)   55        34      1960


SUNRISE AND SUNSET
APRIL 25 2014.........SUNRISE   544 AM MST   SUNSET   700 PM MST
APRIL 26 2014.........SUNRISE   543 AM MST   SUNSET   701 PM MST


-  INDICATES NEGATIVE NUMBERS.
R  INDICATES RECORD WAS SET OR TIED.
MM INDICATES DATA IS MISSING.
T  INDICATES TRACE AMOUNT.




$$
