000
CDUS45 KTWC 170342
CLITUS

CDUS45 KTWC 170033 CLITUS

CLIMATE REPORT
NATIONAL WEATHER SERVICE TUCSON AZ
531 PM MST WED AUG 16 2017


...................................

...THE TUCSON AZ CLIMATE SUMMARY FOR AUGUST 16 2017...
VALID TODAY AS OF 0500 PM LOCAL TIME.

CLIMATE NORMAL PERIOD 1981 TO 2010
CLIMATE RECORD PERIOD 1895 TO 2017


WEATHER ITEM   OBSERVED TIME   RECORD YEAR NORMAL DEPARTURE LAST
                VALUE   (LST)  VALUE       VALUE  FROM      YEAR
                                                  NORMAL
..................................................................
TEMPERATURE (F)
 TODAY
  MAXIMUM         96    448 PM 108    2013  97     -1      104
                                      1992
  MINIMUM         68    537 AM  60    1938  73     -1       78
  AVERAGE         84                        85     -1       91

PRECIPITATION (IN)
  TODAY            0.00          0.91 1944   0.07  -0.07     0.01
  MONTH TO DATE    1.61                      1.31   0.30     1.07
  SINCE OCT 1     11.70                      9.22   2.48    11.39
  SINCE JAN 1     10.02                      6.83   3.19     8.51

DEGREE DAYS
 HEATING
  TODAY            0                         0      0        0
  MONTH TO DATE    0                         0      0        0
  SINCE JUN 1      0                         0      0        0
  SINCE JUL 1      0                         0      0        0

 COOLING
  TODAY           19                        20     -1       26
  MONTH TO DATE  352                       326     26      336
  SINCE JUN 1   1806                      1603    203     1839
  SINCE JAN 1   2539                      2105    434     2406
..................................................................


WIND (MPH)
  HIGHEST WIND SPEED    15   HIGHEST WIND DIRECTION     S (190)
  HIGHEST GUST SPEED    21   HIGHEST GUST DIRECTION    SE (150)
  AVERAGE WIND SPEED    MM


SKY COVER
  POSSIBLE SUNSHINE  MM
  AVERAGE SKY COVER 0.0


WEATHER CONDITIONS
 THE FOLLOWING WEATHER WAS RECORDED TODAY.
  NO SIGNIFICANT WEATHER WAS OBSERVED.


RELATIVE HUMIDITY (PERCENT)
 HIGHEST    MM
 LOWEST     MM
 AVERAGE    MM

..........................................................


THE TUCSON AZ CLIMATE NORMALS FOR TOMORROW
                         NORMAL    RECORD    YEAR
 MAXIMUM TEMPERATURE (F)   97       108      2013
 MINIMUM TEMPERATURE (F)   73        60      1938


SUNRISE AND SUNSET
AUGUST 16 2017........SUNRISE   549 AM MST   SUNSET   706 PM MST
AUGUST 17 2017........SUNRISE   550 AM MST   SUNSET   705 PM MST


-  INDICATES NEGATIVE NUMBERS.
R  INDICATES RECORD WAS SET OR TIED.
MM INDICATES DATA IS MISSING.
T  INDICATES TRACE AMOUNT.




$$
