739
CDUS45 KTWC 240730
CLITUS

CLIMATE REPORT
NATIONAL WEATHER SERVICE TUCSON AZ
1230 AM MST FRI FEB 24 2017


...................................

...THE TUCSON AZ CLIMATE SUMMARY FOR FEBRUARY 23 2017...

CLIMATE NORMAL PERIOD 1981 TO 2010
CLIMATE RECORD PERIOD 1895 TO 2017


WEATHER ITEM   OBSERVED TIME   RECORD YEAR NORMAL DEPARTURE LAST
                VALUE   (LST)  VALUE       VALUE  FROM      YEAR
                                                  NORMAL
..................................................................
TEMPERATURE (F)
 YESTERDAY
  MAXIMUM         65    352 PM  91    2009  70     -5       71
  MINIMUM         46   1159 PM  25    1975  43      3       44
                                      1955
  AVERAGE         56                        56      0       58

PRECIPITATION (IN)
  YESTERDAY        0.00          0.29 1948   0.03  -0.03     0.00
  MONTH TO DATE    0.17                      0.72  -0.55     0.18
  SINCE OCT 1      3.03                      4.05  -1.02     4.59
  SINCE JAN 1      1.35                      1.66  -0.31     1.71

DEGREE DAYS
 HEATING
  YESTERDAY        9                         9      0        7
  MONTH TO DATE  104                       232   -128      135
  SINCE DEC 1    737                      1020   -283      926
  SINCE JUL 1    831                      1226   -395     1121

 COOLING
  YESTERDAY        0                         0      0        0
  MONTH TO DATE    9                         0      9       23
  SINCE DEC 1     12                         1     11       23
  SINCE JAN 1      9                         1      8       23
..................................................................


WIND (MPH)
  HIGHEST WIND SPEED    18   HIGHEST WIND DIRECTION    NW (330)
  HIGHEST GUST SPEED    25   HIGHEST GUST DIRECTION     N (360)
  AVERAGE WIND SPEED     7.8


SKY COVER
  POSSIBLE SUNSHINE  MM
  AVERAGE SKY COVER 0.0


WEATHER CONDITIONS
 THE FOLLOWING WEATHER WAS RECORDED YESTERDAY.
  NO SIGNIFICANT WEATHER WAS OBSERVED.


RELATIVE HUMIDITY (PERCENT)
 HIGHEST    54
 LOWEST     11
 AVERAGE    33

..........................................................


THE TUCSON AZ CLIMATE NORMALS FOR TODAY
                         NORMAL    RECORD    YEAR
 MAXIMUM TEMPERATURE (F)   70        91      1904
 MINIMUM TEMPERATURE (F)   43        26      1909


SUNRISE AND SUNSET
FEBRUARY 24 2017......SUNRISE   656 AM MST   SUNSET   618 PM MST
FEBRUARY 25 2017......SUNRISE   655 AM MST   SUNSET   619 PM MST


-  INDICATES NEGATIVE NUMBERS.
R  INDICATES RECORD WAS SET OR TIED.
MM INDICATES DATA IS MISSING.
T  INDICATES TRACE AMOUNT.

$$
