000
CDUS45 KTWC 210735
CLITUS

CLIMATE REPORT
NATIONAL WEATHER SERVICE TUCSON AZ
1234 AM MST TUE OCT 21 2014


...................................

...THE TUCSON AZ CLIMATE SUMMARY FOR OCTOBER 20 2014...

CLIMATE NORMAL PERIOD 1981 TO 2010
CLIMATE RECORD PERIOD 1895 TO 2014


WEATHER ITEM   OBSERVED TIME   RECORD YEAR NORMAL DEPARTURE LAST
                VALUE   (LST)  VALUE       VALUE  FROM      YEAR
                                                  NORMAL
..................................................................
TEMPERATURE (F)
 YESTERDAY
  MAXIMUM         85    344 PM  97    2003  84      1       85
  MINIMUM         61    658 AM  35    1908  56      5       50
  AVERAGE         73                        70      3       68

PRECIPITATION (IN)
  YESTERDAY        0.00          0.93 1988   0.03  -0.03     0.00
  MONTH TO DATE    1.33                      0.64   0.69     0.00
  SINCE OCT 1      1.33                      0.64   0.69     0.00
  SINCE JAN 1      8.02                      9.84  -1.82     5.48

DEGREE DAYS
 HEATING
  YESTERDAY        0                         1     -1        0
  MONTH TO DATE    0                         6     -6        2
  SINCE SEP 1      0                         6     -6        2
  SINCE JUL 1      0                         6     -6        2

 COOLING
  YESTERDAY        8                         5      3        3
  MONTH TO DATE  223                       167     56      123
  SINCE SEP 1    765                       664    101      670
  SINCE JAN 1   3456                      3074    382     3544
..................................................................


WIND (MPH)
  HIGHEST WIND SPEED    18   HIGHEST WIND DIRECTION    SE (140)
  HIGHEST GUST SPEED    23   HIGHEST GUST DIRECTION    SE (120)
  AVERAGE WIND SPEED     8.0


SKY COVER
  POSSIBLE SUNSHINE  MM
  AVERAGE SKY COVER 0.1


WEATHER CONDITIONS
 THE FOLLOWING WEATHER WAS RECORDED YESTERDAY.
  NO SIGNIFICANT WEATHER WAS OBSERVED.


RELATIVE HUMIDITY (PERCENT)
 HIGHEST    69
 LOWEST     27
 AVERAGE    48

..........................................................


THE TUCSON AZ CLIMATE NORMALS FOR TODAY
                         NORMAL    RECORD    YEAR
 MAXIMUM TEMPERATURE (F)   83        96      2003
                                             1909
 MINIMUM TEMPERATURE (F)   55        33      1920


SUNRISE AND SUNSET
OCTOBER 21 2014.......SUNRISE   632 AM MST   SUNSET   544 PM MST
OCTOBER 22 2014.......SUNRISE   633 AM MST   SUNSET   543 PM MST


-  INDICATES NEGATIVE NUMBERS.
R  INDICATES RECORD WAS SET OR TIED.
MM INDICATES DATA IS MISSING.
T  INDICATES TRACE AMOUNT.




$$
