000
CDUS45 KTWC 040731
CLITUS

CLIMATE REPORT
NATIONAL WEATHER SERVICE TUCSON AZ
1230 AM MST SAT JUL 4 2015

...................................

...THE TUCSON AZ CLIMATE SUMMARY FOR JULY 3 2015...

CLIMATE NORMAL PERIOD 1981 TO 2010
CLIMATE RECORD PERIOD 1895 TO 2015


WEATHER ITEM   OBSERVED TIME   RECORD YEAR NORMAL DEPARTURE LAST
                VALUE   (LST)  VALUE       VALUE  FROM      YEAR
                                                  NORMAL
..................................................................
TEMPERATURE (F)
 YESTERDAY
  MAXIMUM        101    548 PM 111    1989 102     -1      104
                                      1907
  MINIMUM         81    645 AM  49    1911  74      7       78
  AVERAGE         91                        88      3       91

PRECIPITATION (IN)
  YESTERDAY        0.00          1.40 1959   0.04  -0.04     0.16
  MONTH TO DATE    0.00                      0.11  -0.11     0.16
  SINCE OCT 1      7.76                      5.77   1.99     3.82
  SINCE JAN 1      4.26                      3.38   0.88     0.77

DEGREE DAYS
 HEATING
  YESTERDAY        0                         0      0        0
  MONTH TO DATE    0                         0      0        0
  SINCE JUN 1      0                         0      0        0
  SINCE JUL 1      0                         0      0        0

 COOLING
  YESTERDAY       26                        23      3       26
  MONTH TO DATE   68                        69     -1       79
  SINCE JUN 1    781                       663    118      804
  SINCE JAN 1   1295                      1165    130     1407
..................................................................


WIND (MPH)
  HIGHEST WIND SPEED    21   HIGHEST WIND DIRECTION     E (80)
  HIGHEST GUST SPEED    29   HIGHEST GUST DIRECTION    NE (40)
  AVERAGE WIND SPEED     8.1


SKY COVER
  POSSIBLE SUNSHINE  MM
  AVERAGE SKY COVER 0.0


WEATHER CONDITIONS
 THE FOLLOWING WEATHER WAS RECORDED YESTERDAY.
  NO SIGNIFICANT WEATHER WAS OBSERVED.


RELATIVE HUMIDITY (PERCENT)
 HIGHEST    47
 LOWEST     19
 AVERAGE    33

..........................................................


THE TUCSON AZ CLIMATE NORMALS FOR TODAY
                         NORMAL    RECORD    YEAR
 MAXIMUM TEMPERATURE (F)  102       114      1989
 MINIMUM TEMPERATURE (F)   74        59      1935


SUNRISE AND SUNSET
JULY  4 2015..........SUNRISE   522 AM MST   SUNSET   734 PM MST
JULY  5 2015..........SUNRISE   523 AM MST   SUNSET   734 PM MST


-  INDICATES NEGATIVE NUMBERS.
R  INDICATES RECORD WAS SET OR TIED.
MM INDICATES DATA IS MISSING.
T  INDICATES TRACE AMOUNT.




$$
