000
CDUS43 KAPX 252233
CLITVC


CLIMATE REPORT
NATIONAL WEATHER SERVICE GAYLORD MI
533 PM EST THU DEC 25 2014


...................................

...THE TRAVERSE CITY MI CLIMATE SUMMARY FOR DECEMBER 25 2014...
VALID TODAY AS OF 0500 PM LOCAL TIME.

CLIMATE NORMAL PERIOD 1981 TO 2010
CLIMATE RECORD PERIOD 1896 TO 2014


WEATHER ITEM   OBSERVED TIME   RECORD YEAR NORMAL DEPARTURE LAST
                VALUE   (LST)  VALUE       VALUE  FROM      YEAR
                                                  NORMAL
..................................................................
TEMPERATURE (F)
 TODAY
  MAXIMUM         38    436 PM  58    1982  30      8       24
  MINIMUM         35    751 AM  -6    2004  19     16       13
  AVERAGE         37                        24     13       19

PRECIPITATION (IN)
  TODAY            0.00          0.87 1995   0.08  -0.08     0.03
  MONTH TO DATE    0.75                      1.98  -1.23     0.96
  SINCE DEC 1      0.75                      1.98  -1.23     0.96
  SINCE JAN 1     32.23                     32.54  -0.31    36.11

SNOWFALL (IN)
  TODAY           MM            MM      MM   1.1   MM       MM
  MONTH TO DATE   MM                        20.1   MM       MM
  SINCE OCT 1     MM                        29.3   MM       MM
  SINCE JUL 1     MM                        29.3   MM       MM

DEGREE DAYS
 HEATING
  TODAY           28                        41    -13       46
  MONTH TO DATE  844                       939    -95     1076
  SINCE DEC 1    844                       939    -95     1076
  SINCE JUL 1   2523                      2558    -35     2567
..................................................................


WIND (MPH)
  RESULTANT WIND SPEED  11   RESULTANT WIND DIRECTION   W (260)
  HIGHEST WIND SPEED    21   HIGHEST WIND DIRECTION     W (280)
  HIGHEST GUST SPEED    28   HIGHEST GUST DIRECTION    SW (230)
  AVERAGE WIND SPEED    11.9


SKY COVER
  POSSIBLE SUNSHINE  MM
  AVERAGE SKY COVER 1.0


WEATHER CONDITIONS
 THE FOLLOWING WEATHER WAS RECORDED TODAY.
  NO SIGNIFICANT WEATHER WAS OBSERVED.


RELATIVE HUMIDITY (PERCENT)
 HIGHEST    92          1200 AM
 LOWEST     70          1200 PM
 AVERAGE    81

..........................................................




SUNRISE AND SUNSET
DECEMBER 25 2014......SUNRISE   818 AM EST   SUNSET   507 PM EST
DECEMBER 26 2014......SUNRISE   818 AM EST   SUNSET   507 PM EST


-  INDICATES NEGATIVE NUMBERS.
R  INDICATES RECORD WAS SET OR TIED.
MM INDICATES DATA IS MISSING.
T  INDICATES TRACE AMOUNT.




$$
