000
CDUS43 KAPX 010542
CLITVC


CLIMATE REPORT
NATIONAL WEATHER SERVICE GAYLORD MI
141 AM EDT SAT AUG 1 2015


...................................

...THE TRAVERSE CITY MI CLIMATE SUMMARY FOR JULY 31 2015...

CLIMATE NORMAL PERIOD 1981 TO 2010
CLIMATE RECORD PERIOD 1896 TO 2015


WEATHER ITEM   OBSERVED TIME   RECORD YEAR NORMAL DEPARTURE LAST
                VALUE   (LST)  VALUE       VALUE  FROM      YEAR
                                                  NORMAL
..................................................................
TEMPERATURE (F)
 YESTERDAY
  MAXIMUM         84    246 PM 102    1916  80      4       80
  MINIMUM         62   1158 PM  44    1962  58      4       53
  AVERAGE         73                        69      4       67

PRECIPITATION (IN)
  YESTERDAY        0.00          1.35 1995   0.11  -0.11     0.00
  MONTH TO DATE    1.07                      3.02  -1.95     2.10
  SINCE JUN 1      3.09                      6.18  -3.09     4.77
  SINCE JAN 1      9.57                     17.73  -8.16    14.45

DEGREE DAYS
 HEATING
  YESTERDAY        0                         1     -1        0
  MONTH TO DATE   28                        32     -4       55
  SINCE JUN 1    116                       140    -24      127
  SINCE JUL 1     28                        28      0       55

 COOLING
  YESTERDAY        8                         5      3        2
  MONTH TO DATE  197                       152     45       91
  SINCE JUN 1    221                       233    -12      198
  SINCE JAN 1    256                       253      3      207
..................................................................


WIND (MPH)
  HIGHEST WIND SPEED    22   HIGHEST WIND DIRECTION     W (290)
  HIGHEST GUST SPEED    30   HIGHEST GUST DIRECTION     W (290)
  AVERAGE WIND SPEED     8.8




RELATIVE HUMIDITY (PERCENT)
 HIGHEST    78
 LOWEST     34
 AVERAGE    56

..........................................................


THE TRAVERSE CITY MI CLIMATE NORMALS FOR TODAY
                         NORMAL    RECORD    YEAR
 MAXIMUM TEMPERATURE (F)   80       100      1917
 MINIMUM TEMPERATURE (F)   58        40      1947


SUNRISE AND SUNSET
AUGUST  1 2015........SUNRISE   628 AM EDT   SUNSET   908 PM EDT
AUGUST  2 2015........SUNRISE   629 AM EDT   SUNSET   907 PM EDT


-  INDICATES NEGATIVE NUMBERS.
R  INDICATES RECORD WAS SET OR TIED.
MM INDICATES DATA IS MISSING.
T  INDICATES TRACE AMOUNT.




$$
