987
CDUS43 KAPX 250528
CLITVC


CLIMATE REPORT
NATIONAL WEATHER SERVICE GAYLORD MI
127 AM EDT WED MAY 25 2016


...................................

...THE TRAVERSE CITY MI CLIMATE SUMMARY FOR MAY 24 2016...

CLIMATE NORMAL PERIOD 1981 TO 2010
CLIMATE RECORD PERIOD 1896 TO 2016


WEATHER ITEM   OBSERVED TIME   RECORD YEAR NORMAL DEPARTURE LAST
                VALUE   (LST)  VALUE       VALUE  FROM      YEAR
                                                  NORMAL
..................................................................
TEMPERATURE (F)
 YESTERDAY
  MAXIMUM         89    330 PM  93    2010  68     21       81
  MINIMUM         57   1159 PM  25    1956  44     13       54
  AVERAGE         73                        56     17       68

PRECIPITATION (IN)
  YESTERDAY        0.00          1.13 1981   0.09  -0.09     0.66
  MONTH TO DATE    0.52                      2.00  -1.48     1.48
  SINCE MAR 1      6.08                      6.64  -0.56     3.41
  SINCE JAN 1      8.87                     10.96  -2.09     4.19

DEGREE DAYS
 HEATING
  YESTERDAY        0                        10    -10        0
  MONTH TO DATE  297                       312    -15      249
  SINCE MAR 1   1856                      2039   -183     1982
  SINCE JUL 1   6166                      7379  -1213     7714

 COOLING
  YESTERDAY        8                         1      7        3
  MONTH TO DATE    8                         7      1       19
  SINCE MAR 1      8                        10     -2       19
  SINCE JAN 1      8                        10     -2       19
..................................................................


WIND (MPH)
  HIGHEST WIND SPEED    18   HIGHEST WIND DIRECTION     W (250)
  HIGHEST GUST SPEED    29   HIGHEST GUST DIRECTION     W (250)
  AVERAGE WIND SPEED     7.2




RELATIVE HUMIDITY (PERCENT)
 HIGHEST    72
 LOWEST     15
 AVERAGE    44

..........................................................


THE TRAVERSE CITY MI CLIMATE NORMALS FOR TODAY
                         NORMAL    RECORD    YEAR
 MAXIMUM TEMPERATURE (F)   69        89      2010
 MINIMUM TEMPERATURE (F)   45        28      1992


SUNRISE AND SUNSET
MAY 25 2016...........SUNRISE   604 AM EDT   SUNSET   915 PM EDT
MAY 26 2016...........SUNRISE   603 AM EDT   SUNSET   916 PM EDT


-  INDICATES NEGATIVE NUMBERS.
R  INDICATES RECORD WAS SET OR TIED.
MM INDICATES DATA IS MISSING.
T  INDICATES TRACE AMOUNT.




$$
