000
CDUS43 KAPX 220528
CLITVC


CLIMATE REPORT
NATIONAL WEATHER SERVICE GAYLORD MI
128 AM EDT SAT JUL 22 2017


...................................

...THE TRAVERSE CITY MI CLIMATE SUMMARY FOR JULY 21 2017...

CLIMATE NORMAL PERIOD 1981 TO 2010
CLIMATE RECORD PERIOD 1896 TO 2017


WEATHER ITEM   OBSERVED TIME   RECORD YEAR NORMAL DEPARTURE LAST
                VALUE   (LST)  VALUE       VALUE  FROM      YEAR
                                                  NORMAL
..................................................................
TEMPERATURE (F)
 YESTERDAY
  MAXIMUM         87    107 PM  96    1901  80      7       88
  MINIMUM         62    510 AM  37    1992  58      4       72
  AVERAGE         75                        69      6       80

PRECIPITATION (IN)
  YESTERDAY        0.00          2.24 1983   0.10  -0.10     0.34
  MONTH TO DATE    0.95                      2.03  -1.08     1.96
  SINCE JUN 1      5.17                      5.19  -0.02     4.03
  SINCE JAN 1     15.14                     16.74  -1.60    13.89

DEGREE DAYS
 HEATING
  YESTERDAY        0                         1     -1        0
  MONTH TO DATE    3                        22    -19        9
  SINCE JUN 1     50                       134    -84       73
  SINCE JUL 1      3                        22    -19        9

 COOLING
  YESTERDAY       10                         5      5       15
  MONTH TO DATE  104                       105     -1      147
  SINCE JUN 1    213                       186     27      237
  SINCE JAN 1    234                       206     28      287
..................................................................


WIND (MPH)
  HIGHEST WIND SPEED    12   HIGHEST WIND DIRECTION    NE (40)
  HIGHEST GUST SPEED    18   HIGHEST GUST DIRECTION    NE (30)
  AVERAGE WIND SPEED     2.8




RELATIVE HUMIDITY (PERCENT)
 HIGHEST    93
 LOWEST     40
 AVERAGE    67

..........................................................


THE TRAVERSE CITY MI CLIMATE NORMALS FOR TODAY
                         NORMAL    RECORD    YEAR
 MAXIMUM TEMPERATURE (F)   80        96      1987
 MINIMUM TEMPERATURE (F)   58        46      1981


SUNRISE AND SUNSET
JULY 22 2017..........SUNRISE   618 AM EDT   SUNSET   919 PM EDT
JULY 23 2017..........SUNRISE   619 AM EDT   SUNSET   918 PM EDT


-  INDICATES NEGATIVE NUMBERS.
R  INDICATES RECORD WAS SET OR TIED.
MM INDICATES DATA IS MISSING.
T  INDICATES TRACE AMOUNT.




$$
