000
CDUS43 KAPX 110532
CLITVC


CLIMATE REPORT
NATIONAL WEATHER SERVICE GAYLORD MI
1231 AM EST SUN DEC 11 2016


...................................

...THE TRAVERSE CITY MI CLIMATE SUMMARY FOR DECEMBER 10 2016...

CLIMATE NORMAL PERIOD 1981 TO 2010
CLIMATE RECORD PERIOD 1896 TO 2016


WEATHER ITEM   OBSERVED TIME   RECORD YEAR NORMAL DEPARTURE LAST
                VALUE   (LST)  VALUE       VALUE  FROM      YEAR
                                                  NORMAL
..................................................................
TEMPERATURE (F)
 YESTERDAY
  MAXIMUM         24    156 AM  60    2015  34    -10       60
  MINIMUM         19   1224 AM  -6    1919  23     -4       42
  AVERAGE         22                        28     -6       51

PRECIPITATION (IN)
  YESTERDAY        0.06          1.46 1971   0.08  -0.02     0.13
  MONTH TO DATE    0.52                      0.81  -0.29     0.29
  SINCE DEC 1      0.52                      0.81  -0.29     0.29
  SINCE JAN 1     25.69                     31.37  -5.68    21.76

DEGREE DAYS
 HEATING
  YESTERDAY       43                        37      6       14
  MONTH TO DATE  318                       353    -35      239
  SINCE DEC 1    318                       353    -35      239
  SINCE JUL 1   1277                      1972   -695     1419
..................................................................


WIND (MPH)
  HIGHEST WIND SPEED    20   HIGHEST WIND DIRECTION     W (270)
  HIGHEST GUST SPEED    24   HIGHEST GUST DIRECTION     W (260)
  AVERAGE WIND SPEED     6.4




RELATIVE HUMIDITY (PERCENT)
 HIGHEST    91
 LOWEST     65
 AVERAGE    78

..........................................................


THE TRAVERSE CITY MI CLIMATE NORMALS FOR TODAY
                         NORMAL    RECORD    YEAR
 MAXIMUM TEMPERATURE (F)   33        58      1949
 MINIMUM TEMPERATURE (F)   22       -11      1977


SUNRISE AND SUNSET
DECEMBER 11 2016......SUNRISE   810 AM EST   SUNSET   502 PM EST
DECEMBER 12 2016......SUNRISE   811 AM EST   SUNSET   502 PM EST


-  INDICATES NEGATIVE NUMBERS.
R  INDICATES RECORD WAS SET OR TIED.
MM INDICATES DATA IS MISSING.
T  INDICATES TRACE AMOUNT.




$$
