000
CDUS43 KAPX 310546
CLITVC


CLIMATE REPORT
NATIONAL WEATHER SERVICE GAYLORD MI
1245 AM EST SAT JAN 31 2015


...................................

...THE TRAVERSE CITY MI CLIMATE SUMMARY FOR JANUARY 30 2015...

CLIMATE NORMAL PERIOD 1981 TO 2010
CLIMATE RECORD PERIOD 1896 TO 2015


WEATHER ITEM   OBSERVED TIME   RECORD YEAR NORMAL DEPARTURE LAST
                VALUE   (LST)  VALUE       VALUE  FROM      YEAR
                                                  NORMAL
..................................................................
TEMPERATURE (F)
 YESTERDAY
  MAXIMUM         21   1225 AM  55    2011  28     -7       29
  MINIMUM         13   1026 PM -20    1951  14     -1       19
  AVERAGE         17                        21     -4       24

PRECIPITATION (IN)
  YESTERDAY        T             0.80 1947   0.08  -0.08     0.06
  MONTH TO DATE    0.68                      2.74  -2.06     0.99
  SINCE DEC 1      1.74                      5.23  -3.49     1.98
  SINCE JAN 1      0.68                      2.74  -2.06     0.99

DEGREE DAYS
 HEATING
  YESTERDAY       48                        44      4       41
  MONTH TO DATE 1393                      1305     88     1436
  SINCE DEC 1   2464                      2494    -30     2766
  SINCE JUL 1   4143                      4113     30     4257
..................................................................


WIND (MPH)
  HIGHEST WIND SPEED    23   HIGHEST WIND DIRECTION     N (350)
  HIGHEST GUST SPEED    36   HIGHEST GUST DIRECTION     N (340)
  AVERAGE WIND SPEED     7.8




RELATIVE HUMIDITY (PERCENT)
 HIGHEST    73
 LOWEST     61
 AVERAGE    67

..........................................................


THE TRAVERSE CITY MI CLIMATE NORMALS FOR TODAY
                         NORMAL    RECORD    YEAR
 MAXIMUM TEMPERATURE (F)   28        52      2012
 MINIMUM TEMPERATURE (F)   14       -20      1918


SUNRISE AND SUNSET
JANUARY 31 2015.......SUNRISE   803 AM EST   SUNSET   549 PM EST
FEBRUARY  1 2015......SUNRISE   802 AM EST   SUNSET   551 PM EST


-  INDICATES NEGATIVE NUMBERS.
R  INDICATES RECORD WAS SET OR TIED.
MM INDICATES DATA IS MISSING.
T  INDICATES TRACE AMOUNT.




$$
