000
CDUS43 KAPX 260536
CLITVC


CLIMATE REPORT
NATIONAL WEATHER SERVICE GAYLORD MI
134 AM EDT SUN MAR 26 2017


...................................

...THE TRAVERSE CITY MI CLIMATE SUMMARY FOR MARCH 25 2017...

CLIMATE NORMAL PERIOD 1981 TO 2010
CLIMATE RECORD PERIOD 1896 TO 2017


WEATHER ITEM   OBSERVED TIME   RECORD YEAR NORMAL DEPARTURE LAST
                VALUE   (LST)  VALUE       VALUE  FROM      YEAR
                                                  NORMAL
..................................................................
TEMPERATURE (F)
 YESTERDAY
  MAXIMUM         41    402 PM  78    1945  44     -3       43
  MINIMUM         36   1140 PM  -8    1965  25     11       20
  AVERAGE         39                        34      5       32

PRECIPITATION (IN)
  YESTERDAY        0.07          0.50 1996   0.06   0.01      T
  MONTH TO DATE    1.54                      1.45   0.09     2.00
  SINCE MAR 1      1.54                      1.45   0.09     2.00
  SINCE JAN 1      4.87                      5.77  -0.90     4.79

DEGREE DAYS
 HEATING
  YESTERDAY       26                        31     -5       33
  MONTH TO DATE  876                       886    -10      714
  SINCE MAR 1    876                       886    -10      714
  SINCE JUL 1   5049                      6226  -1177     5024

 COOLING
  YESTERDAY        0                         0      0        0
  MONTH TO DATE    0                         0      0        0
  SINCE MAR 1      0                         0      0        0
  SINCE JAN 1      0                         0      0        0
..................................................................


WIND (MPH)
  HIGHEST WIND SPEED    21   HIGHEST WIND DIRECTION     E (110)
  HIGHEST GUST SPEED    28   HIGHEST GUST DIRECTION     E (90)
  AVERAGE WIND SPEED     9.6




RELATIVE HUMIDITY (PERCENT)
 HIGHEST    92
 LOWEST     70
 AVERAGE    81

..........................................................


THE TRAVERSE CITY MI CLIMATE NORMALS FOR TODAY
                         NORMAL    RECORD    YEAR
 MAXIMUM TEMPERATURE (F)   44        75      1925
 MINIMUM TEMPERATURE (F)   25        -7      1923


SUNRISE AND SUNSET
MARCH 26 2017.........SUNRISE   734 AM EDT   SUNSET   803 PM EDT
MARCH 27 2017.........SUNRISE   732 AM EDT   SUNSET   804 PM EDT


-  INDICATES NEGATIVE NUMBERS.
R  INDICATES RECORD WAS SET OR TIED.
MM INDICATES DATA IS MISSING.
T  INDICATES TRACE AMOUNT.




$$
