000
CDUS43 KAPX 050555
CLITVC


CLIMATE REPORT
NATIONAL WEATHER SERVICE GAYLORD MI
1254 AM EST THU MAR 5 2015


...................................

...THE TRAVERSE CITY MI CLIMATE SUMMARY FOR MARCH 4 2015...

CLIMATE NORMAL PERIOD 1981 TO 2010
CLIMATE RECORD PERIOD 1896 TO 2015


WEATHER ITEM   OBSERVED TIME   RECORD YEAR NORMAL DEPARTURE LAST
                VALUE   (LST)  VALUE       VALUE  FROM      YEAR
                                                  NORMAL
..................................................................
TEMPERATURE (F)
 YESTERDAY
  MAXIMUM         27    247 AM  52    2000  35     -8       21
  MINIMUM          2   1159 PM -13    1913  18    -16       -3
  AVERAGE         15                        26    -11        9

PRECIPITATION (IN)
  YESTERDAY        T             0.99 1976   0.06  -0.06     0.01
  MONTH TO DATE    0.07                      0.23  -0.16     0.02
  SINCE MAR 1      0.07                      0.23  -0.16     0.02
  SINCE JAN 1      0.85                      4.55  -3.70     1.44

DEGREE DAYS
 HEATING
  YESTERDAY       50                        39     11       56
  MONTH TO DATE  193                       156     37      240
  SINCE MAR 1    193                       156     37      240
  SINCE JUL 1   5925                      5496    429     5962

 COOLING
  YESTERDAY        0                         0      0        0
  MONTH TO DATE    0                         0      0        0
  SINCE MAR 1      0                         0      0        0
  SINCE JAN 1      0                         0      0        0
..................................................................


WIND (MPH)
  HIGHEST WIND SPEED    23   HIGHEST WIND DIRECTION     W (270)
  HIGHEST GUST SPEED    27   HIGHEST GUST DIRECTION     W (280)
  AVERAGE WIND SPEED    11.0




RELATIVE HUMIDITY (PERCENT)
 HIGHEST    92
 LOWEST     53
 AVERAGE    73

..........................................................


THE TRAVERSE CITY MI CLIMATE NORMALS FOR TODAY
                         NORMAL    RECORD    YEAR
 MAXIMUM TEMPERATURE (F)   36        64      1983
 MINIMUM TEMPERATURE (F)   18       -13      1948


SUNRISE AND SUNSET
MARCH  5 2015.........SUNRISE   713 AM EST   SUNSET   635 PM EST
MARCH  6 2015.........SUNRISE   712 AM EST   SUNSET   636 PM EST


-  INDICATES NEGATIVE NUMBERS.
R  INDICATES RECORD WAS SET OR TIED.
MM INDICATES DATA IS MISSING.
T  INDICATES TRACE AMOUNT.




$$
