000
CDUS43 KAPX 210527
CLITVC


CLIMATE REPORT
NATIONAL WEATHER SERVICE GAYLORD MI
127 AM EDT THU SEP 21 2017


...................................

...THE TRAVERSE CITY MI CLIMATE SUMMARY FOR SEPTEMBER 20 2017...

CLIMATE NORMAL PERIOD 1981 TO 2010
CLIMATE RECORD PERIOD 1896 TO 2017


WEATHER ITEM   OBSERVED TIME   RECORD YEAR NORMAL DEPARTURE LAST
                VALUE   (LST)  VALUE       VALUE  FROM      YEAR
                                                  NORMAL
..................................................................
TEMPERATURE (F)
 YESTERDAY
  MAXIMUM         84    239 PM  90    1908  68     16       80
  MINIMUM         61   1246 AM  32    1937  48     13       55
  AVERAGE         73                        58     15       68

PRECIPITATION (IN)
  YESTERDAY        0.00          1.78 1965   0.13  -0.13     0.00
                                      1931
  MONTH TO DATE    1.66                      2.37  -0.71     2.29
  SINCE SEP 1      1.66                      2.37  -0.71     2.29
  SINCE JAN 1     22.03                     23.48  -1.45    20.03

DEGREE DAYS
 HEATING
  YESTERDAY        0                         8     -8        0
  MONTH TO DATE   78                        98    -20       15
  SINCE SEP 1     78                        98    -20       15
  SINCE JUL 1    112                       167    -55       24

 COOLING
  YESTERDAY        8                         1      7        3
  MONTH TO DATE   39                        32      7       91
  SINCE SEP 1     39                        32      7       91
  SINCE JAN 1    422                       401     21      751
..................................................................


WIND (MPH)
  HIGHEST WIND SPEED    13   HIGHEST WIND DIRECTION    SE (140)
  HIGHEST GUST SPEED    19   HIGHEST GUST DIRECTION    SE (140)
  AVERAGE WIND SPEED     4.2




RELATIVE HUMIDITY (PERCENT)
 HIGHEST    87
 LOWEST     51
 AVERAGE    69

..........................................................


THE TRAVERSE CITY MI CLIMATE NORMALS FOR TODAY
                         NORMAL    RECORD    YEAR
 MAXIMUM TEMPERATURE (F)   68        88      1914
 MINIMUM TEMPERATURE (F)   48        33      1973


SUNRISE AND SUNSET
SEPTEMBER 21 2017.....SUNRISE   728 AM EDT   SUNSET   741 PM EDT
SEPTEMBER 22 2017.....SUNRISE   730 AM EDT   SUNSET   739 PM EDT


-  INDICATES NEGATIVE NUMBERS.
R  INDICATES RECORD WAS SET OR TIED.
MM INDICATES DATA IS MISSING.
T  INDICATES TRACE AMOUNT.




$$
