000
CDUS44 KJAN 230636
CLITVR


CLIMATE REPORT
NATIONAL WEATHER SERVICE JACKSON MS
130 AM CDT SAT MAY 23 2015


...................................

...THE VICKSBURG CLIMATE SUMMARY FOR MAY 22 2015...

CLIMATE NORMAL PERIOD 1981 TO 2010
CLIMATE RECORD PERIOD 1948 TO 2015


WEATHER ITEM   OBSERVED TIME   RECORD YEAR NORMAL DEPARTURE LAST
                VALUE   (LST)  VALUE       VALUE  FROM      YEAR
                                                  NORMAL
..................................................................
TEMPERATURE (F)
 YESTERDAY
  MAXIMUM         79    437 PM  92    1978  86     -7       86
                                      1962
                                      1957
  MINIMUM         54    538 AM  47    1954  63     -9       60
  AVERAGE         67                        74     -7       73

PRECIPITATION (IN)
  YESTERDAY        0.00          3.02 1980   0.15  -0.15     0.00
  MONTH TO DATE    6.68                      3.70   2.98     1.94
  SINCE MAR 1     16.96                     13.70   3.26    20.92
  SINCE JAN 1     28.21                     24.04   4.17    26.34

SNOWFALL (IN)
  YESTERDAY        0.0

DEGREE DAYS
 HEATING
  YESTERDAY        0                         0      0        0
  MONTH TO DATE    3                         9     -6       25
  SINCE MAR 1    264                       374   -110      481
  SINCE JUL 1   2522                      2350    172     2890

 COOLING
  YESTERDAY        2                        10     -8        8
  MONTH TO DATE  187                       157     30      138
  SINCE MAR 1    341                       266     75      251
  SINCE JAN 1    341                       275     66      258
..................................................................


WIND (MPH)
  HIGHEST WIND SPEED    15   HIGHEST WIND DIRECTION    NE (50)
  HIGHEST GUST SPEED    20   HIGHEST GUST DIRECTION    NE (40)
  AVERAGE WIND SPEED     6.0


SKY COVER
  POSSIBLE SUNSHINE  MM
  AVERAGE SKY COVER 0.2


WEATHER CONDITIONS
 THE FOLLOWING WEATHER WAS RECORDED YESTERDAY.
  NO SIGNIFICANT WEATHER WAS OBSERVED.


RELATIVE HUMIDITY (PERCENT)
 HIGHEST    89           500 AM
 LOWEST     46           200 PM
 AVERAGE    68

..........................................................


THE VICKSBURG CLIMATE NORMALS FOR TODAY
                         NORMAL    RECORD    YEAR
 MAXIMUM TEMPERATURE (F)   86        93      2005
                                             1972
                                             1969
 MINIMUM TEMPERATURE (F)   64        51      2002


SUNRISE AND SUNSET
MAY 23 2015...........SUNRISE   602 AM CDT   SUNSET   801 PM CDT
MAY 24 2015...........SUNRISE   601 AM CDT   SUNSET   801 PM CDT


-  INDICATES NEGATIVE NUMBERS.
R  INDICATES RECORD WAS SET OR TIED.
MM INDICATES DATA IS MISSING.
T  INDICATES TRACE AMOUNT.




$$
