000
CDUS44 KJAN 300914
CLITVR


CLIMATE REPORT
NATIONAL WEATHER SERVICE JACKSON MS
405 AM CDT MON MAR 30 2015


...................................

...THE VICKSBURG CLIMATE SUMMARY FOR MARCH 29 2015...

CLIMATE NORMAL PERIOD 1981 TO 2010
CLIMATE RECORD PERIOD 1948 TO 2015


WEATHER ITEM   OBSERVED TIME   RECORD YEAR NORMAL DEPARTURE LAST
                VALUE   (LST)  VALUE       VALUE  FROM      YEAR
                                                  NORMAL
..................................................................
TEMPERATURE (F)
 YESTERDAY
  MAXIMUM         79    422 PM  85    1997  72      7       68
  MINIMUM         45    434 AM  27    1955  49     -4       46
  AVERAGE         62                        60      2       57

PRECIPITATION (IN)
  YESTERDAY        0.00          2.00 1975   0.15  -0.15     0.01
  MONTH TO DATE    4.23                      4.73  -0.50     5.93
  SINCE MAR 1      4.23                      4.73  -0.50     5.93
  SINCE JAN 1     15.48                     15.07   0.41    11.35

SNOWFALL (IN)
  YESTERDAY        0.0

DEGREE DAYS
 HEATING
  YESTERDAY        3                         6     -3        8
  MONTH TO DATE  223                       253    -30      357
  SINCE MAR 1    223                       253    -30      357
  SINCE JUL 1   2481                      2229    252     2766

 COOLING
  YESTERDAY        0                         1     -1        0
  MONTH TO DATE   13                        26    -13        7
  SINCE MAR 1     13                        26    -13        7
  SINCE JAN 1     13                        35    -22       14
..................................................................


WIND (MPH)
  HIGHEST WIND SPEED    21   HIGHEST WIND DIRECTION     S (180)
  HIGHEST GUST SPEED    29   HIGHEST GUST DIRECTION     S (180)
  AVERAGE WIND SPEED    10.9


SKY COVER
  POSSIBLE SUNSHINE  MM
  AVERAGE SKY COVER 0.4


WEATHER CONDITIONS
 THE FOLLOWING WEATHER WAS RECORDED YESTERDAY.
  NO SIGNIFICANT WEATHER WAS OBSERVED.


RELATIVE HUMIDITY (PERCENT)
 HIGHEST    68          1100 PM
 LOWEST     39           200 PM
 AVERAGE    54

..........................................................


THE VICKSBURG CLIMATE NORMALS FOR TODAY
                         NORMAL    RECORD    YEAR
 MAXIMUM TEMPERATURE (F)   72        88      1974
 MINIMUM TEMPERATURE (F)   49        30      1950


SUNRISE AND SUNSET
MARCH 30 2015.........SUNRISE   655 AM CDT   SUNSET   723 PM CDT
MARCH 31 2015.........SUNRISE   654 AM CDT   SUNSET   723 PM CDT


-  INDICATES NEGATIVE NUMBERS.
R  INDICATES RECORD WAS SET OR TIED.
MM INDICATES DATA IS MISSING.
T  INDICATES TRACE AMOUNT.




$$
