000
CDUS44 KJAN 012223
CLITVR


CLIMATE REPORT
NATIONAL WEATHER SERVICE JACKSON MS
417 PM CST SUN MAR 1 2015


...................................

...THE VICKSBURG CLIMATE SUMMARY FOR MARCH 1 2015...
VALID TODAY AS OF 0400 PM LOCAL TIME.

CLIMATE NORMAL PERIOD 1981 TO 2010
CLIMATE RECORD PERIOD 1948 TO 2015


WEATHER ITEM   OBSERVED TIME   RECORD YEAR NORMAL DEPARTURE LAST
                VALUE   (LST)  VALUE       VALUE  FROM      YEAR
                                                  NORMAL
..................................................................
TEMPERATURE (F)
 TODAY
  MAXIMUM         59    346 PM  83    2012  64     -5       80
  MINIMUM         40   1232 AM  22    1986  43     -3       53
  AVERAGE         50                        54     -4       67

PRECIPITATION (IN)
  TODAY            0.25          1.95 1991   0.19   0.06     0.00
  MONTH TO DATE    0.25                      0.19   0.06     0.00
  SINCE MAR 1      0.25                      0.19   0.06     0.00
  SINCE JAN 1     11.50                     10.53   0.97     5.42

SNOWFALL (IN)
  TODAY            0.0

DEGREE DAYS
 HEATING
  TODAY           15                        12      3        0
  MONTH TO DATE   15                        12      3        0
  SINCE MAR 1     15                        12      3        0
  SINCE JUL 1   2273                      1988    285     2409

 COOLING
  TODAY            0                         0      0        2
  MONTH TO DATE    0                         0      0        2
  SINCE MAR 1      0                         0      0        2
  SINCE JAN 1      0                         9     -9        9
..................................................................


WIND (MPH)
  HIGHEST WIND SPEED    12   HIGHEST WIND DIRECTION     E (100)
  HIGHEST GUST SPEED    13   HIGHEST GUST DIRECTION    SE (120)
  AVERAGE WIND SPEED     1.8


SKY COVER
  POSSIBLE SUNSHINE  MM
  AVERAGE SKY COVER 0.9


WEATHER CONDITIONS
 THE FOLLOWING WEATHER WAS RECORDED TODAY.
  HEAVY RAIN
  RAIN
  LIGHT RAIN
  FOG
  HAZE


RELATIVE HUMIDITY (PERCENT)
 HIGHEST   100          1200 PM
 LOWEST     77           400 AM
 AVERAGE    89

..........................................................


THE VICKSBURG CLIMATE NORMALS FOR TOMORROW
                         NORMAL    RECORD    YEAR
 MAXIMUM TEMPERATURE (F)   65        83      2012
                                             1955
 MINIMUM TEMPERATURE (F)   43        20      1980


SUNRISE AND SUNSET
MARCH  1 2015.........SUNRISE   632 AM CST   SUNSET   602 PM CST
MARCH  2 2015.........SUNRISE   631 AM CST   SUNSET   602 PM CST


-  INDICATES NEGATIVE NUMBERS.
R  INDICATES RECORD WAS SET OR TIED.
MM INDICATES DATA IS MISSING.
T  INDICATES TRACE AMOUNT.




$$
