000
CDUS44 KJAN 280709
CLITVR


CLIMATE REPORT
NATIONAL WEATHER SERVICE JACKSON MS
207 AM CDT TUE JUL 28 2015


...................................

...THE VICKSBURG CLIMATE SUMMARY FOR JULY 27 2015...

CLIMATE NORMAL PERIOD 1981 TO 2010
CLIMATE RECORD PERIOD 1948 TO 2015


WEATHER ITEM   OBSERVED TIME   RECORD YEAR NORMAL DEPARTURE LAST
                VALUE   (LST)  VALUE       VALUE  FROM      YEAR
                                                  NORMAL
..................................................................
TEMPERATURE (F)
 YESTERDAY
  MAXIMUM         98    310 PM 102    2008  93      5       94
  MINIMUM         73    320 AM  64    2004  71      2       77
  AVERAGE         86                        82      4       86

PRECIPITATION (IN)
  YESTERDAY        0.00          2.94 2013   0.12  -0.12     0.00
  MONTH TO DATE    1.72                      3.19  -1.47     2.87
  SINCE JUN 1      6.97                      7.18  -0.21     9.42
  SINCE JAN 1     37.24                     32.48   4.76    37.75

SNOWFALL (IN)
  YESTERDAY        0.0

DEGREE DAYS
 HEATING
  YESTERDAY        0                         0      0        0
  MONTH TO DATE    0                         0      0        0
  SINCE JUN 1      0                         0      0        0
  SINCE JUL 1      0                         0      0        0

 COOLING
  YESTERDAY       21                        17      4       21
  MONTH TO DATE  508                       445     63      360
  SINCE JUN 1    992                       863    129      784
  SINCE JAN 1   1438                      1233    205     1134
..................................................................


WIND (MPH)
  HIGHEST WIND SPEED     9   HIGHEST WIND DIRECTION    SE (140)
  HIGHEST GUST SPEED    12   HIGHEST GUST DIRECTION     S (160)
  AVERAGE WIND SPEED     2.8


SKY COVER
  POSSIBLE SUNSHINE  MM
  AVERAGE SKY COVER 0.0


WEATHER CONDITIONS
 THE FOLLOWING WEATHER WAS RECORDED YESTERDAY.
  FOG


RELATIVE HUMIDITY (PERCENT)
 HIGHEST    94           200 AM
 LOWEST     45           100 PM
 AVERAGE    70

..........................................................


THE VICKSBURG CLIMATE NORMALS FOR TODAY
                         NORMAL    RECORD    YEAR
 MAXIMUM TEMPERATURE (F)   93       102      2008
 MINIMUM TEMPERATURE (F)   71        63      2004
                                             1994


SUNRISE AND SUNSET
JULY 28 2015..........SUNRISE   616 AM CDT   SUNSET   805 PM CDT
JULY 29 2015..........SUNRISE   617 AM CDT   SUNSET   804 PM CDT


-  INDICATES NEGATIVE NUMBERS.
R  INDICATES RECORD WAS SET OR TIED.
MM INDICATES DATA IS MISSING.
T  INDICATES TRACE AMOUNT.




$$
