000
CDUS44 KJAN 262218
CLITVR


CLIMATE REPORT
NATIONAL WEATHER SERVICE JACKSON MS
415 PM CST FRI DEC 26 2014


...................................

...THE VICKSBURG CLIMATE SUMMARY FOR DECEMBER 26 2014...
VALID TODAY AS OF 0400 PM LOCAL TIME.

CLIMATE NORMAL PERIOD 1981 TO 2010
CLIMATE RECORD PERIOD 1948 TO 2014


WEATHER ITEM   OBSERVED TIME   RECORD YEAR NORMAL DEPARTURE LAST
                VALUE   (LST)  VALUE       VALUE  FROM      YEAR
                                                  NORMAL
..................................................................
TEMPERATURE (F)
 TODAY
  MAXIMUM         61    322 PM  81    1982  57      4       57
  MINIMUM         39    445 AM   5    1983  36      3       25
  AVERAGE         50                        46      4       41

PRECIPITATION (IN)
  TODAY            T             2.44 1982   0.17  -0.17     0.00
  MONTH TO DATE    2.26                      4.89  -2.63     4.07
  SINCE DEC 1      2.26                      4.89  -2.63     4.07
  SINCE JAN 1     56.17                     54.02   2.15    67.65

SNOWFALL (IN)
  TODAY            0.0

DEGREE DAYS
 HEATING
  TODAY           15                        19     -4       24
  MONTH TO DATE  370                       439    -69      489
  SINCE DEC 1    370                       439    -69      489
  SINCE JUL 1    908                       841     67     1019

 COOLING
  TODAY            0                         0      0        0
  MONTH TO DATE    4                         0      4       16
  SINCE DEC 1      4                         0      4       16
  SINCE JAN 1   2193                      2225    -32     2280
..................................................................


WIND (MPH)
  HIGHEST WIND SPEED    15   HIGHEST WIND DIRECTION    SE (140)
  HIGHEST GUST SPEED    17   HIGHEST GUST DIRECTION    SE (140)
  AVERAGE WIND SPEED     7.7


SKY COVER
  POSSIBLE SUNSHINE  MM
  AVERAGE SKY COVER 0.2


WEATHER CONDITIONS
 THE FOLLOWING WEATHER WAS RECORDED TODAY.
  LIGHT RAIN


RELATIVE HUMIDITY (PERCENT)
 HIGHEST    89           700 AM
 LOWEST     64           200 PM
 AVERAGE    77

..........................................................


THE VICKSBURG CLIMATE NORMALS FOR TOMORROW
                         NORMAL    RECORD    YEAR
 MAXIMUM TEMPERATURE (F)   56        80      2008
 MINIMUM TEMPERATURE (F)   36        13      2010


SUNRISE AND SUNSET
DECEMBER 26 2014......SUNRISE   704 AM CST   SUNSET   506 PM CST
DECEMBER 27 2014......SUNRISE   704 AM CST   SUNSET   507 PM CST


-  INDICATES NEGATIVE NUMBERS.
R  INDICATES RECORD WAS SET OR TIED.
MM INDICATES DATA IS MISSING.
T  INDICATES TRACE AMOUNT.




$$
