000
CDUS44 KJAN 310914
CLITVR


CLIMATE REPORT
NATIONAL WEATHER SERVICE JACKSON MS
412 AM CDT WED AUG 31 2016


...................................

...THE VICKSBURG CLIMATE SUMMARY FOR AUGUST 30 2016...

CLIMATE NORMAL PERIOD 1981 TO 2010
CLIMATE RECORD PERIOD 1948 TO 2016


WEATHER ITEM   OBSERVED TIME   RECORD YEAR NORMAL DEPARTURE LAST
                VALUE   (LST)  VALUE       VALUE  FROM      YEAR
                                                  NORMAL
..................................................................
TEMPERATURE (F)
 YESTERDAY
  MAXIMUM         96    257 PM 104    1954  91      5       95
  MINIMUM         75    450 AM  56    1968  68      7       66
  AVERAGE         86                        79      7       81

PRECIPITATION (IN)
  YESTERDAY        0.07          3.08 2012   0.13  -0.06     0.00
  MONTH TO DATE    6.87                      3.51   3.36     3.21
  SINCE JUN 1     16.08                     11.13   4.95    10.18
  SINCE JAN 1     51.55                     36.43  15.12    40.45

SNOWFALL (IN)
  YESTERDAY        0.0

DEGREE DAYS
 HEATING
  YESTERDAY        0                         0      0        0
  MONTH TO DATE    0                         0      0        0
  SINCE JUN 1      0                         0      0        0
  SINCE JUL 1      0                         0      0        0

 COOLING
  YESTERDAY       21                        14      7       16
  MONTH TO DATE  589                       479    110      515
  SINCE JUN 1   1712                      1407    305     1592
  SINCE JAN 1   2227                      1777    450     2038
..................................................................


WIND (MPH)
  HIGHEST WIND SPEED    20   HIGHEST WIND DIRECTION     E (100)
  HIGHEST GUST SPEED    26   HIGHEST GUST DIRECTION     E (100)
  AVERAGE WIND SPEED     3.5


SKY COVER
  POSSIBLE SUNSHINE  MM
  AVERAGE SKY COVER 0.1


WEATHER CONDITIONS
 THE FOLLOWING WEATHER WAS RECORDED YESTERDAY.
  RAIN
  FOG


RELATIVE HUMIDITY (PERCENT)
 HIGHEST    94           100 AM
 LOWEST     49           100 PM
 AVERAGE    72

..........................................................


THE VICKSBURG CLIMATE NORMALS FOR TODAY
                         NORMAL    RECORD    YEAR
 MAXIMUM TEMPERATURE (F)   90       106      2000
 MINIMUM TEMPERATURE (F)   68        58      1968


SUNRISE AND SUNSET
AUGUST 31 2016........SUNRISE   639 AM CDT   SUNSET   729 PM CDT
SEPTEMBER  1 2016.....SUNRISE   639 AM CDT   SUNSET   728 PM CDT


-  INDICATES NEGATIVE NUMBERS.
R  INDICATES RECORD WAS SET OR TIED.
MM INDICATES DATA IS MISSING.
T  INDICATES TRACE AMOUNT.




$$
