439
CDUS44 KJAN 140633
CLITVR


CLIMATE REPORT
NATIONAL WEATHER SERVICE JACKSON MS
1231 AM CST SUN FEB 14 2016


...................................

...THE VICKSBURG CLIMATE SUMMARY FOR FEBRUARY 13 2016...

CLIMATE NORMAL PERIOD 1981 TO 2010
CLIMATE RECORD PERIOD 1948 TO 2016


WEATHER ITEM   OBSERVED TIME   RECORD YEAR NORMAL DEPARTURE LAST
                VALUE   (LST)  VALUE       VALUE  FROM      YEAR
                                                  NORMAL
..................................................................
TEMPERATURE (F)
 YESTERDAY
  MAXIMUM         53    351 PM  81    1962  60     -7       49
                                      1949
  MINIMUM         39    312 AM  17    1981  39      0       27
  AVERAGE         46                        49     -3       38

PRECIPITATION (IN)
  YESTERDAY        0.00          2.88 1950   0.20  -0.20     0.00
  MONTH TO DATE    0.28                      2.40  -2.12     0.43
  SINCE DEC 1     11.53                     13.08  -1.55    10.59
  SINCE JAN 1      5.98                      7.47  -1.49     6.00

SNOWFALL (IN)
  YESTERDAY        0.0

DEGREE DAYS
 HEATING
  YESTERDAY       19                        16      3       27
  MONTH TO DATE  193                       223    -30      253
  SINCE DEC 1   1056                      1365   -309     1342
  SINCE JUL 1   1245                      1767   -522     1880

 COOLING
  YESTERDAY        0                         0      0        0
  MONTH TO DATE    5                         0      5        0
  SINCE DEC 1     68                         9     59        4
  SINCE JAN 1      6                         3      3        0
..................................................................


WIND (MPH)
  HIGHEST WIND SPEED    20   HIGHEST WIND DIRECTION    NE (50)
  HIGHEST GUST SPEED    26   HIGHEST GUST DIRECTION    NE (60)
  AVERAGE WIND SPEED     8.3


SKY COVER
  POSSIBLE SUNSHINE  MM
  AVERAGE SKY COVER 0.0


WEATHER CONDITIONS
 THE FOLLOWING WEATHER WAS RECORDED YESTERDAY.
  NO SIGNIFICANT WEATHER WAS OBSERVED.


RELATIVE HUMIDITY (PERCENT)
 HIGHEST    70           200 AM
 LOWEST     28           300 PM
 AVERAGE    49

..........................................................


THE VICKSBURG CLIMATE NORMALS FOR TODAY
                         NORMAL    RECORD    YEAR
 MAXIMUM TEMPERATURE (F)   60        81      1962
 MINIMUM TEMPERATURE (F)   39         8      1960


SUNRISE AND SUNSET
FEBRUARY 14 2016......SUNRISE   648 AM CST   SUNSET   549 PM CST
FEBRUARY 15 2016......SUNRISE   647 AM CST   SUNSET   550 PM CST


-  INDICATES NEGATIVE NUMBERS.
R  INDICATES RECORD WAS SET OR TIED.
MM INDICATES DATA IS MISSING.
T  INDICATES TRACE AMOUNT.




$$
