000
CDUS44 KJAN 010746
CLITVR


CLIMATE REPORT
NATIONAL WEATHER SERVICE JACKSON MS
241 AM CDT FRI AUG 1 2014


...................................

...THE VICKSBURG CLIMATE SUMMARY FOR JULY 31 2014...

CLIMATE NORMAL PERIOD 1981 TO 2010
CLIMATE RECORD PERIOD 1948 TO 2014


WEATHER ITEM   OBSERVED TIME   RECORD YEAR NORMAL DEPARTURE LAST
                VALUE   (LST)  VALUE       VALUE  FROM      YEAR
                                                  NORMAL
..................................................................
TEMPERATURE (F)
 YESTERDAY
  MAXIMUM         81    502 PM 103    1986  93    -12       94
  MINIMUM         69    613 AM  62    1971  71     -2       73
  AVERAGE         75                        82     -7       84

PRECIPITATION (IN)
  YESTERDAY        0.03          0.72 1949   0.11  -0.08     0.00
  MONTH TO DATE    2.93                      3.63  -0.70     6.45
  SINCE JUN 1      9.48                      7.62   1.86    11.78
  SINCE JAN 1     37.81                     32.92   4.89    47.10

SNOWFALL (IN)
  YESTERDAY        0.0

DEGREE DAYS
 HEATING
  YESTERDAY        0                         0      0        0
  MONTH TO DATE    0                         0      0        0
  SINCE JUN 1      0                         0      0        0
  SINCE JUL 1      0                         0      0        0

 COOLING
  YESTERDAY       10                        17     -7       19
  MONTH TO DATE  407                       510   -103      449
  SINCE JUN 1    831                       928    -97      890
  SINCE JAN 1   1181                      1298   -117     1220
..................................................................


WIND (MPH)
  HIGHEST WIND SPEED    10   HIGHEST WIND DIRECTION     E (90)
  HIGHEST GUST SPEED    14   HIGHEST GUST DIRECTION     E (80)
  AVERAGE WIND SPEED     3.8


SKY COVER
  POSSIBLE SUNSHINE  MM
  AVERAGE SKY COVER 0.6


WEATHER CONDITIONS
 THE FOLLOWING WEATHER WAS RECORDED YESTERDAY.
  LIGHT RAIN
  FOG


RELATIVE HUMIDITY (PERCENT)
 HIGHEST    90           300 AM
 LOWEST     58           200 PM
 AVERAGE    74

..........................................................


THE VICKSBURG CLIMATE NORMALS FOR TODAY
                         NORMAL    RECORD    YEAR
 MAXIMUM TEMPERATURE (F)   93       102      2011
                                             2010
                                             1986
 MINIMUM TEMPERATURE (F)   71        61      1948


SUNRISE AND SUNSET
AUGUST  1 2014........SUNRISE   619 AM CDT   SUNSET   802 PM CDT
AUGUST  2 2014........SUNRISE   619 AM CDT   SUNSET   801 PM CDT


-  INDICATES NEGATIVE NUMBERS.
R  INDICATES RECORD WAS SET OR TIED.
MM INDICATES DATA IS MISSING.
T  INDICATES TRACE AMOUNT.




$$
