000
CDUS44 KJAN 240715
CLITVR


CLIMATE REPORT
NATIONAL WEATHER SERVICE JACKSON MS
206 AM CDT SUN JUL 24 2016


...................................

...THE VICKSBURG CLIMATE SUMMARY FOR JULY 23 2016...

CLIMATE NORMAL PERIOD 1981 TO 2010
CLIMATE RECORD PERIOD 1948 TO 2016


WEATHER ITEM   OBSERVED TIME   RECORD YEAR NORMAL DEPARTURE LAST
                VALUE   (LST)  VALUE       VALUE  FROM      YEAR
                                                  NORMAL
..................................................................
TEMPERATURE (F)
 YESTERDAY
  MAXIMUM         98    426 PM 100    1952  92      6       97
  MINIMUM         74    535 AM  59    2007  71      3       76
  AVERAGE         86                        82      4       87

PRECIPITATION (IN)
  YESTERDAY        0.00          1.17 1992   0.10  -0.10     0.00
  MONTH TO DATE    1.65                      2.75  -1.10     1.13
  SINCE JUN 1      5.16                      6.74  -1.58     6.38
  SINCE JAN 1     40.63                     32.04   8.59    36.65

SNOWFALL (IN)
  YESTERDAY        0.0

DEGREE DAYS
 HEATING
  YESTERDAY        0                         0      0        0
  MONTH TO DATE    0                         0      0        0
  SINCE JUN 1      0                         0      0        0
  SINCE JUL 1      0                         0      0        0

 COOLING
  YESTERDAY       21                        17      4       22
  MONTH TO DATE  464                       377     87      423
  SINCE JUN 1    983                       795    188      907
  SINCE JAN 1   1498                      1165    333     1353
..................................................................


WIND (MPH)
  HIGHEST WIND SPEED    22   HIGHEST WIND DIRECTION    NE (50)
  HIGHEST GUST SPEED    28   HIGHEST GUST DIRECTION    NE (60)
  AVERAGE WIND SPEED     4.0


SKY COVER
  POSSIBLE SUNSHINE  MM
  AVERAGE SKY COVER 0.0


WEATHER CONDITIONS
 THE FOLLOWING WEATHER WAS RECORDED YESTERDAY.
  THUNDERSTORM
  FOG


RELATIVE HUMIDITY (PERCENT)
 HIGHEST    94           100 AM
 LOWEST     51           400 PM
 AVERAGE    73

..........................................................


THE VICKSBURG CLIMATE NORMALS FOR TODAY
                         NORMAL    RECORD    YEAR
 MAXIMUM TEMPERATURE (F)   92       103      1954
 MINIMUM TEMPERATURE (F)   71        61      2006


SUNRISE AND SUNSET
JULY 24 2016..........SUNRISE   614 AM CDT   SUNSET   807 PM CDT
JULY 25 2016..........SUNRISE   615 AM CDT   SUNSET   806 PM CDT


-  INDICATES NEGATIVE NUMBERS.
R  INDICATES RECORD WAS SET OR TIED.
MM INDICATES DATA IS MISSING.
T  INDICATES TRACE AMOUNT.




$$
