000
CDUS44 KJAN 100657
CLITVR


CLIMATE REPORT
NATIONAL WEATHER SERVICE JACKSON MS
1251 AM CST SAT DEC 10 2016


...................................

...THE VICKSBURG CLIMATE SUMMARY FOR DECEMBER 9 2016...

CLIMATE NORMAL PERIOD 1981 TO 2010
CLIMATE RECORD PERIOD 1948 TO 2016


WEATHER ITEM   OBSERVED TIME   RECORD YEAR NORMAL DEPARTURE LAST
                VALUE   (LST)  VALUE       VALUE  FROM      YEAR
                                                  NORMAL
..................................................................
TEMPERATURE (F)
 YESTERDAY
  MAXIMUM         44    134 PM  81    2007  60    -16       67
  MINIMUM         29    719 AM  20    2010  38     -9       46
                                      2006
  AVERAGE         37                        49    -12       57

PRECIPITATION (IN)
  YESTERDAY        0.00          3.02 1966   0.20  -0.20     0.00
  MONTH TO DATE    3.43                      1.80   1.63     0.26
  SINCE DEC 1      3.43                      1.80   1.63     0.26
  SINCE JAN 1     58.25                     50.93   7.32    58.48

SNOWFALL (IN)
  YESTERDAY        0.0

DEGREE DAYS
 HEATING
  YESTERDAY       28                        16     12        8
  MONTH TO DATE  163                       138     25      118
  SINCE DEC 1    163                       138     25      118
  SINCE JUL 1    440                       540   -100      307

 COOLING
  YESTERDAY        0                         0      0        0
  MONTH TO DATE    0                         0      0        0
  SINCE DEC 1      0                         0      0        0
  SINCE JAN 1   2919                      2225    694     2603
..................................................................


WIND (MPH)
  HIGHEST WIND SPEED    18   HIGHEST WIND DIRECTION    NE (30)
  HIGHEST GUST SPEED    25   HIGHEST GUST DIRECTION    NE (30)
  AVERAGE WIND SPEED     9.8


SKY COVER
  POSSIBLE SUNSHINE  MM
  AVERAGE SKY COVER 0.0


WEATHER CONDITIONS
 THE FOLLOWING WEATHER WAS RECORDED YESTERDAY.
  NO SIGNIFICANT WEATHER WAS OBSERVED.


RELATIVE HUMIDITY (PERCENT)
 HIGHEST    78           900 PM
 LOWEST     41          1200 PM
 AVERAGE    60

..........................................................


THE VICKSBURG CLIMATE NORMALS FOR TODAY
                         NORMAL    RECORD    YEAR
 MAXIMUM TEMPERATURE (F)   60        80      2007
 MINIMUM TEMPERATURE (F)   38        18      1955


SUNRISE AND SUNSET
DECEMBER 10 2016......SUNRISE   655 AM CST   SUNSET   459 PM CST
DECEMBER 11 2016......SUNRISE   656 AM CST   SUNSET   500 PM CST


-  INDICATES NEGATIVE NUMBERS.
R  INDICATES RECORD WAS SET OR TIED.
MM INDICATES DATA IS MISSING.
T  INDICATES TRACE AMOUNT.




$$
