000
CDUS45 KBOI 190930
CLITWF


CLIMATE REPORT
NATIONAL WEATHER SERVICE BOISE ID
330 AM MDT SUN OCT 19 2014


...................................

...THE TWIN FALLS ID CLIMATE SUMMARY FOR OCTOBER 18 2014...

CLIMATE NORMAL PERIOD 1981 TO 2010
CLIMATE RECORD PERIOD 9999 TO 9999


WEATHER ITEM   OBSERVED TIME   NORMAL DEPARTURE LAST
                VALUE   (LST)  VALUE  FROM      YEAR
                                      NORMAL
......................................................
TEMPERATURE (F)
 YESTERDAY
  MAXIMUM         69    342 PM  62      7       58
  MINIMUM         43    725 PM  37      6       30
  AVERAGE         56

PRECIPITATION (IN)
  YESTERDAY        0.00          0.03  -0.03     0.00
  MONTH TO DATE    0.00          0.46  -0.46     0.09
  SINCE OCT 1      0.00          0.46  -0.46     0.09
  SINCE JAN 1     13.04          7.91   5.13     4.20

DEGREE DAYS
 HEATING
  YESTERDAY        9            15     -6       21
  MONTH TO DATE  124           222    -98      311
  SINCE SEP 1    207           362   -155      418
  SINCE JUL 1    226           383   -157      418

 COOLING
  YESTERDAY        0             0      0        0
  MONTH TO DATE    6             0      6        0
  SINCE SEP 1     92            61     31       99
  SINCE JAN 1    851           678    173     1138
......................................................


WIND (MPH)
  HIGHEST WIND SPEED    15   HIGHEST WIND DIRECTION     S (200)
  HIGHEST GUST SPEED    19   HIGHEST GUST DIRECTION     S (200)
  AVERAGE WIND SPEED     9.5


SKY COVER
  AVERAGE SKY COVER 0.0


WEATHER CONDITIONS
 THE FOLLOWING WEATHER WAS RECORDED YESTERDAY.
  NO SIGNIFICANT WEATHER WAS OBSERVED.


RELATIVE HUMIDITY (PERCENT)
 HIGHEST    53           700 PM
 LOWEST     22           400 PM
 AVERAGE    38

..........................................................




SUNRISE AND SUNSET
OCTOBER 19 2014.......SUNRISE   756 AM MDT   SUNSET   649 PM MDT
OCTOBER 20 2014.......SUNRISE   757 AM MDT   SUNSET   648 PM MDT


-  INDICATES NEGATIVE NUMBERS.
R  INDICATES RECORD WAS SET OR TIED.
MM INDICATES DATA IS MISSING.
T  INDICATES TRACE AMOUNT.




$$
