000
CDUS45 KBOI 190931
CLITWF


CLIMATE REPORT
NATIONAL WEATHER SERVICE BOISE ID
331 AM MDT SAT APR 19 2014


...................................

...THE TWIN FALLS ID CLIMATE SUMMARY FOR APRIL 18 2014...

CLIMATE NORMAL PERIOD 1981 TO 2010
CLIMATE RECORD PERIOD 9999 TO 9999


WEATHER ITEM   OBSERVED TIME   NORMAL DEPARTURE LAST
                VALUE   (LST)  VALUE  FROM      YEAR
                                      NORMAL
......................................................
TEMPERATURE (F)
 YESTERDAY
  MAXIMUM         62    338 PM  61      1       54
  MINIMUM         41   1159 PM  36      5       28
  AVERAGE         52

PRECIPITATION (IN)
  YESTERDAY        0.13          0.03   0.10     0.00
  MONTH TO DATE    0.19          0.65  -0.46     0.86
  SINCE OCT 1      4.79          6.73  -1.94     5.60
  SINCE JAN 1      4.32          3.48   0.84     2.42

DEGREE DAYS
 HEATING
  YESTERDAY       13            17     -4       24
  MONTH TO DATE  270           330    -60      335
  SINCE MAR 1    876          1052   -176      991
  SINCE JUL 1   5129          5619   -490     5283

 COOLING
  YESTERDAY        0             0      0        0
  MONTH TO DATE    0             0      0        0
  SINCE MAR 1      0             0      0        0
  SINCE JAN 1      0             0      0        0
......................................................


WIND (MPH)
  HIGHEST WIND SPEED    24   HIGHEST WIND DIRECTION     W (250)
  HIGHEST GUST SPEED    32   HIGHEST GUST DIRECTION     W (250)
  AVERAGE WIND SPEED    14.3


SKY COVER
  AVERAGE SKY COVER 0.4


WEATHER CONDITIONS
 THE FOLLOWING WEATHER WAS RECORDED YESTERDAY.
  LIGHT RAIN


RELATIVE HUMIDITY (PERCENT)
 HIGHEST    86           300 AM
 LOWEST     27           300 PM
 AVERAGE    57

..........................................................




SUNRISE AND SUNSET
APRIL 19 2014.........SUNRISE   650 AM MDT   SUNSET   824 PM MDT
APRIL 20 2014.........SUNRISE   649 AM MDT   SUNSET   825 PM MDT


-  INDICATES NEGATIVE NUMBERS.
R  INDICATES RECORD WAS SET OR TIED.
MM INDICATES DATA IS MISSING.
T  INDICATES TRACE AMOUNT.




$$
