000
CDUS45 KBOI 250932
CLITWF


CLIMATE REPORT
NATIONAL WEATHER SERVICE BOISE ID
331 AM MDT FRI JUL 25 2014


...................................

...THE TWIN FALLS ID CLIMATE SUMMARY FOR JULY 24 2014...

CLIMATE NORMAL PERIOD 1981 TO 2010
CLIMATE RECORD PERIOD 9999 TO 9999


WEATHER ITEM   OBSERVED TIME   NORMAL DEPARTURE LAST
                VALUE   (LST)  VALUE  FROM      YEAR
                                      NORMAL
......................................................
TEMPERATURE (F)
 YESTERDAY
  MAXIMUM         78    436 PM  91    -13       95
  MINIMUM         58   1159 PM  59     -1       69
  AVERAGE         68

PRECIPITATION (IN)
  YESTERDAY        0.00          0.01  -0.01     0.00
  MONTH TO DATE    0.23          0.23   0.00     0.16
  SINCE OCT 1      7.15          9.74  -2.59     6.37
  SINCE JAN 1      6.68          6.49   0.19     3.19

DEGREE DAYS
 HEATING
  YESTERDAY        0             0      0        0
  MONTH TO DATE    0             3     -3        0
  SINCE JUN 1     58            90    -32       55
  SINCE JUL 1      0             3     -3        0

 COOLING
  YESTERDAY        3            10     -7       17
  MONTH TO DATE  356           206    150      354
  SINCE JUN 1    443           293    150      527
  SINCE JAN 1    476           315    161      552
......................................................


WIND (MPH)
  HIGHEST WIND SPEED    25   HIGHEST WIND DIRECTION     W (260)
  HIGHEST GUST SPEED    32   HIGHEST GUST DIRECTION     W (250)
  AVERAGE WIND SPEED    15.1


SKY COVER
  AVERAGE SKY COVER 0.0


WEATHER CONDITIONS
 THE FOLLOWING WEATHER WAS RECORDED YESTERDAY.
  NO SIGNIFICANT WEATHER WAS OBSERVED.


RELATIVE HUMIDITY (PERCENT)
 HIGHEST    52           500 AM
 LOWEST     17           700 PM
 AVERAGE    35

..........................................................




SUNRISE AND SUNSET
JULY 25 2014..........SUNRISE   623 AM MDT   SUNSET   905 PM MDT
JULY 26 2014..........SUNRISE   624 AM MDT   SUNSET   904 PM MDT


-  INDICATES NEGATIVE NUMBERS.
R  INDICATES RECORD WAS SET OR TIED.
MM INDICATES DATA IS MISSING.
T  INDICATES TRACE AMOUNT.




$$
