000
CDUS45 KBOI 090931
CLITWF


CLIMATE REPORT
NATIONAL WEATHER SERVICE BOISE ID
231 AM MST TUE FEB 9 2016


...................................

...THE TWIN FALLS ID CLIMATE SUMMARY FOR FEBRUARY 8 2016...

CLIMATE NORMAL PERIOD 1981 TO 2010
CLIMATE RECORD PERIOD 9999 TO 9999


WEATHER ITEM   OBSERVED TIME   NORMAL DEPARTURE LAST
                VALUE   (LST)  VALUE  FROM      YEAR
                                      NORMAL
......................................................
TEMPERATURE (F)
 YESTERDAY
  MAXIMUM         34    120 AM  40     -6       65
  MINIMUM         24    751 AM  22      2       39
  AVERAGE         29

PRECIPITATION (IN)
  YESTERDAY        0.00          0.03  -0.03      T
  MONTH TO DATE    0.03          0.24  -0.21     0.45
  SINCE OCT 1      5.46          4.47   0.99     4.37
  SINCE JAN 1      1.08          1.22  -0.14     1.37

DEGREE DAYS
 HEATING
  YESTERDAY       36            34      2       13
  MONTH TO DATE  285           274     11      132
  SINCE DEC 1   2544          2504     40     2015
  SINCE JUL 1   3755          3942   -187     3207

 COOLING
  YESTERDAY        0             0      0        0
  MONTH TO DATE    0             0      0        0
  SINCE DEC 1      0             0      0        0
  SINCE JAN 1      0             0      0        0
......................................................


WIND (MPH)
  HIGHEST WIND SPEED    14   HIGHEST WIND DIRECTION    SE (150)
  HIGHEST GUST SPEED    16   HIGHEST GUST DIRECTION    SE (150)
  AVERAGE WIND SPEED     7.0


SKY COVER
  AVERAGE SKY COVER 0.5


WEATHER CONDITIONS
 THE FOLLOWING WEATHER WAS RECORDED YESTERDAY.
  FOG
  FOG W/VISIBILITY <= 1/4 MILE


RELATIVE HUMIDITY (PERCENT)
 HIGHEST   100           700 AM
 LOWEST     84           600 AM
 AVERAGE    92

..........................................................




SUNRISE AND SUNSET
FEBRUARY  9 2016......SUNRISE   743 AM MST   SUNSET   602 PM MST
FEBRUARY 10 2016......SUNRISE   742 AM MST   SUNSET   603 PM MST


-  INDICATES NEGATIVE NUMBERS.
R  INDICATES RECORD WAS SET OR TIED.
MM INDICATES DATA IS MISSING.
T  INDICATES TRACE AMOUNT.




$$
