000
CDUS45 KBOI 280932
CLITWF


CLIMATE REPORT
NATIONAL WEATHER SERVICE BOISE ID
332 AM MDT FRI AUG 28 2015


...................................

...THE TWIN FALLS ID CLIMATE SUMMARY FOR AUGUST 27 2015...

CLIMATE NORMAL PERIOD 1981 TO 2010
CLIMATE RECORD PERIOD 9999 TO 9999


WEATHER ITEM   OBSERVED TIME   NORMAL DEPARTURE LAST
                VALUE   (LST)  VALUE  FROM      YEAR
                                      NORMAL
......................................................
TEMPERATURE (F)
 YESTERDAY
  MAXIMUM         91    342 PM  86      5       82
  MINIMUM         59    632 AM  53      6       55
  AVERAGE         75

PRECIPITATION (IN)
  YESTERDAY        0.00          0.02  -0.02     0.00
  MONTH TO DATE    0.40          0.27   0.13     5.55
  SINCE OCT 1      8.51         10.08  -1.57    12.70
  SINCE JAN 1      5.51          6.83  -1.32    12.23

DEGREE DAYS
 HEATING
  YESTERDAY        0             1     -1        0
  MONTH TO DATE    0             5     -5       16
  SINCE JUN 1     10            98    -88       74
  SINCE JUL 1      3            11     -8       16

 COOLING
  YESTERDAY       10             5      5        4
  MONTH TO DATE  270           212     58      185
  SINCE JUN 1    828           576    252      706
  SINCE JAN 1    844           598    246      739
......................................................


WIND (MPH)
  HIGHEST WIND SPEED    17   HIGHEST WIND DIRECTION     W (270)
  HIGHEST GUST SPEED    23   HIGHEST GUST DIRECTION     W (270)
  AVERAGE WIND SPEED     9.0


SKY COVER
  AVERAGE SKY COVER 0.0


WEATHER CONDITIONS
 THE FOLLOWING WEATHER WAS RECORDED YESTERDAY.
  NO SIGNIFICANT WEATHER WAS OBSERVED.


RELATIVE HUMIDITY (PERCENT)
 HIGHEST    56           600 AM
 LOWEST     15          1100 AM
 AVERAGE    36

..........................................................




SUNRISE AND SUNSET
AUGUST 28 2015........SUNRISE   659 AM MDT   SUNSET   819 PM MDT
AUGUST 29 2015........SUNRISE   700 AM MDT   SUNSET   817 PM MDT


-  INDICATES NEGATIVE NUMBERS.
R  INDICATES RECORD WAS SET OR TIED.
MM INDICATES DATA IS MISSING.
T  INDICATES TRACE AMOUNT.




$$
