000
CDUS45 KBOI 180931
CLITWF


CLIMATE REPORT
NATIONAL WEATHER SERVICE BOISE ID
231 AM MST SAT NOV 18 2017


...................................

...THE TWIN FALLS ID CLIMATE SUMMARY FOR NOVEMBER 17 2017...

CLIMATE NORMAL PERIOD 1981 TO 2010
CLIMATE RECORD PERIOD 9999 TO 9999


WEATHER ITEM   OBSERVED TIME   NORMAL DEPARTURE LAST
                VALUE   (LST)  VALUE  FROM      YEAR
                                      NORMAL
......................................................
TEMPERATURE (F)
 YESTERDAY
  MAXIMUM         39    352 PM  48     -9       40
  MINIMUM         26   1139 PM  26      0       22
  AVERAGE         33

PRECIPITATION (IN)
  YESTERDAY        0.06          0.04   0.02     0.00
  MONTH TO DATE    0.90          0.61   0.29     0.04
  SINCE OCT 1      1.55          1.41   0.14     2.82
  SINCE JAN 1      9.68          8.86   0.82    11.73

DEGREE DAYS
 HEATING
  YESTERDAY       32            28      4       34
  MONTH TO DATE  427           415     12      316
  SINCE SEP 1   1227          1013    214      917
  SINCE JUL 1   1229          1034    195      941

 COOLING
  YESTERDAY        0             0      0        0
  MONTH TO DATE    0             0      0        0
  SINCE SEP 1    119            63     56       26
  SINCE JAN 1    871           680    191      642
......................................................


WIND (MPH)
  HIGHEST WIND SPEED    29   HIGHEST WIND DIRECTION     W (270)
  HIGHEST GUST SPEED    35   HIGHEST GUST DIRECTION     W (280)
  AVERAGE WIND SPEED    14.3


SKY COVER
  AVERAGE SKY COVER 0.6


WEATHER CONDITIONS
 THE FOLLOWING WEATHER WAS RECORDED YESTERDAY.
  LIGHT SNOW
  FOG


RELATIVE HUMIDITY (PERCENT)
 HIGHEST   100          1200 AM
 LOWEST     64           300 PM
 AVERAGE    82

..........................................................




SUNRISE AND SUNSET
NOVEMBER 18 2017......SUNRISE   733 AM MST   SUNSET   513 PM MST
NOVEMBER 19 2017......SUNRISE   734 AM MST   SUNSET   512 PM MST


-  INDICATES NEGATIVE NUMBERS.
R  INDICATES RECORD WAS SET OR TIED.
MM INDICATES DATA IS MISSING.
T  INDICATES TRACE AMOUNT.




$$
