000
CDUS45 KBOI 260931
CLITWF


CLIMATE REPORT
NATIONAL WEATHER SERVICE BOISE ID
331 AM MDT FRI MAY 26 2017


...................................

...THE TWIN FALLS ID CLIMATE SUMMARY FOR MAY 25 2017...

CLIMATE NORMAL PERIOD 1981 TO 2010
CLIMATE RECORD PERIOD 9999 TO 9999


WEATHER ITEM   OBSERVED TIME   NORMAL DEPARTURE LAST
                VALUE   (LST)  VALUE  FROM      YEAR
                                      NORMAL
......................................................
TEMPERATURE (F)
 YESTERDAY
  MAXIMUM         64    509 PM  73     -9       66
  MINIMUM         39    527 AM  45     -6       47
  AVERAGE         52

PRECIPITATION (IN)
  YESTERDAY        T             0.04  -0.04      T
  MONTH TO DATE    0.75          1.11  -0.36     1.85
  SINCE OCT 1     10.50          8.33   2.17    10.52
  SINCE JAN 1      6.00          5.08   0.92     6.14

DEGREE DAYS
 HEATING
  YESTERDAY       13             7      6        8
  MONTH TO DATE  287           249     38      250
  SINCE MAR 1   1488          1480      8     1328
  SINCE JUL 1   6268          6047    221     5614

 COOLING
  YESTERDAY        0             1     -1        0
  MONTH TO DATE    1            13    -12        3
  SINCE MAR 1      1            14    -13        3
  SINCE JAN 1      1            14    -13        3
......................................................


WIND (MPH)
  HIGHEST WIND SPEED    23   HIGHEST WIND DIRECTION    SW (230)
  HIGHEST GUST SPEED    29   HIGHEST GUST DIRECTION    SW (230)
  AVERAGE WIND SPEED    11.3


SKY COVER
  AVERAGE SKY COVER 0.2


WEATHER CONDITIONS
 THE FOLLOWING WEATHER WAS RECORDED YESTERDAY.
  NO SIGNIFICANT WEATHER WAS OBSERVED.


RELATIVE HUMIDITY (PERCENT)
 HIGHEST    64           600 AM
 LOWEST     27           200 PM
 AVERAGE    46

..........................................................




SUNRISE AND SUNSET
MAY 26 2017...........SUNRISE   607 AM MDT   SUNSET   904 PM MDT
MAY 27 2017...........SUNRISE   606 AM MDT   SUNSET   905 PM MDT


-  INDICATES NEGATIVE NUMBERS.
R  INDICATES RECORD WAS SET OR TIED.
MM INDICATES DATA IS MISSING.
T  INDICATES TRACE AMOUNT.




$$
