000
CDUS45 KBOI 161155
CLITWF


CLIMATE REPORT
NATIONAL WEATHER SERVICE BOISE ID
455 AM MST MON JAN 16 2017


...................................

...THE TWIN FALLS ID CLIMATE SUMMARY FOR JANUARY 15 2017...

CLIMATE NORMAL PERIOD 1981 TO 2010
CLIMATE RECORD PERIOD 9999 TO 9999


WEATHER ITEM   OBSERVED TIME   NORMAL DEPARTURE LAST
                VALUE   (LST)  VALUE  FROM      YEAR
                                      NORMAL
......................................................
TEMPERATURE (F)
 YESTERDAY
  MAXIMUM         16    414 PM  38    -22       34
  MINIMUM          5    845 AM  22    -17       25
  AVERAGE         11

PRECIPITATION (IN)
  YESTERDAY        T             0.02  -0.02     0.01
  MONTH TO DATE    0.78          0.61   0.17     0.04
  SINCE OCT 1      5.28          3.86   1.42     4.42
  SINCE JAN 1      0.78          0.61   0.17     0.04

DEGREE DAYS
 HEATING
  YESTERDAY       54            35     19       35
  MONTH TO DATE  682           539    143      598
  SINCE DEC 1   1940          1668    272     1741
  SINCE JUL 1   3242          3106    136     2952

 COOLING
  YESTERDAY        0             0      0        0
  MONTH TO DATE    0             0      0        0
  SINCE DEC 1      0             0      0        0
  SINCE JAN 1      0             0      0        0
......................................................


WIND (MPH)
  HIGHEST WIND SPEED     9   HIGHEST WIND DIRECTION    NW (300)
  HIGHEST GUST SPEED    11   HIGHEST GUST DIRECTION    NW (300)
  AVERAGE WIND SPEED     2.7


SKY COVER
  AVERAGE SKY COVER 0.8


WEATHER CONDITIONS
 THE FOLLOWING WEATHER WAS RECORDED YESTERDAY.
  LIGHT SNOW
  FOG
  FOG W/VISIBILITY <= 1/4 MILE
  HAZE


RELATIVE HUMIDITY (PERCENT)
 HIGHEST    92           600 PM
 LOWEST     80           100 AM
 AVERAGE    86

..........................................................




SUNRISE AND SUNSET
JANUARY 16 2017.......SUNRISE   804 AM MST   SUNSET   532 PM MST
JANUARY 17 2017.......SUNRISE   804 AM MST   SUNSET   533 PM MST


-  INDICATES NEGATIVE NUMBERS.
R  INDICATES RECORD WAS SET OR TIED.
MM INDICATES DATA IS MISSING.
T  INDICATES TRACE AMOUNT.




$$
