000
CDUS45 KBOI 250931
CLITWF


CLIMATE REPORT
NATIONAL WEATHER SERVICE BOISE ID
331 AM MDT SAT MAR 25 2017


...................................

...THE TWIN FALLS ID CLIMATE SUMMARY FOR MARCH 24 2017...

CLIMATE NORMAL PERIOD 1981 TO 2010
CLIMATE RECORD PERIOD 9999 TO 9999


WEATHER ITEM   OBSERVED TIME   NORMAL DEPARTURE LAST
                VALUE   (LST)  VALUE  FROM      YEAR
                                      NORMAL
......................................................
TEMPERATURE (F)
 YESTERDAY
  MAXIMUM         59    103 PM  55      4       55
  MINIMUM         34    253 AM  33      1       34
  AVERAGE         47

PRECIPITATION (IN)
  YESTERDAY        0.25          0.05   0.20     0.02
  MONTH TO DATE    0.60          0.73  -0.13     1.11
  SINCE OCT 1      8.07          5.77   2.30     6.71
  SINCE JAN 1      3.57          2.52   1.05     2.33

DEGREE DAYS
 HEATING
  YESTERDAY       18            21     -3       20
  MONTH TO DATE  466           578   -112      504
  SINCE MAR 1    466           578   -112      504
  SINCE JUL 1   5246          5145    101     4790

 COOLING
  YESTERDAY        0             0      0        0
  MONTH TO DATE    0             0      0        0
  SINCE MAR 1      0             0      0        0
  SINCE JAN 1      0             0      0        0
......................................................


WIND (MPH)
  HIGHEST WIND SPEED    30   HIGHEST WIND DIRECTION     S (170)
  HIGHEST GUST SPEED    39   HIGHEST GUST DIRECTION     S (170)
  AVERAGE WIND SPEED    14.5


SKY COVER
  AVERAGE SKY COVER 0.5


WEATHER CONDITIONS
 THE FOLLOWING WEATHER WAS RECORDED YESTERDAY.
  RAIN
  LIGHT RAIN
  FOG


RELATIVE HUMIDITY (PERCENT)
 HIGHEST    92           900 PM
 LOWEST     28          1200 PM
 AVERAGE    60

..........................................................




SUNRISE AND SUNSET
MARCH 25 2017.........SUNRISE   732 AM MDT   SUNSET   756 PM MDT
MARCH 26 2017.........SUNRISE   730 AM MDT   SUNSET   757 PM MDT


-  INDICATES NEGATIVE NUMBERS.
R  INDICATES RECORD WAS SET OR TIED.
MM INDICATES DATA IS MISSING.
T  INDICATES TRACE AMOUNT.




$$
