000
CDUS44 KSHV 160840
CLITXK


CLIMATE REPORT
NATIONAL WEATHER SERVICE SHREVEPORT, LA
235 AM CST MON JAN 16 2017


...................................

...THE TEXARKANA CLIMATE SUMMARY FOR JANUARY 15 2017...

CLIMATE NORMAL PERIOD 1981 TO 2010
CLIMATE RECORD PERIOD 1896 TO 2017


WEATHER ITEM   OBSERVED TIME   RECORD YEAR NORMAL DEPARTURE LAST
                VALUE   (LST)  VALUE       VALUE  FROM      YEAR
                                                  NORMAL
..................................................................
TEMPERATURE (F)
 YESTERDAY
  MAXIMUM         61   1100 PM  85    1907  53      8       65
  MINIMUM         50    934 AM  14    1905  34     16       39
  AVERAGE         56                        44     12       52

PRECIPITATION (IN)
  YESTERDAY        0.06          2.34 1949   0.09  -0.03     0.00
  MONTH TO DATE    0.66                      1.69  -1.03     0.63
  SINCE DEC 1      7.08                      6.74   0.34     6.61
  SINCE JAN 1      0.66                      1.69  -1.03     0.63

SNOWFALL (IN)
  YESTERDAY        0.0
  MONTH TO DATE    0.1
  SINCE DEC 1      0.1
  SINCE JUL 1      0.1
  SNOW DEPTH       0

DEGREE DAYS
 HEATING
  YESTERDAY        9                        21    -12       13
  MONTH TO DATE  246                       328    -82      307
  SINCE DEC 1    751                       937   -186      684
  SINCE JUL 1    985                      1395   -410      968

 COOLING
  YESTERDAY        0                         0      0        0
  MONTH TO DATE   14                         0     14        0
  SINCE DEC 1     21                         3     18       13
  SINCE JAN 1     14                         0     14        0
..................................................................


WIND (MPH)
  HIGHEST WIND SPEED    10   HIGHEST WIND DIRECTION     E (80)
  HIGHEST GUST SPEED    14   HIGHEST GUST DIRECTION    NE (60)
  AVERAGE WIND SPEED     5.9


SKY COVER
  POSSIBLE SUNSHINE  MM
  AVERAGE SKY COVER 1.0


WEATHER CONDITIONS
 THE FOLLOWING WEATHER WAS RECORDED YESTERDAY.
  RAIN
  LIGHT RAIN
  FOG
  FOG W/VISIBILITY <= 1/4 MILE
  HAZE


RELATIVE HUMIDITY (PERCENT)
 HIGHEST   100          1200 AM
 LOWEST     93           400 PM
 AVERAGE    97

..........................................................


THE TEXARKANA CLIMATE NORMALS FOR TODAY
                         NORMAL    RECORD    YEAR
 MAXIMUM TEMPERATURE (F)   54        78      1943
 MINIMUM TEMPERATURE (F)   34        12      1930


SUNRISE AND SUNSET
JANUARY 16 2017.......SUNRISE   720 AM CST   SUNSET   532 PM CST
JANUARY 17 2017.......SUNRISE   719 AM CST   SUNSET   533 PM CST


-  INDICATES NEGATIVE NUMBERS.
R  INDICATES RECORD WAS SET OR TIED.
MM INDICATES DATA IS MISSING.
T  INDICATES TRACE AMOUNT.




$$
