000
CDUS44 KSHV 222235
CLITXK


CLIMATE REPORT
NATIONAL WEATHER SERVICE SHREVEPORT, LA
432 PM CST MON DEC 22 2014


...................................

...THE TEXARKANA CLIMATE SUMMARY FOR DECEMBER 22 2014...
VALID TODAY AS OF 0400 PM LOCAL TIME.

CLIMATE NORMAL PERIOD 1981 TO 2010
CLIMATE RECORD PERIOD 1896 TO 2014


WEATHER ITEM   OBSERVED TIME   RECORD YEAR NORMAL DEPARTURE LAST
                VALUE   (LST)  VALUE       VALUE  FROM      YEAR
                                                  NORMAL
..................................................................
TEMPERATURE (F)
 TODAY
  MAXIMUM         62    359 PM  76    1982  54      8       53
  MINIMUM         48    301 AM   8    1989  35     13       33
  AVERAGE         55                        44     11       43

PRECIPITATION (IN)
  TODAY            0.00          2.00 1941   0.16  -0.16      T
  MONTH TO DATE    1.61                      3.81  -2.20     5.83
  SINCE DEC 1      1.61                      3.81  -2.20     5.83
  SINCE JAN 1     34.17                     48.41 -14.24    45.34

SNOWFALL (IN)
  TODAY            0.0
  MONTH TO DATE    0.0
  SINCE DEC 1      0.0
  SINCE JUL 1      T
  SNOW DEPTH       0

DEGREE DAYS
 HEATING
  TODAY           10                        21    -11       22
  MONTH TO DATE  347                       417    -70      417
  SINCE DEC 1    347                       417    -70      417
  SINCE JUL 1    857                       875    -18      942

 COOLING
  TODAY            0                         0      0        0
  MONTH TO DATE    1                         0      1        2
  SINCE DEC 1      1                         0      1        2
  SINCE JAN 1   2134                      2204    -70     2354
..................................................................


WIND (MPH)
  HIGHEST WIND SPEED    17   HIGHEST WIND DIRECTION     S (170)
  HIGHEST GUST SPEED    22   HIGHEST GUST DIRECTION     S (160)
  AVERAGE WIND SPEED     9.3


SKY COVER
  POSSIBLE SUNSHINE  MM
  AVERAGE SKY COVER 1.0


WEATHER CONDITIONS
 THE FOLLOWING WEATHER WAS RECORDED TODAY.
  FOG


RELATIVE HUMIDITY (PERCENT)
 HIGHEST   100          1000 AM
 LOWEST     78           400 PM
 AVERAGE    89

..........................................................


THE TEXARKANA CLIMATE NORMALS FOR TOMORROW
                         NORMAL    RECORD    YEAR
 MAXIMUM TEMPERATURE (F)   54        80      1964
 MINIMUM TEMPERATURE (F)   34        -1      1989


SUNRISE AND SUNSET
DECEMBER 22 2014......SUNRISE   717 AM CST   SUNSET   513 PM CST
DECEMBER 23 2014......SUNRISE   717 AM CST   SUNSET   513 PM CST


-  INDICATES NEGATIVE NUMBERS.
R  INDICATES RECORD WAS SET OR TIED.
MM INDICATES DATA IS MISSING.
T  INDICATES TRACE AMOUNT.




$$
