000
CDUS44 KSHV 042133
CLITXK


CLIMATE REPORT
NATIONAL WEATHER SERVICE SHREVEPORT, LA
431 PM CDT TUE AUG 4 2015


...................................

...THE TEXARKANA CLIMATE SUMMARY FOR AUGUST 4 2015...
VALID TODAY AS OF 0400 PM LOCAL TIME.

CLIMATE NORMAL PERIOD 1981 TO 2010
CLIMATE RECORD PERIOD 1896 TO 2015


WEATHER ITEM   OBSERVED TIME   RECORD YEAR NORMAL DEPARTURE LAST
                VALUE   (LST)  VALUE       VALUE  FROM      YEAR
                                                  NORMAL
..................................................................
TEMPERATURE (F)
 TODAY
  MAXIMUM         98    218 PM 110    2011  94      4       90
  MINIMUM         71    523 AM  57    1915  72     -1       68
  AVERAGE         85                        83      2       79

PRECIPITATION (IN)
  TODAY            0.00          1.36 1957   0.09  -0.09     0.00
  MONTH TO DATE    0.00                      0.38  -0.38     0.06
  SINCE DEC 1     42.43                     33.94   8.49    28.49
  SINCE JAN 1     39.75                     28.89  10.86    22.66

DEGREE DAYS
 HEATING
  TODAY            0                         0      0        0
  MONTH TO DATE    0                         0      0        0
  SINCE JUN 1      0                         0      0        0
  SINCE JUL 1      0                         0      0        0

 COOLING
  TODAY           20                        18      2       14
  MONTH TO DATE   72                        72      0       44
  SINCE JUN 1   1172                      1012    160      891
  SINCE JAN 1   1496                      1332    164     1185
..................................................................


WIND (MPH)
  HIGHEST WIND SPEED    13   HIGHEST WIND DIRECTION     S (180)
  HIGHEST GUST SPEED    17   HIGHEST GUST DIRECTION     S (190)
  AVERAGE WIND SPEED     5.0


SKY COVER
  POSSIBLE SUNSHINE  MM
  AVERAGE SKY COVER 0.1


WEATHER CONDITIONS
 THE FOLLOWING WEATHER WAS RECORDED TODAY.
  NO SIGNIFICANT WEATHER WAS OBSERVED.


RELATIVE HUMIDITY (PERCENT)
 HIGHEST    84           400 AM
 LOWEST     35           100 PM
 AVERAGE    60

..........................................................


THE TEXARKANA CLIMATE NORMALS FOR TOMORROW
                         NORMAL    RECORD    YEAR
 MAXIMUM TEMPERATURE (F)   94       108      2011
 MINIMUM TEMPERATURE (F)   72        60      1912


SUNRISE AND SUNSET
AUGUST  4 2015........SUNRISE   631 AM CDT   SUNSET   813 PM CDT
AUGUST  5 2015........SUNRISE   631 AM CDT   SUNSET   812 PM CDT


-  INDICATES NEGATIVE NUMBERS.
R  INDICATES RECORD WAS SET OR TIED.
MM INDICATES DATA IS MISSING.
T  INDICATES TRACE AMOUNT.




$$
