000
CDUS44 KSHV 232248
CLITXK


CLIMATE REPORT
NATIONAL WEATHER SERVICE SHREVEPORT, LA
447 PM CST SUN NOV 23 2014


...................................

...THE TEXARKANA CLIMATE SUMMARY FOR NOVEMBER 23 2014...
VALID TODAY AS OF 0400 PM LOCAL TIME.

CLIMATE NORMAL PERIOD 1981 TO 2010
CLIMATE RECORD PERIOD 1896 TO 2014


WEATHER ITEM   OBSERVED TIME   RECORD YEAR NORMAL DEPARTURE LAST
                VALUE   (LST)  VALUE       VALUE  FROM      YEAR
                                                  NORMAL
..................................................................
TEMPERATURE (F)
 TODAY
  MAXIMUM         71    359 PM  82    1921  62      9       47
  MINIMUM         59    331 AM  18    1929  41     18       36
  AVERAGE         65                        51     14       42

PRECIPITATION (IN)
  TODAY            0.23          4.19 2000   0.17   0.06     0.38
  MONTH TO DATE    3.12                      3.61  -0.49     3.09
  SINCE DEC 1     38.39                     48.44 -10.05    43.48
  SINCE JAN 1     32.56                     43.39 -10.83    39.02

SNOWFALL (IN)
  TODAY            0.0
  MONTH TO DATE    T
  SINCE SEP 1      T
  SINCE JUL 1      T
  SNOW DEPTH       0

DEGREE DAYS
 HEATING
  TODAY            0                        14    -14       23
  MONTH TO DATE  376                       233    143      250
  SINCE SEP 1    424                       351     73      342
  SINCE JUL 1    424                       351     73      342

 COOLING
  TODAY            0                         0      0        0
  MONTH TO DATE    2                        14    -12        6
  SINCE SEP 1    477                       414     63      537
  SINCE JAN 1   2128                      2202    -74     2352
..................................................................


WIND (MPH)
  HIGHEST WIND SPEED    24   HIGHEST WIND DIRECTION    SE (150)
  HIGHEST GUST SPEED    32   HIGHEST GUST DIRECTION    SE (150)
  AVERAGE WIND SPEED    10.1


SKY COVER
  POSSIBLE SUNSHINE  MM
  AVERAGE SKY COVER 0.7


WEATHER CONDITIONS
 THE FOLLOWING WEATHER WAS RECORDED TODAY.
  RAIN
  LIGHT RAIN
  FOG


RELATIVE HUMIDITY (PERCENT)
 HIGHEST   100          1200 AM
 LOWEST     61           400 PM
 AVERAGE    81

..........................................................


THE TEXARKANA CLIMATE NORMALS FOR TOMORROW
                         NORMAL    RECORD    YEAR
 MAXIMUM TEMPERATURE (F)   61        84      1965
 MINIMUM TEMPERATURE (F)   41        19      1970


SUNRISE AND SUNSET
NOVEMBER 23 2014......SUNRISE   655 AM CST   SUNSET   510 PM CST
NOVEMBER 24 2014......SUNRISE   656 AM CST   SUNSET   509 PM CST


-  INDICATES NEGATIVE NUMBERS.
R  INDICATES RECORD WAS SET OR TIED.
MM INDICATES DATA IS MISSING.
T  INDICATES TRACE AMOUNT.




$$
