000
CDUS44 KSHV 222159
CLITXK


CLIMATE REPORT
NATIONAL WEATHER SERVICE SHREVEPORT, LA
458 PM CDT MON SEP 22 2014


...................................

...THE TEXARKANA CLIMATE SUMMARY FOR SEPTEMBER 22 2014...
VALID TODAY AS OF 0400 PM LOCAL TIME.

CLIMATE NORMAL PERIOD 1981 TO 2010
CLIMATE RECORD PERIOD 1896 TO 2014


WEATHER ITEM   OBSERVED TIME   RECORD YEAR NORMAL DEPARTURE LAST
                VALUE   (LST)  VALUE       VALUE  FROM      YEAR
                                                  NORMAL
..................................................................
TEMPERATURE (F)
 TODAY
  MAXIMUM         80    253 PM  99    2005  84     -4       80
                                      1937
  MINIMUM         63    643 AM  42    1983  61      2       54
  AVERAGE         72                        73     -1       67

PRECIPITATION (IN)
  TODAY            0.00          1.65 1957   0.11  -0.11     0.00
  MONTH TO DATE    2.05                      2.48  -0.43     6.82
  SINCE DEC 1     32.81                     38.95  -6.14    30.86
  SINCE JAN 1     26.98                     33.90  -6.92    26.40

DEGREE DAYS
 HEATING
  TODAY            0                         1     -1        0
  MONTH TO DATE    3                         1      2        0
  SINCE SEP 1      3                         1      2        0
  SINCE JUL 1      3                         1      2        0

 COOLING
  TODAY            7                         8     -1        2
  MONTH TO DATE  298                       251     47      357
  SINCE SEP 1    298                       251     47      357
  SINCE JAN 1   1949                      2039    -90     2172
..................................................................


WIND (MPH)
  HIGHEST WIND SPEED    14   HIGHEST WIND DIRECTION     N (20)
  HIGHEST GUST SPEED    20   HIGHEST GUST DIRECTION    NE (40)
  AVERAGE WIND SPEED     7.9


SKY COVER
  POSSIBLE SUNSHINE  MM
  AVERAGE SKY COVER 0.2


WEATHER CONDITIONS
 THE FOLLOWING WEATHER WAS RECORDED TODAY.
  NO SIGNIFICANT WEATHER WAS OBSERVED.


RELATIVE HUMIDITY (PERCENT)
 HIGHEST    87          1200 AM
 LOWEST     36           300 PM
 AVERAGE    62

..........................................................


THE TEXARKANA CLIMATE NORMALS FOR TOMORROW
                         NORMAL    RECORD    YEAR
 MAXIMUM TEMPERATURE (F)   84        99      1936
 MINIMUM TEMPERATURE (F)   61        40      1897


SUNRISE AND SUNSET
SEPTEMBER 22 2014.....SUNRISE   704 AM CDT   SUNSET   713 PM CDT
SEPTEMBER 23 2014.....SUNRISE   705 AM CDT   SUNSET   711 PM CDT


-  INDICATES NEGATIVE NUMBERS.
R  INDICATES RECORD WAS SET OR TIED.
MM INDICATES DATA IS MISSING.
T  INDICATES TRACE AMOUNT.




$$
