000
CDUS44 KSHV 110837
CLITXK


CLIMATE REPORT
NATIONAL WEATHER SERVICE SHREVEPORT, LA
232 AM CST SUN DEC 11 2016


...................................

...THE TEXARKANA CLIMATE SUMMARY FOR DECEMBER 10 2016...

CLIMATE NORMAL PERIOD 1981 TO 2010
CLIMATE RECORD PERIOD 1896 TO 2016


WEATHER ITEM   OBSERVED TIME   RECORD YEAR NORMAL DEPARTURE LAST
                VALUE   (LST)  VALUE       VALUE  FROM      YEAR
                                                  NORMAL
..................................................................
TEMPERATURE (F)
 YESTERDAY
  MAXIMUM         47   1159 PM  81    1896  56     -9       68
  MINIMUM         33    719 AM  10    1898  36     -3       50
  AVERAGE         40                        46     -6       59

PRECIPITATION (IN)
  YESTERDAY        0.00          2.30 1963   0.17  -0.17     0.00
  MONTH TO DATE    1.23                      1.79  -0.56     0.00
  SINCE DEC 1      1.23                      1.79  -0.56     0.00
  SINCE JAN 1     44.14                     46.39  -2.25    57.56

SNOWFALL (IN)
  YESTERDAY        0.0
  MONTH TO DATE    0.0
  SINCE DEC 1      0.0
  SINCE JUL 1      0.0
  SNOW DEPTH       0

DEGREE DAYS
 HEATING
  YESTERDAY       25                        19      6        6
  MONTH TO DATE  209                       177     32      150
  SINCE DEC 1    209                       177     32      150
  SINCE JUL 1    443                       635   -192      434

 COOLING
  YESTERDAY        0                         0      0        0
  MONTH TO DATE    0                         0      0        0
  SINCE DEC 1      0                         0      0        0
  SINCE JAN 1   2587                      2204    383     2530
..................................................................


WIND (MPH)
  HIGHEST WIND SPEED    14   HIGHEST WIND DIRECTION     S (160)
  HIGHEST GUST SPEED    19   HIGHEST GUST DIRECTION    SE (150)
  AVERAGE WIND SPEED     6.8


SKY COVER
  POSSIBLE SUNSHINE  MM
  AVERAGE SKY COVER 1.0


WEATHER CONDITIONS
 THE FOLLOWING WEATHER WAS RECORDED YESTERDAY.
  NO SIGNIFICANT WEATHER WAS OBSERVED.


RELATIVE HUMIDITY (PERCENT)
 HIGHEST    70           800 AM
 LOWEST     38           200 PM
 AVERAGE    54

..........................................................


THE TEXARKANA CLIMATE NORMALS FOR TODAY
                         NORMAL    RECORD    YEAR
 MAXIMUM TEMPERATURE (F)   56        81      1949
 MINIMUM TEMPERATURE (F)   36        15      1898


SUNRISE AND SUNSET
DECEMBER 11 2016......SUNRISE   710 AM CST   SUNSET   509 PM CST
DECEMBER 12 2016......SUNRISE   711 AM CST   SUNSET   509 PM CST


-  INDICATES NEGATIVE NUMBERS.
R  INDICATES RECORD WAS SET OR TIED.
MM INDICATES DATA IS MISSING.
T  INDICATES TRACE AMOUNT.




$$
