062
CDUS44 KSHV 100836
CLITXK


CLIMATE REPORT
NATIONAL WEATHER SERVICE SHREVEPORT, LA
235 AM CST WED FEB 10 2016


...................................

...THE TEXARKANA CLIMATE SUMMARY FOR FEBRUARY 9 2016...

CLIMATE NORMAL PERIOD 1981 TO 2010
CLIMATE RECORD PERIOD 1896 TO 2016


WEATHER ITEM   OBSERVED TIME   RECORD YEAR NORMAL DEPARTURE LAST
                VALUE   (LST)  VALUE       VALUE  FROM      YEAR
                                                  NORMAL
..................................................................
TEMPERATURE (F)
 YESTERDAY
  MAXIMUM         54    359 PM  84    1954  57     -3       74
  MINIMUM         36    740 AM   5    1933  36      0       45
  AVERAGE         45                        47     -2       60

PRECIPITATION (IN)
  YESTERDAY        0.00          1.45 1946   0.13  -0.13     0.00
  MONTH TO DATE    0.01                      1.14  -1.13     0.52
  SINCE DEC 1      7.94                      9.59  -1.65     7.44
  SINCE JAN 1      1.96                      4.54  -2.58     4.76

SNOWFALL (IN)
  YESTERDAY        0.0
  MONTH TO DATE    0.0
  SINCE DEC 1      0.0
  SINCE JUL 1      0.0
  SNOW DEPTH       0

DEGREE DAYS
 HEATING
  YESTERDAY       20                        18      2        5
  MONTH TO DATE  153                       171    -18      167
  SINCE DEC 1   1154                      1435   -281     1388
  SINCE JUL 1   1438                      1893   -455     1898

 COOLING
  YESTERDAY        0                         0      0        0
  MONTH TO DATE    0                         0      0        0
  SINCE DEC 1     14                         4     10        1
  SINCE JAN 1      1                         1      0        0
..................................................................


WIND (MPH)
  HIGHEST WIND SPEED    29   HIGHEST WIND DIRECTION    NW (300)
  HIGHEST GUST SPEED    36   HIGHEST GUST DIRECTION    NW (300)
  AVERAGE WIND SPEED    13.4


SKY COVER
  POSSIBLE SUNSHINE  MM
  AVERAGE SKY COVER 0.0


WEATHER CONDITIONS
 THE FOLLOWING WEATHER WAS RECORDED YESTERDAY.
  NO SIGNIFICANT WEATHER WAS OBSERVED.


RELATIVE HUMIDITY (PERCENT)
 HIGHEST    47           600 AM
 LOWEST     22           200 PM
 AVERAGE    35

..........................................................


THE TEXARKANA CLIMATE NORMALS FOR TODAY
                         NORMAL    RECORD    YEAR
 MAXIMUM TEMPERATURE (F)   58        81      1922
 MINIMUM TEMPERATURE (F)   37        16      1947


SUNRISE AND SUNSET
FEBRUARY 10 2016......SUNRISE   705 AM CST   SUNSET   556 PM CST
FEBRUARY 11 2016......SUNRISE   704 AM CST   SUNSET   557 PM CST


-  INDICATES NEGATIVE NUMBERS.
R  INDICATES RECORD WAS SET OR TIED.
MM INDICATES DATA IS MISSING.
T  INDICATES TRACE AMOUNT.




$$
