000
CDUS44 KSHV 250737
CLITXK


CLIMATE REPORT
NATIONAL WEATHER SERVICE SHREVEPORT, LA
236 AM CDT MON SEP 25 2017


...................................

...THE TEXARKANA CLIMATE SUMMARY FOR SEPTEMBER 24 2017...

CLIMATE NORMAL PERIOD 1981 TO 2010
CLIMATE RECORD PERIOD 1896 TO 2017


WEATHER ITEM   OBSERVED TIME   RECORD YEAR NORMAL DEPARTURE LAST
                VALUE   (LST)  VALUE       VALUE  FROM      YEAR
                                                  NORMAL
..................................................................
TEMPERATURE (F)
 YESTERDAY
  MAXIMUM         91    218 PM 101    1939  84      7       93
  MINIMUM         67    553 AM  41    1989  60      7       72
  AVERAGE         79                        72      7       83

PRECIPITATION (IN)
  YESTERDAY        0.00          3.89 2005   0.12  -0.12     0.00
  MONTH TO DATE    1.00                      2.71  -1.71     0.50
  SINCE DEC 1     46.57                     39.18   7.39    45.24
  SINCE JAN 1     40.15                     34.13   6.02    39.26

SNOWFALL (IN)
  YESTERDAY        0.0
  MONTH TO DATE    0.0
  SINCE SEP 1      0.0
  SINCE JUL 1      0.0
  SNOW DEPTH       0

DEGREE DAYS
 HEATING
  YESTERDAY        0                         1     -1        0
  MONTH TO DATE    0                         3     -3        0
  SINCE SEP 1      0                         3     -3        0
  SINCE JUL 1      0                         3     -3        0

 COOLING
  YESTERDAY       14                         8      6       18
  MONTH TO DATE  246                       267    -21      364
  SINCE SEP 1    246                       267    -21      364
  SINCE JAN 1   1950                      2055   -105     2304
..................................................................


WIND (MPH)
  HIGHEST WIND SPEED    17   HIGHEST WIND DIRECTION     S (180)
  HIGHEST GUST SPEED    23   HIGHEST GUST DIRECTION    SE (150)
  AVERAGE WIND SPEED     4.1


SKY COVER
  POSSIBLE SUNSHINE  MM
  AVERAGE SKY COVER 0.1


WEATHER CONDITIONS
 THE FOLLOWING WEATHER WAS RECORDED YESTERDAY.
  FOG


RELATIVE HUMIDITY (PERCENT)
 HIGHEST   100           400 AM
 LOWEST     44           400 PM
 AVERAGE    72

..........................................................


THE TEXARKANA CLIMATE NORMALS FOR TODAY
                         NORMAL    RECORD    YEAR
 MAXIMUM TEMPERATURE (F)   83        98      1939
 MINIMUM TEMPERATURE (F)   60        45      1989


SUNRISE AND SUNSET
SEPTEMBER 25 2017.....SUNRISE   706 AM CDT   SUNSET   708 PM CDT
SEPTEMBER 26 2017.....SUNRISE   707 AM CDT   SUNSET   707 PM CDT


-  INDICATES NEGATIVE NUMBERS.
R  INDICATES RECORD WAS SET OR TIED.
MM INDICATES DATA IS MISSING.
T  INDICATES TRACE AMOUNT.




$$
