000
CDUS44 KSHV 280731
CLITXK


CLIMATE REPORT
NATIONAL WEATHER SERVICE SHREVEPORT, LA
231 AM CDT SUN MAY 28 2017


...................................

...THE TEXARKANA CLIMATE SUMMARY FOR MAY 27 2017...

CLIMATE NORMAL PERIOD 1981 TO 2010
CLIMATE RECORD PERIOD 1896 TO 2017


WEATHER ITEM   OBSERVED TIME   RECORD YEAR NORMAL DEPARTURE LAST
                VALUE   (LST)  VALUE       VALUE  FROM      YEAR
                                                  NORMAL
..................................................................
TEMPERATURE (F)
 YESTERDAY
  MAXIMUM         88    400 PM  97    1928  85      3       76
  MINIMUM         75    639 AM  46    1961  64     11       64
  AVERAGE         82                        74      8       70

PRECIPITATION (IN)
  YESTERDAY        0.00          1.53 1990   0.15  -0.15     0.21
  MONTH TO DATE    3.50                      4.52  -1.02     3.15
  SINCE DEC 1     26.54                     25.10   1.44    31.53
  SINCE JAN 1     20.12                     20.05   0.07    25.55

SNOWFALL (IN)
  YESTERDAY        0.0
  MONTH TO DATE    0.0
  SINCE MAR 1      0.0
  SINCE JUL 1      0.1
  SNOW DEPTH       0

DEGREE DAYS
 HEATING
  YESTERDAY        0                         0      0        0
  MONTH TO DATE   11                        12     -1       17
  SINCE MAR 1    256                       421   -165      255
  SINCE JUL 1   1707                      2615   -908     1908

 COOLING
  YESTERDAY       17                        10      7        5
  MONTH TO DATE  147                       182    -35      132
  SINCE MAR 1    292                       275     17      241
  SINCE JAN 1    324                       279     45      247
..................................................................


WIND (MPH)
  HIGHEST WIND SPEED    21   HIGHEST WIND DIRECTION    SW (210)
  HIGHEST GUST SPEED    29   HIGHEST GUST DIRECTION    SW (210)
  AVERAGE WIND SPEED    10.9


SKY COVER
  POSSIBLE SUNSHINE  MM
  AVERAGE SKY COVER 0.7


WEATHER CONDITIONS
 THE FOLLOWING WEATHER WAS RECORDED YESTERDAY.
  THUNDERSTORM
  FOG
  HAZE


RELATIVE HUMIDITY (PERCENT)
 HIGHEST   100           700 AM
 LOWEST     68           200 PM
 AVERAGE    84

..........................................................


THE TEXARKANA CLIMATE NORMALS FOR TODAY
                         NORMAL    RECORD    YEAR
 MAXIMUM TEMPERATURE (F)   85        97      1898
 MINIMUM TEMPERATURE (F)   64        45      1901


SUNRISE AND SUNSET
MAY 28 2017...........SUNRISE   608 AM CDT   SUNSET   819 PM CDT
MAY 29 2017...........SUNRISE   608 AM CDT   SUNSET   819 PM CDT


-  INDICATES NEGATIVE NUMBERS.
R  INDICATES RECORD WAS SET OR TIED.
MM INDICATES DATA IS MISSING.
T  INDICATES TRACE AMOUNT.




$$
