000
CDUS44 KSHV 232134
CLITYR


CLIMATE REPORT
NATIONAL WEATHER SERVICE SHREVEPORT, LA
432 PM CDT WED APR 23 2014


...................................

...THE TYLER CLIMATE SUMMARY FOR APRIL 23 2014...
VALID TODAY AS OF 0400 PM LOCAL TIME.

CLIMATE NORMAL PERIOD 1981 TO 2010
CLIMATE RECORD PERIOD 1896 TO 2014


WEATHER ITEM   OBSERVED TIME   RECORD YEAR NORMAL DEPARTURE LAST
                VALUE   (LST)  VALUE       VALUE  FROM      YEAR
                                                  NORMAL
..................................................................
TEMPERATURE (F)
 TODAY
  MAXIMUM         85    242 PM  92    1925  77      8       77
  MINIMUM         57    409 AM  36    1982  57      0       46
  AVERAGE         71                        67      4       62

PRECIPITATION (IN)
  TODAY            0.00          3.37 1966   0.12  -0.12     0.00
  MONTH TO DATE    2.47                      2.28   0.19     1.98
  SINCE DEC 1     11.79                     17.51  -5.72    13.22
  SINCE JAN 1      8.77                     13.27  -4.50    10.33

SNOWFALL (IN)
  TODAY            0.0
  MONTH TO DATE    0.0
  SINCE MAR 1      1.0
  SINCE JUL 1      1.2
  SNOW DEPTH       0

DEGREE DAYS
 HEATING
  TODAY            0                         2     -2        3
  MONTH TO DATE   97                        90      7      116
  SINCE MAR 1    446                       363     83      395
  SINCE JUL 1   2510                      2255    255     1954

 COOLING
  TODAY            6                         3      3        0
  MONTH TO DATE   77                        50     27       67
  SINCE MAR 1     90                        71     19       80
  SINCE JAN 1     93                        83     10       90
..................................................................


WIND (MPH)
  HIGHEST WIND SPEED    17   HIGHEST WIND DIRECTION     S (170)
  HIGHEST GUST SPEED    24   HIGHEST GUST DIRECTION     S (180)
  AVERAGE WIND SPEED     7.0


SKY COVER
  POSSIBLE SUNSHINE  MM
  AVERAGE SKY COVER 0.1


WEATHER CONDITIONS
 THE FOLLOWING WEATHER WAS RECORDED TODAY.
  NO SIGNIFICANT WEATHER WAS OBSERVED.


RELATIVE HUMIDITY (PERCENT)
 HIGHEST    87           400 AM
 LOWEST     43          1200 PM
 AVERAGE    65

..........................................................


THE TYLER CLIMATE NORMALS FOR TOMORROW
                         NORMAL    RECORD    YEAR
 MAXIMUM TEMPERATURE (F)   77        91      2011
                                             1925
 MINIMUM TEMPERATURE (F)   57        40      2013
                                             2005


SUNRISE AND SUNSET
APRIL 23 2014.........SUNRISE   643 AM CDT   SUNSET   757 PM CDT
APRIL 24 2014.........SUNRISE   642 AM CDT   SUNSET   758 PM CDT


-  INDICATES NEGATIVE NUMBERS.
R  INDICATES RECORD WAS SET OR TIED.
MM INDICATES DATA IS MISSING.
T  INDICATES TRACE AMOUNT.




$$
