000
CDUS44 KSHV 292154
CLITYR


CLIMATE REPORT
NATIONAL WEATHER SERVICE SHREVEPORT, LA
453 PM CDT FRI APR 29 2016


...................................

...THE TYLER CLIMATE SUMMARY FOR APRIL 29 2016...
VALID TODAY AS OF 0400 PM LOCAL TIME.

CLIMATE NORMAL PERIOD 1981 TO 2010
CLIMATE RECORD PERIOD 1896 TO 2016


WEATHER ITEM   OBSERVED TIME   RECORD YEAR NORMAL DEPARTURE LAST
                VALUE   (LST)  VALUE       VALUE  FROM      YEAR
                                                  NORMAL
..................................................................
TEMPERATURE (F)
 TODAY
  MAXIMUM         81   1055 AM  93    1990  78      3       76
  MINIMUM         74    259 PM  36    1965  59     15       48
  AVERAGE         78                        68     10       62

PRECIPITATION (IN)
  TODAY            0.31          3.20 1963   0.12   0.19     0.00
  MONTH TO DATE    5.49                      3.03   2.46     9.06
  SINCE DEC 1     27.50                     18.26   9.24    24.50
  SINCE JAN 1     17.73                     14.02   3.71    23.03

SNOWFALL (IN)
  TODAY            0.0
  MONTH TO DATE    0.0
  SINCE MAR 1      0.0
  SINCE JUL 1      0.0
  SNOW DEPTH       0

DEGREE DAYS
 HEATING
  TODAY            0                         1     -1        3
  MONTH TO DATE   31                        96    -65       42
  SINCE MAR 1    146                       369   -223      307
  SINCE JUL 1   1455                      2261   -806     2194

 COOLING
  TODAY           13                         4      9        0
  MONTH TO DATE  123                        73     50      140
  SINCE MAR 1    170                        94     76      172
  SINCE JAN 1    180                       106     74      172
..................................................................


WIND (MPH)
  HIGHEST WIND SPEED    22   HIGHEST WIND DIRECTION     S (190)
  HIGHEST GUST SPEED    27   HIGHEST GUST DIRECTION     S (200)
  AVERAGE WIND SPEED    11.2


SKY COVER
  POSSIBLE SUNSHINE  MM
  AVERAGE SKY COVER 0.9


WEATHER CONDITIONS
 THE FOLLOWING WEATHER WAS RECORDED TODAY.
  THUNDERSTORM
  LIGHT RAIN
  FOG
  HAZE


RELATIVE HUMIDITY (PERCENT)
 HIGHEST    87           600 AM
 LOWEST     64          1200 AM
 AVERAGE    76

..........................................................


THE TYLER CLIMATE NORMALS FOR TOMORROW
                         NORMAL    RECORD    YEAR
 MAXIMUM TEMPERATURE (F)   79        94      1990
 MINIMUM TEMPERATURE (F)   59        40      1907


SUNRISE AND SUNSET
APRIL 29 2016.........SUNRISE   637 AM CDT   SUNSET   802 PM CDT
APRIL 30 2016.........SUNRISE   636 AM CDT   SUNSET   802 PM CDT


-  INDICATES NEGATIVE NUMBERS.
R  INDICATES RECORD WAS SET OR TIED.
MM INDICATES DATA IS MISSING.
T  INDICATES TRACE AMOUNT.




$$
