000
CDUS44 KSHV 240853
CLITYR


CLIMATE REPORT
NATIONAL WEATHER SERVICE SHREVEPORT, LA
253 AM CST FRI NOV 24 2017


...................................

...THE TYLER CLIMATE SUMMARY FOR NOVEMBER 23 2017...

CLIMATE NORMAL PERIOD 1981 TO 2010
CLIMATE RECORD PERIOD 1896 TO 2017


WEATHER ITEM   OBSERVED TIME   RECORD YEAR NORMAL DEPARTURE LAST
                VALUE   (LST)  VALUE       VALUE  FROM      YEAR
                                                  NORMAL
..................................................................
TEMPERATURE (F)
 YESTERDAY
  MAXIMUM         64    301 PM  84    1955  62      2       67
  MINIMUM         32    550 AM  22    1975  43    -11       47
  AVERAGE         48                        53     -5       57

PRECIPITATION (IN)
  YESTERDAY        0.00          5.00 1940   0.12  -0.12     0.17
  MONTH TO DATE    1.38                      3.22  -1.84     1.17
  SINCE DEC 1     37.53                     44.91  -7.38    43.76
  SINCE JAN 1     34.88                     40.67  -5.79    33.99

SNOWFALL (IN)
  YESTERDAY        0.0
  MONTH TO DATE    0.0
  SINCE SEP 1      0.0
  SINCE JUL 1      0.0
  SNOW DEPTH       0

DEGREE DAYS
 HEATING
  YESTERDAY       17                        12      5        8
  MONTH TO DATE  132                       200    -68       73
  SINCE SEP 1    220                       277    -57       79
  SINCE JUL 1    220                       277    -57       79

 COOLING
  YESTERDAY        0                         0      0        0
  MONTH TO DATE   69                        14     55       59
  SINCE SEP 1    633                       485    148      794
  SINCE JAN 1   2767                      2407    360     3093
..................................................................


WIND (MPH)
  HIGHEST WIND SPEED     7   HIGHEST WIND DIRECTION     S (200)
  HIGHEST GUST SPEED     8   HIGHEST GUST DIRECTION     S (200)
  AVERAGE WIND SPEED     2.3


SKY COVER
  POSSIBLE SUNSHINE  MM
  AVERAGE SKY COVER 0.0


WEATHER CONDITIONS
 THE FOLLOWING WEATHER WAS RECORDED YESTERDAY.
  NO SIGNIFICANT WEATHER WAS OBSERVED.


RELATIVE HUMIDITY (PERCENT)
 HIGHEST    89           400 AM
 LOWEST     20           200 PM
 AVERAGE    55

..........................................................


THE TYLER CLIMATE NORMALS FOR TODAY
                         NORMAL    RECORD    YEAR
 MAXIMUM TEMPERATURE (F)   62        85      1910
 MINIMUM TEMPERATURE (F)   43        22      1970


SUNRISE AND SUNSET
NOVEMBER 24 2017......SUNRISE   659 AM CST   SUNSET   517 PM CST
NOVEMBER 25 2017......SUNRISE   700 AM CST   SUNSET   517 PM CST


-  INDICATES NEGATIVE NUMBERS.
R  INDICATES RECORD WAS SET OR TIED.
MM INDICATES DATA IS MISSING.
T  INDICATES TRACE AMOUNT.




$$
