000
CDUS44 KSHV 270747
CLITYR


CLIMATE REPORT
NATIONAL WEATHER SERVICE SHREVEPORT, LA
247 AM CDT MON MAR 27 2017


...................................

...THE TYLER CLIMATE SUMMARY FOR MARCH 26 2017...

CLIMATE NORMAL PERIOD 1981 TO 2010
CLIMATE RECORD PERIOD 1896 TO 2017


WEATHER ITEM   OBSERVED TIME   RECORD YEAR NORMAL DEPARTURE LAST
                VALUE   (LST)  VALUE       VALUE  FROM      YEAR
                                                  NORMAL
..................................................................
TEMPERATURE (F)
 YESTERDAY
  MAXIMUM         84    325 PM  89    1905  69     15       77
  MINIMUM         50    337 AM  22    1955  49      1       50
  AVERAGE         67                        59      8       64

PRECIPITATION (IN)
  YESTERDAY        T             1.79 1977   0.12  -0.12     0.00
  MONTH TO DATE    1.66                      3.56  -1.90     7.98
  SINCE DEC 1     12.11                     14.67  -2.56    21.95
  SINCE JAN 1      9.46                     10.43  -0.97    12.18

SNOWFALL (IN)
  YESTERDAY        0.0
  MONTH TO DATE    0.0
  SINCE MAR 1      0.0
  SINCE JUL 1      T
  SNOW DEPTH       0

DEGREE DAYS
 HEATING
  YESTERDAY        0                         7     -7        1
  MONTH TO DATE  126                       240   -114      100
  SINCE MAR 1    126                       240   -114      100
  SINCE JUL 1   1209                      2132   -923     1409

 COOLING
  YESTERDAY        2                         1      1        0
  MONTH TO DATE   83                        14     69       33
  SINCE MAR 1     83                        14     69       33
  SINCE JAN 1    157                        26    131       43
..................................................................


WIND (MPH)
  HIGHEST WIND SPEED    23   HIGHEST WIND DIRECTION    SE (150)
  HIGHEST GUST SPEED    30   HIGHEST GUST DIRECTION     S (170)
  AVERAGE WIND SPEED    11.3


SKY COVER
  POSSIBLE SUNSHINE  MM
  AVERAGE SKY COVER 0.1


WEATHER CONDITIONS
 THE FOLLOWING WEATHER WAS RECORDED YESTERDAY.
  LIGHT RAIN


RELATIVE HUMIDITY (PERCENT)
 HIGHEST    96           300 AM
 LOWEST     40           400 PM
 AVERAGE    68

..........................................................


THE TYLER CLIMATE NORMALS FOR TODAY
                         NORMAL    RECORD    YEAR
 MAXIMUM TEMPERATURE (F)   69        87      1939
 MINIMUM TEMPERATURE (F)   49        24      1955


SUNRISE AND SUNSET
MARCH 27 2017.........SUNRISE   716 AM CDT   SUNSET   738 PM CDT
MARCH 28 2017.........SUNRISE   715 AM CDT   SUNSET   739 PM CDT


-  INDICATES NEGATIVE NUMBERS.
R  INDICATES RECORD WAS SET OR TIED.
MM INDICATES DATA IS MISSING.
T  INDICATES TRACE AMOUNT.




$$
