000
CDUS44 KSHV 300733
CLITYR


CLIMATE REPORT
NATIONAL WEATHER SERVICE SHREVEPORT, LA
233 AM CDT WED JUL 30 2014


...................................

...THE TYLER CLIMATE SUMMARY FOR JULY 29 2014...

CLIMATE NORMAL PERIOD 1981 TO 2010
CLIMATE RECORD PERIOD 1896 TO 2014


WEATHER ITEM   OBSERVED TIME   RECORD YEAR NORMAL DEPARTURE LAST
                VALUE   (LST)  VALUE       VALUE  FROM      YEAR
                                                  NORMAL
..................................................................
TEMPERATURE (F)
 YESTERDAY
  MAXIMUM         94    142 PM 107    1912  94      0       95
  MINIMUM         75    642 AM  60    1902  74      1       76
  AVERAGE         85                        84      1       86

PRECIPITATION (IN)
  YESTERDAY        0.00          3.70 1906   0.07  -0.07     0.00
  MONTH TO DATE    1.53                      2.51  -0.98     3.37
  SINCE DEC 1     21.41                     30.51  -9.10    22.27
  SINCE JAN 1     18.39                     26.27  -7.88    19.38

SNOWFALL (IN)
  YESTERDAY        0.0
  MONTH TO DATE    0.0
  SINCE JUN 1      0.0
  SINCE JUL 1      0.0
  SNOW DEPTH       0

DEGREE DAYS
 HEATING
  YESTERDAY        0                         0      0        0
  MONTH TO DATE    0                         0      0        0
  SINCE JUN 1      0                         0      0        0
  SINCE JUL 1      0                         0      0        0

 COOLING
  YESTERDAY       20                        19      1       21
  MONTH TO DATE  491                       520    -29      510
  SINCE JUN 1    959                       953      6     1022
  SINCE JAN 1   1352                      1322     30     1419
..................................................................


WIND (MPH)
  HIGHEST WIND SPEED     9   HIGHEST WIND DIRECTION    NW (330)
  HIGHEST GUST SPEED    14   HIGHEST GUST DIRECTION     E (70)
  AVERAGE WIND SPEED     4.3


SKY COVER
  POSSIBLE SUNSHINE  MM
  AVERAGE SKY COVER 0.1


WEATHER CONDITIONS
 THE FOLLOWING WEATHER WAS RECORDED YESTERDAY.
  NO SIGNIFICANT WEATHER WAS OBSERVED.


RELATIVE HUMIDITY (PERCENT)
 HIGHEST    87          1200 AM
 LOWEST     32           200 PM
 AVERAGE    60

..........................................................


THE TYLER CLIMATE NORMALS FOR TODAY
                         NORMAL    RECORD    YEAR
 MAXIMUM TEMPERATURE (F)   94       107      1930
 MINIMUM TEMPERATURE (F)   74        61      1984


SUNRISE AND SUNSET
JULY 30 2014..........SUNRISE   635 AM CDT   SUNSET   821 PM CDT
JULY 31 2014..........SUNRISE   636 AM CDT   SUNSET   820 PM CDT


-  INDICATES NEGATIVE NUMBERS.
R  INDICATES RECORD WAS SET OR TIED.
MM INDICATES DATA IS MISSING.
T  INDICATES TRACE AMOUNT.




$$
