000
CDUS44 KSHV 290832
CLITYR


CLIMATE REPORT
NATIONAL WEATHER SERVICE SHREVEPORT, LA
232 AM CST THU JAN 29 2015


...................................

...THE TYLER CLIMATE SUMMARY FOR JANUARY 28 2015...

CLIMATE NORMAL PERIOD 1981 TO 2010
CLIMATE RECORD PERIOD 1896 TO 2015


WEATHER ITEM   OBSERVED TIME   RECORD YEAR NORMAL DEPARTURE LAST
                VALUE   (LST)  VALUE       VALUE  FROM      YEAR
                                                  NORMAL
..................................................................
TEMPERATURE (F)
 YESTERDAY
  MAXIMUM         80    302 PM  83    1975  57     23       39
  MINIMUM         47    706 AM  14    1963  37     10       25
  AVERAGE         64                        47     17       32

PRECIPITATION (IN)
  YESTERDAY        0.00          1.47 2006   0.10  -0.10     0.00
  MONTH TO DATE    4.08                      2.77   1.31     0.70
  SINCE DEC 1      5.55                      7.01  -1.46     3.72
  SINCE JAN 1      4.08                      2.77   1.31     0.70

SNOWFALL (IN)
  YESTERDAY        0.0
  MONTH TO DATE    0.0
  SINCE DEC 1      0.0
  SINCE JUL 1      T
  SNOW DEPTH       0

DEGREE DAYS
 HEATING
  YESTERDAY        1                        18    -17       33
  MONTH TO DATE  552                       527     25      563
  SINCE DEC 1    969                      1054    -85     1133
  SINCE JUL 1   1350                      1428    -78     1523

 COOLING
  YESTERDAY        0                         0      0        0
  MONTH TO DATE    0                         0      0        0
  SINCE DEC 1      3                         6     -3       10
  SINCE JAN 1      0                         0      0        0
..................................................................


WIND (MPH)
  HIGHEST WIND SPEED    20   HIGHEST WIND DIRECTION     S (180)
  HIGHEST GUST SPEED    24   HIGHEST GUST DIRECTION     S (200)
  AVERAGE WIND SPEED    11.8


SKY COVER
  POSSIBLE SUNSHINE  MM
  AVERAGE SKY COVER 0.0


WEATHER CONDITIONS
 THE FOLLOWING WEATHER WAS RECORDED YESTERDAY.
  NO SIGNIFICANT WEATHER WAS OBSERVED.


RELATIVE HUMIDITY (PERCENT)
 HIGHEST    77           400 AM
 LOWEST     29           400 PM
 AVERAGE    53

..........................................................


THE TYLER CLIMATE NORMALS FOR TODAY
                         NORMAL    RECORD    YEAR
 MAXIMUM TEMPERATURE (F)   57        81      1916
 MINIMUM TEMPERATURE (F)   37        12      1966


SUNRISE AND SUNSET
JANUARY 29 2015.......SUNRISE   718 AM CST   SUNSET   552 PM CST
JANUARY 30 2015.......SUNRISE   717 AM CST   SUNSET   553 PM CST


-  INDICATES NEGATIVE NUMBERS.
R  INDICATES RECORD WAS SET OR TIED.
MM INDICATES DATA IS MISSING.
T  INDICATES TRACE AMOUNT.




$$
