000
CDUS44 KMRX 242118
CLITYS


CLIMATE REPORT
NATIONAL WEATHER SERVICE MORRISTOWN TN
518 PM EDT MON APR 24 2017


...................................

...THE KNOXVILLE    ASOS CLIMATE SUMMARY FOR APRIL 24 2017...
VALID TODAY AS OF 0500 PM LOCAL TIME.

CLIMATE NORMAL PERIOD 1981 TO 2010
CLIMATE RECORD PERIOD 1871 TO 2017


WEATHER ITEM   OBSERVED TIME   RECORD YEAR NORMAL DEPARTURE LAST
                VALUE   (LST)  VALUE       VALUE  FROM      YEAR
                                                  NORMAL
..................................................................
TEMPERATURE (F)
 TODAY
  MAXIMUM         69    338 PM  93    1925  73     -4       79
  MINIMUM         52    637 AM  28    1986  50      2       48
  AVERAGE         61                        61      0       64

PRECIPITATION (IN)
  TODAY            0.00          1.15 1941   0.14  -0.14     0.00
  MONTH TO DATE    6.92                      3.18   3.74     1.78
  SINCE MAR 1     12.65                      7.52   5.13     4.72
  SINCE JAN 1     18.59                     16.10   2.49    14.60

SNOWFALL (IN)
  TODAY            0.0                       0.0    0.0      0.0
  MONTH TO DATE    T                         0.5   -0.5      0.0
  SINCE MAR 1      T                         1.4   -1.4      0.0
  SINCE JUL 1      2.3                       6.5   -4.2      5.2
  SNOW DEPTH       0

DEGREE DAYS
 HEATING
  TODAY            4                         5     -1        1
  MONTH TO DATE   78                       192   -114      164
  SINCE MAR 1    477                       653   -176      470
  SINCE JUL 1   2536                      3549  -1013     2903

 COOLING
  TODAY            0                         1     -1        0
  MONTH TO DATE   59                        22     37       22
  SINCE MAR 1     62                        27     35       37
  SINCE JAN 1     62                        27     35       37
..................................................................


WIND (MPH)
  HIGHEST WIND SPEED    15   HIGHEST WIND DIRECTION    NE (30)
  HIGHEST GUST SPEED    20   HIGHEST GUST DIRECTION    NE (30)
  AVERAGE WIND SPEED     7.8


SKY COVER
  POSSIBLE SUNSHINE  MM
  AVERAGE SKY COVER 0.9


WEATHER CONDITIONS
 THE FOLLOWING WEATHER WAS RECORDED TODAY.
  NO SIGNIFICANT WEATHER WAS OBSERVED.


RELATIVE HUMIDITY (PERCENT)
 HIGHEST    93          1200 AM
 LOWEST     59           300 PM
 AVERAGE    76

..........................................................


THE KNOXVILLE    ASOS CLIMATE NORMALS FOR TOMORROW
                         NORMAL    RECORD    YEAR
 MAXIMUM TEMPERATURE (F)   73        89      1960
 MINIMUM TEMPERATURE (F)   50        33      1910


SUNRISE AND SUNSET
APRIL 24 2017.........SUNRISE   651 AM EDT   SUNSET   817 PM EDT
APRIL 25 2017.........SUNRISE   650 AM EDT   SUNSET   818 PM EDT


-  INDICATES NEGATIVE NUMBERS.
R  INDICATES RECORD WAS SET OR TIED.
MM INDICATES DATA IS MISSING.
T  INDICATES TRACE AMOUNT.




$$
