000
CDUS44 KMRX 012112 RRA
CLITYS

CLIMATE REPORT
NATIONAL WEATHER SERVICE MORRISTOWN TN
511 PM EDT WED JUL 1 2015


...................................

...THE KNOXVILLE CLIMATE SUMMARY FOR JULY 1 2015...
VALID TODAY AS OF 0500 PM LOCAL TIME.

CLIMATE NORMAL PERIOD 1981 TO 2010
CLIMATE RECORD PERIOD 1871 TO 2015


WEATHER ITEM   OBSERVED TIME   RECORD YEAR NORMAL DEPARTURE LAST
                VALUE   (LST)  VALUE       VALUE  FROM      YEAR
                                                  NORMAL
..................................................................
TEMPERATURE (F)
 TODAY
  MAXIMUM         79   1253 PM 105    2012  88     -9       89
  MINIMUM         67    339 AM  52    1885  68     -1       71
  AVERAGE         73                        78     -5       80

PRECIPITATION (IN)
  TODAY            T             1.33 2003   0.17  -0.17     0.00
  MONTH TO DATE    T                         0.17  -0.17     0.00
  SINCE JUN 1      5.29                      3.98   1.31     4.55
  SINCE JAN 1     22.77                     25.42  -2.65    20.58

SNOWFALL (IN)
  TODAY            0.0                       0.0    0.0      0.0
  MONTH TO DATE    0.0                       0.0    0.0      0.0
  SINCE JUN 1      0.0                       0.0    0.0      0.0
  SINCE JUL 1      0.0                       0.0    0.0      0.0
  SNOW DEPTH       0

DEGREE DAYS
 HEATING
  TODAY            0                         0      0        0
  MONTH TO DATE    0                         0      0        0
  SINCE JUN 1      0                         4     -4        0
  SINCE JUL 1      0                         0      0        0

 COOLING
  TODAY            8                        13     -5       15
  MONTH TO DATE    8                        13     -5       15
  SINCE JUN 1    412                       318     94      345
  SINCE JAN 1    646                       480    166      550
..................................................................


WIND (MPH)
  HIGHEST WIND SPEED    23   HIGHEST WIND DIRECTION    SW (210)
  HIGHEST GUST SPEED    27   HIGHEST GUST DIRECTION    SW (220)
  AVERAGE WIND SPEED     9.4


SKY COVER
  POSSIBLE SUNSHINE  MM
  AVERAGE SKY COVER 0.8


WEATHER CONDITIONS
 THE FOLLOWING WEATHER WAS RECORDED TODAY.
  LIGHT RAIN
  FOG


RELATIVE HUMIDITY (PERCENT)
 HIGHEST    97           700 AM
 LOWEST     71           200 PM
 AVERAGE    84

..........................................................


THE KNOXVILLE CLIMATE NORMALS FOR TOMORROW
                         NORMAL    RECORD    YEAR
 MAXIMUM TEMPERATURE (F)   88        98      1954
                                             1931
                                             1898
 MINIMUM TEMPERATURE (F)   68        49      1988


SUNRISE AND SUNSET
JULY  1 2015..........SUNRISE   623 AM EDT   SUNSET   856 PM EDT
JULY  2 2015..........SUNRISE   624 AM EDT   SUNSET   856 PM EDT


-  INDICATES NEGATIVE NUMBERS.
R  INDICATES RECORD WAS SET OR TIED.
MM INDICATES DATA IS MISSING.
T  INDICATES TRACE AMOUNT.




$$
