000
CDUS44 KMRX 140956
CLITYS


CLIMATE REPORT
NATIONAL WEATHER SERVICE MORRISTOWN TN
456 AM EST SUN FEB 14 2016


...................................

...THE KNOXVILLE    ASOS CLIMATE SUMMARY FOR FEBRUARY 13 2016...

CLIMATE NORMAL PERIOD 1981 TO 2010
CLIMATE RECORD PERIOD 1871 TO 2016


WEATHER ITEM   OBSERVED TIME   RECORD YEAR NORMAL DEPARTURE LAST
                VALUE   (LST)  VALUE       VALUE  FROM      YEAR
                                                  NORMAL
..................................................................
TEMPERATURE (F)
 YESTERDAY
  MAXIMUM         32    452 PM  74    1962  52    -20       37
                                      1949
  MINIMUM         20   1159 PM  -7    1899  32    -12       20
  AVERAGE         26                        42    -16       29

PRECIPITATION (IN)
  YESTERDAY        T             1.62 1930   0.15  -0.15     0.00
  MONTH TO DATE    3.23                      1.96   1.27     0.74
  SINCE DEC 1     13.83                     10.78   3.05     8.37
  SINCE JAN 1      5.99                      6.28  -0.29     4.13

SNOWFALL (IN)
  YESTERDAY        T                         0.1   -0.1      0.0
  MONTH TO DATE    2.1                       0.9    1.2       T
  SINCE DEC 1      4.7                       4.4    0.3      1.1
  SINCE JUL 1      4.7                       4.4    0.3      1.1
  SNOW DEPTH       0

DEGREE DAYS
 HEATING
  YESTERDAY       39                        23     16       36
  MONTH TO DATE  329                       318     11      340
  SINCE DEC 1   1605                      1899   -294     1865
  SINCE JUL 1   2115                      2580   -465     2691

 COOLING
  YESTERDAY        0                         0      0        0
  MONTH TO DATE    0                         0      0        0
  SINCE DEC 1      5                         0      5        0
  SINCE JAN 1      0                         0      0        0
..................................................................


WIND (MPH)
  HIGHEST WIND SPEED    17   HIGHEST WIND DIRECTION     N (20)
  HIGHEST GUST SPEED    21   HIGHEST GUST DIRECTION     N (10)
  AVERAGE WIND SPEED     9.0


SKY COVER
  POSSIBLE SUNSHINE  MM
  AVERAGE SKY COVER 0.3


WEATHER CONDITIONS
 THE FOLLOWING WEATHER WAS RECORDED YESTERDAY.
  LIGHT SNOW


RELATIVE HUMIDITY (PERCENT)
 HIGHEST    68           400 AM
 LOWEST     32           300 PM
 AVERAGE    50

..........................................................


THE KNOXVILLE    ASOS CLIMATE NORMALS FOR TODAY
                         NORMAL    RECORD    YEAR
 MAXIMUM TEMPERATURE (F)   52        75      1989
                                             1949
 MINIMUM TEMPERATURE (F)   32       -10      1905
                                             1899


SUNRISE AND SUNSET
FEBRUARY 14 2016......SUNRISE   725 AM EST   SUNSET   616 PM EST
FEBRUARY 15 2016......SUNRISE   723 AM EST   SUNSET   617 PM EST


-  INDICATES NEGATIVE NUMBERS.
R  INDICATES RECORD WAS SET OR TIED.
MM INDICATES DATA IS MISSING.
T  INDICATES TRACE AMOUNT.




$$
