000
CDUS44 KMRX 222150 RRA
CLITYS

CLIMATE REPORT
NATIONAL WEATHER SERVICE MORRISTOWN TN
522 PM EDT TUE JUL 22 2014


...................................

...THE KNOXVILLE CLIMATE SUMMARY FOR JULY 22 2014... VALID TODAY AS
OF 0500 PM LOCAL TIME.

CLIMATE NORMAL PERIOD 1981 TO 2010
CLIMATE RECORD PERIOD 1871 TO 2014


WEATHER ITEM   OBSERVED TIME   RECORD YEAR NORMAL DEPARTURE LAST
                VALUE   (LST)  VALUE       VALUE  FROM      YEAR
                                                  NORMAL
..................................................................
TEMPERATURE (F)
 TODAY
  MAXIMUM         88    300 PM 100    1952  88      0       86
  MINIMUM         70    617 AM  57    1902  69      1       70
  AVERAGE         79                        79      0       78

PRECIPITATION (IN)
  TODAY            T             2.05 1954   0.16  -0.16     0.49
  MONTH TO DATE    3.24                      3.70  -0.46     6.64
  SINCE JUN 1      7.79                      7.51   0.28    16.02
  SINCE JAN 1     23.82                     28.95  -5.13    47.44

SNOWFALL (IN)
  TODAY            0.0                       0.0    0.0      0.0
  MONTH TO DATE    0.0                       0.0    0.0      0.0
  SINCE JUN 1      0.0                       0.0    0.0      0.0
  SINCE JUL 1      0.0                       0.0    0.0      0.0
  SNOW DEPTH       0

DEGREE DAYS
 HEATING
  TODAY            0                         0      0        0
  MONTH TO DATE    0                         0      0        0
  SINCE JUN 1      0                         4     -4        0
  SINCE JUL 1      0                         0      0        0

 COOLING
  TODAY           14                        14      0       13
  MONTH TO DATE  241                       298    -57      266
  SINCE JUN 1    571                       603    -32      586
  SINCE JAN 1    776                       765     11      742
..................................................................


WIND (MPH)
  HIGHEST WIND SPEED     9   HIGHEST WIND DIRECTION    NE (50)
  HIGHEST GUST SPEED    12   HIGHEST GUST DIRECTION    NE (30)
  AVERAGE WIND SPEED     1.4


SKY COVER
  POSSIBLE SUNSHINE  MM
  AVERAGE SKY COVER  MM


WEATHER CONDITIONS
 THE FOLLOWING WEATHER WAS RECORDED TODAY.
  FOG


RELATIVE HUMIDITY (PERCENT)
 HIGHEST   100           300 AM
 LOWEST     53           300 PM
 AVERAGE    77

..........................................................


THE KNOXVILLE    ASOS CLIMATE NORMALS FOR TOMORROW
                         NORMAL    RECORD    YEAR
 MAXIMUM TEMPERATURE (F)   88       101      1952
 MINIMUM TEMPERATURE (F)   69        53      1947


SUNRISE AND SUNSET
JULY 22 2014..........SUNRISE   636 AM EDT   SUNSET   848 PM EDT
JULY 23 2014..........SUNRISE   637 AM EDT   SUNSET   848 PM EDT


-  INDICATES NEGATIVE NUMBERS.
R  INDICATES RECORD WAS SET OR TIED.
MM INDICATES DATA IS MISSING.
T  INDICATES TRACE AMOUNT.




$$
