000
CDUS44 KMRX 282116
CLITYS


CLIMATE REPORT
NATIONAL WEATHER SERVICE MORRISTOWN TN
516 PM EDT WED JUN 28 2017


...................................

...THE KNOXVILLE    ASOS CLIMATE SUMMARY FOR JUNE 28 2017...
VALID TODAY AS OF 0500 PM LOCAL TIME.

CLIMATE NORMAL PERIOD 1981 TO 2010
CLIMATE RECORD PERIOD 1871 TO 2017


WEATHER ITEM   OBSERVED TIME   RECORD YEAR NORMAL DEPARTURE LAST
                VALUE   (LST)  VALUE       VALUE  FROM      YEAR
                                                  NORMAL
..................................................................
TEMPERATURE (F)
 TODAY
  MAXIMUM         84    359 PM 101    2012  88     -4       92
  MINIMUM         54    601 AM  51    1987  68    -14       71
  AVERAGE         69                        78     -9       82

PRECIPITATION (IN)
  TODAY            0.00          2.92 1972   0.15  -0.15     0.03
  MONTH TO DATE    4.05                      3.51   0.54     4.43
  SINCE JUN 1      4.05                      3.51   0.54     4.43
  SINCE JAN 1     28.18                     24.95   3.23    23.69

SNOWFALL (IN)
  TODAY            0.0                       0.0    0.0      0.0
  MONTH TO DATE    0.0                       0.0    0.0      0.0
  SINCE JUN 1      0.0                       0.0    0.0      0.0
  SINCE JUL 1      2.3                       6.5   -4.2      5.2
  SNOW DEPTH       0

DEGREE DAYS
 HEATING
  TODAY            0                         0      0        0
  MONTH TO DATE    0                         0      0        0
  SINCE JUN 1      0                         0      0        0
  SINCE JUL 1   2591                      3633  -1042     2955

 COOLING
  TODAY            4                        13     -9       17
  MONTH TO DATE  241                       279    -38      373
  SINCE JUN 1    241                       279    -38      373
  SINCE JAN 1    489                       441     48      584
..................................................................


WIND (MPH)
  HIGHEST WIND SPEED    14   HIGHEST WIND DIRECTION     W (270)
  HIGHEST GUST SPEED    17   HIGHEST GUST DIRECTION     W (260)
  AVERAGE WIND SPEED     4.3


SKY COVER
  POSSIBLE SUNSHINE  MM
  AVERAGE SKY COVER 0.2


WEATHER CONDITIONS
 THE FOLLOWING WEATHER WAS RECORDED TODAY.
  HAZE


RELATIVE HUMIDITY (PERCENT)
 HIGHEST    93           300 AM
 LOWEST     40           200 PM
 AVERAGE    67

..........................................................


THE KNOXVILLE    ASOS CLIMATE NORMALS FOR TOMORROW
                         NORMAL    RECORD    YEAR
 MAXIMUM TEMPERATURE (F)   88       102      2012
 MINIMUM TEMPERATURE (F)   68        56      1974


SUNRISE AND SUNSET
JUNE 28 2017..........SUNRISE   622 AM EDT   SUNSET   856 PM EDT
JUNE 29 2017..........SUNRISE   623 AM EDT   SUNSET   856 PM EDT


-  INDICATES NEGATIVE NUMBERS.
R  INDICATES RECORD WAS SET OR TIED.
MM INDICATES DATA IS MISSING.
T  INDICATES TRACE AMOUNT.




$$
