000
CDUS44 KMRX 250933
CLITYS

CLIMATE REPORT
NATIONAL WEATHER SERVICE MORRISTOWN TN
430 AM EST THU DEC 25 2014


...................................

...THE KNOXVILLE    ASOS CLIMATE SUMMARY FOR DECEMBER 24 2014...

CLIMATE NORMAL PERIOD 1981 TO 2010
CLIMATE RECORD PERIOD 1871 TO 2014


WEATHER ITEM   OBSERVED TIME   RECORD YEAR NORMAL DEPARTURE LAST
                VALUE   (LST)  VALUE       VALUE  FROM      YEAR
                                                  NORMAL
..................................................................
TEMPERATURE (F)
 YESTERDAY
  MAXIMUM         59    324 PM  73    1964  48     11       36
  MINIMUM         44   1159 PM  -2    1983  30     14       23
  AVERAGE         52                        39     13       30

PRECIPITATION (IN)
  YESTERDAY        0.43          1.97 1948   0.14   0.29     0.00
  MONTH TO DATE    3.61                      3.56   0.05     6.68
  SINCE DEC 1      3.61                      3.56   0.05     6.68
  SINCE JAN 1     41.04                     46.92  -5.88    67.80

SNOWFALL (IN)
  YESTERDAY        0.0                       0.1   -0.1      0.0
  MONTH TO DATE    0.0                       0.5   -0.5      0.0
  SINCE DEC 1      0.0                       0.5   -0.5      0.0
  SINCE JUL 1      T                         0.5   -0.5      0.8
  SNOW DEPTH       0

DEGREE DAYS
 HEATING
  YESTERDAY       13                        26    -13       35
  MONTH TO DATE  497                       568    -71      474
  SINCE DEC 1    497                       568    -71      474
  SINCE JUL 1   1323                      1249     74     1164

 COOLING
  YESTERDAY        0                         0      0        0
  MONTH TO DATE    0                         0      0        4
  SINCE DEC 1      0                         0      0        4
  SINCE JAN 1   1486                      1526    -40     1449
..................................................................


WIND (MPH)
  HIGHEST WIND SPEED    35   HIGHEST WIND DIRECTION     W (260)
  HIGHEST GUST SPEED    42   HIGHEST GUST DIRECTION     W (260)
  AVERAGE WIND SPEED     8.3


SKY COVER
  POSSIBLE SUNSHINE  MM
  AVERAGE SKY COVER  MM


WEATHER CONDITIONS
 THE FOLLOWING WEATHER WAS RECORDED YESTERDAY.
  RAIN
  LIGHT RAIN
  FOG
  FOG W/VISIBILITY <= 1/4 MILE


RELATIVE HUMIDITY (PERCENT)
 HIGHEST   100          1200 AM
 LOWEST     82           900 PM
 AVERAGE    91

..........................................................


THE KNOXVILLE    ASOS CLIMATE NORMALS FOR TODAY
                         NORMAL    RECORD    YEAR
 MAXIMUM TEMPERATURE (F)   48        76      1982
 MINIMUM TEMPERATURE (F)   30        -6      1983


SUNRISE AND SUNSET
DECEMBER 25 2014......SUNRISE   744 AM EST   SUNSET   528 PM EST
DECEMBER 26 2014......SUNRISE   744 AM EST   SUNSET   529 PM EST


-  INDICATES NEGATIVE NUMBERS.
R  INDICATES RECORD WAS SET OR TIED.
MM INDICATES DATA IS MISSING.
T  INDICATES TRACE AMOUNT.




$$
