000
CDUS43 KLOT 280635
CLIUGN


CLIMATE REPORT
NATIONAL WEATHER SERVICE CHICAGO IL
1235 AM CST FRI NOV 28 2014


...................................

...THE WAUKEGAN   CLIMATE SUMMARY FOR NOVEMBER 27 2014...

CLIMATE NORMAL PERIOD 1981 TO 2010
CLIMATE RECORD PERIOD 2000 TO 2014


WEATHER ITEM   OBSERVED TIME   RECORD YEAR NORMAL DEPARTURE LAST
                VALUE   (LST)  VALUE       VALUE  FROM      YEAR
                                                  NORMAL
..................................................................
TEMPERATURE (F)
 YESTERDAY
  MAXIMUM         24   1130 AM  61    2006  40    -16       27
  MINIMUM          8R  1017 PM   9    2013  26    -18        9
  AVERAGE         16

PRECIPITATION (IN)
  YESTERDAY        T             0.28 2004   0.09  -0.09     0.00
  MONTH TO DATE    1.26                      2.51  -1.25     1.94
  SINCE SEP 1      8.43                      8.89  -0.46     6.34
  SINCE JAN 1     31.38                     33.34  -1.96    28.18

DEGREE DAYS
 HEATING
  YESTERDAY       49                        32     17       47
  MONTH TO DATE  887                       682    205      760
  SINCE SEP 1   1523                      1260    263     1361
  SINCE JUL 1   1566                      1288    278     1400

 COOLING
  YESTERDAY        0                         0      0        0
  MONTH TO DATE    0                         0      0        0
  SINCE SEP 1     53                        62     -9      100
  SINCE JAN 1    424                       564   -140      590
..................................................................


WIND (MPH)
  RESULTANT WIND SPEED   8   RESULTANT WIND DIRECTION  NW (300)
  HIGHEST WIND SPEED    15   HIGHEST WIND DIRECTION    NW (300)
  HIGHEST GUST SPEED    22   HIGHEST GUST DIRECTION    NW (300)
  AVERAGE WIND SPEED     7.4


SKY COVER
  POSSIBLE SUNSHINE  MM
  AVERAGE SKY COVER 0.8


WEATHER CONDITIONS
 THE FOLLOWING WEATHER WAS RECORDED YESTERDAY.
  LIGHT SNOW
  FOG
  HAZE


RELATIVE HUMIDITY (PERCENT)
 HIGHEST    92
 LOWEST     67
 AVERAGE    80

..........................................................


THE WAUKEGAN   CLIMATE NORMALS FOR TODAY
                         NORMAL    RECORD    YEAR
 MAXIMUM TEMPERATURE (F)   40        61      2006
 MINIMUM TEMPERATURE (F)   26        14      2013
                                             2002


SUNRISE AND SUNSET
NOVEMBER 28 2014......SUNRISE   658 AM CST   SUNSET   421 PM CST
NOVEMBER 29 2014......SUNRISE   659 AM CST   SUNSET   420 PM CST


-  INDICATES NEGATIVE NUMBERS.
R  INDICATES RECORD WAS SET OR TIED.
MM INDICATES DATA IS MISSING.
T  INDICATES TRACE AMOUNT.




$$
