000
CDUS43 KLOT 200636
CLIUGN


CLIMATE REPORT
NATIONAL WEATHER SERVICE CHICAGO IL
136 AM CDT SAT SEP 20 2014


...................................

...THE WAUKEGAN   CLIMATE SUMMARY FOR SEPTEMBER 19 2014...

CLIMATE NORMAL PERIOD 1981 TO 2010
CLIMATE RECORD PERIOD 2000 TO 2014


WEATHER ITEM   OBSERVED TIME   RECORD YEAR NORMAL DEPARTURE LAST
                VALUE   (LST)  VALUE       VALUE  FROM      YEAR
                                                  NORMAL
..................................................................
TEMPERATURE (F)
 YESTERDAY
  MAXIMUM         72    409 PM  83    2005  70      2       76
                                      2000
  MINIMUM         50    129 AM  34    2012  52     -2       66
  AVERAGE         61

PRECIPITATION (IN)
  YESTERDAY        0.00          2.62 2001   0.13  -0.13     1.18
  MONTH TO DATE    2.85                      2.08   0.77     2.25
  SINCE SEP 1      2.85                      2.08   0.77     2.25
  SINCE JAN 1     25.80                     26.53  -0.73    24.09

DEGREE DAYS
 HEATING
  YESTERDAY        4                         5     -1        0
  MONTH TO DATE  111                        54     57       53
  SINCE SEP 1    111                        54     57       53
  SINCE JUL 1    154                        82     72       92

 COOLING
  YESTERDAY        0                         1     -1        6
  MONTH TO DATE   44                        47     -3       88
  SINCE SEP 1     44                        47     -3       88
  SINCE JAN 1    415                       549   -134      578
..................................................................


WIND (MPH)
  RESULTANT WIND SPEED   9   RESULTANT WIND DIRECTION   S (170)
  HIGHEST WIND SPEED    23   HIGHEST WIND DIRECTION     S (180)
  HIGHEST GUST SPEED    28   HIGHEST GUST DIRECTION     S (190)
  AVERAGE WIND SPEED    10.0


SKY COVER
  POSSIBLE SUNSHINE  MM
  AVERAGE SKY COVER 0.0


WEATHER CONDITIONS
 THE FOLLOWING WEATHER WAS RECORDED YESTERDAY.
  FOG
  FOG W/VISIBILITY <= 1/4 MILE


RELATIVE HUMIDITY (PERCENT)
 HIGHEST   100
 LOWEST     38
 AVERAGE    69

..........................................................


THE WAUKEGAN   CLIMATE NORMALS FOR TODAY
                         NORMAL    RECORD    YEAR
 MAXIMUM TEMPERATURE (F)   70        81      2008
 MINIMUM TEMPERATURE (F)   51        40      2006
                                             2003


SUNRISE AND SUNSET
SEPTEMBER 20 2014.....SUNRISE   637 AM CDT   SUNSET   652 PM CDT
SEPTEMBER 21 2014.....SUNRISE   638 AM CDT   SUNSET   651 PM CDT


-  INDICATES NEGATIVE NUMBERS.
R  INDICATES RECORD WAS SET OR TIED.
MM INDICATES DATA IS MISSING.
T  INDICATES TRACE AMOUNT.




$$
