163
CDUS43 KLOT 270635
CLIUGN


CLIMATE REPORT
NATIONAL WEATHER SERVICE CHICAGO IL
134 AM CDT MON MAR 27 2017


...................................

...THE WAUKEGAN   CLIMATE SUMMARY FOR MARCH 26 2017...

CLIMATE NORMAL PERIOD 1981 TO 2010
CLIMATE RECORD PERIOD 2000 TO 2017


WEATHER ITEM   OBSERVED TIME   RECORD YEAR NORMAL DEPARTURE LAST
                VALUE   (LST)  VALUE       VALUE  FROM      YEAR
                                                  NORMAL
..................................................................
TEMPERATURE (F)
 YESTERDAY
  MAXIMUM         53    354 PM  78    2007  47      6       46
  MINIMUM         40   1230 AM   9    2014  29     11       29
  AVERAGE         47

PRECIPITATION (IN)
  YESTERDAY        0.89R         0.58 2004   0.09   0.80     0.00
  MONTH TO DATE    1.92                      1.85   0.07     2.32
  SINCE MAR 1      1.92                      1.85   0.07     2.32
  SINCE JAN 1      6.14                      4.90   1.24     3.83

DEGREE DAYS
 HEATING
  YESTERDAY       18                        27     -9       27
  MONTH TO DATE  763                       797    -34      682
  SINCE MAR 1    763                       797    -34      682
  SINCE JUL 1   4875                      5743   -868     5027

 COOLING
  YESTERDAY        0                         0      0        0
  MONTH TO DATE    0                         0      0        0
  SINCE MAR 1      0                         0      0        0
  SINCE JAN 1      0                         0      0        0
..................................................................


WIND (MPH)
  RESULTANT WIND SPEED   3   RESULTANT WIND DIRECTION   E (70)
  HIGHEST WIND SPEED    10   HIGHEST WIND DIRECTION    NE (60)
  HIGHEST GUST SPEED    14   HIGHEST GUST DIRECTION    NE (60)
  AVERAGE WIND SPEED     3.5


SKY COVER
  POSSIBLE SUNSHINE  MM
  AVERAGE SKY COVER 0.9


WEATHER CONDITIONS
 THE FOLLOWING WEATHER WAS RECORDED YESTERDAY.
  HEAVY RAIN
  RAIN
  LIGHT RAIN
  FOG
  FOG W/VISIBILITY <= 1/4 MILE


RELATIVE HUMIDITY (PERCENT)
 HIGHEST   100
 LOWEST     93
 AVERAGE    97

..........................................................


THE WAUKEGAN   CLIMATE NORMALS FOR TODAY
                         NORMAL    RECORD    YEAR
 MAXIMUM TEMPERATURE (F)   48        72      2012
 MINIMUM TEMPERATURE (F)   30        18      2015


SUNRISE AND SUNSET
MARCH 27 2017.........SUNRISE   642 AM CDT   SUNSET   712 PM CDT
MARCH 28 2017.........SUNRISE   640 AM CDT   SUNSET   713 PM CDT


-  INDICATES NEGATIVE NUMBERS.
R  INDICATES RECORD WAS SET OR TIED.
MM INDICATES DATA IS MISSING.
T  INDICATES TRACE AMOUNT.




$$
