000
CDUS43 KLOT 270638
CLIUGN


CLIMATE REPORT
NATIONAL WEATHER SERVICE CHICAGO IL
137 AM CDT WED AUG 27 2014


...................................

...THE WAUKEGAN   CLIMATE SUMMARY FOR AUGUST 26 2014...

CLIMATE NORMAL PERIOD 1981 TO 2010
CLIMATE RECORD PERIOD 2000 TO 2014


WEATHER ITEM   OBSERVED TIME   RECORD YEAR NORMAL DEPARTURE LAST
                VALUE   (LST)  VALUE       VALUE  FROM      YEAR
                                                  NORMAL
..................................................................
TEMPERATURE (F)
 YESTERDAY
  MAXIMUM         78    319 PM  91    2013  78      0       91
                                      2003
  MINIMUM         63   1144 PM  53    2011  60      3       72
  AVERAGE         71

PRECIPITATION (IN)
  YESTERDAY        1.05R         0.61 2009   0.12   0.93     0.00
  MONTH TO DATE    3.61                      3.27   0.34     1.14
  SINCE JUN 1     12.01                     11.03   0.98     7.76
  SINCE JAN 1     22.85                     23.89  -1.04    21.62

DEGREE DAYS
 HEATING
  YESTERDAY        0                         1     -1        0
  MONTH TO DATE    9                         2      7       12
  SINCE JUN 1    116                       100     16      136
  SINCE JUL 1     43                        14     29       39

 COOLING
  YESTERDAY        6                         5      1       17
  MONTH TO DATE  131                       147    -16      108
  SINCE JUN 1    315                       457   -142      385
  SINCE JAN 1    338                       482   -144      432
..................................................................


WIND (MPH)
  RESULTANT WIND SPEED   1   RESULTANT WIND DIRECTION   E (90)
  HIGHEST WIND SPEED    20   HIGHEST WIND DIRECTION     W (290)
  HIGHEST GUST SPEED    30   HIGHEST GUST DIRECTION     W (290)
  AVERAGE WIND SPEED     2.8


SKY COVER
  POSSIBLE SUNSHINE  MM
  AVERAGE SKY COVER 0.4


WEATHER CONDITIONS
 THE FOLLOWING WEATHER WAS RECORDED YESTERDAY.
  THUNDERSTORM
  HEAVY RAIN
  RAIN
  LIGHT RAIN
  FOG
  HAZE


RELATIVE HUMIDITY (PERCENT)
 HIGHEST    93
 LOWEST     68
 AVERAGE    81

..........................................................


THE WAUKEGAN   CLIMATE NORMALS FOR TODAY
                         NORMAL    RECORD    YEAR
 MAXIMUM TEMPERATURE (F)   78        96      2013
 MINIMUM TEMPERATURE (F)   60        55      2008


SUNRISE AND SUNSET
AUGUST 27 2014........SUNRISE   611 AM CDT   SUNSET   734 PM CDT
AUGUST 28 2014........SUNRISE   612 AM CDT   SUNSET   732 PM CDT


-  INDICATES NEGATIVE NUMBERS.
R  INDICATES RECORD WAS SET OR TIED.
MM INDICATES DATA IS MISSING.
T  INDICATES TRACE AMOUNT.




$$
