000
CDUS43 KLOT 040631
CLIUGN


CLIMATE REPORT
NATIONAL WEATHER SERVICE CHICAGO IL
131 AM CDT SAT JUL 4 2015


...................................

...THE WAUKEGAN   CLIMATE SUMMARY FOR JULY 3 2015...

CLIMATE NORMAL PERIOD 1981 TO 2010
CLIMATE RECORD PERIOD 2000 TO 2015


WEATHER ITEM   OBSERVED TIME   RECORD YEAR NORMAL DEPARTURE LAST
                VALUE   (LST)  VALUE       VALUE  FROM      YEAR
                                                  NORMAL
..................................................................
TEMPERATURE (F)
 YESTERDAY
  MAXIMUM         72   1249 PM  97    2012  80     -8       71
  MINIMUM         51    355 AM  50    2008  62    -11       55
  AVERAGE         62

PRECIPITATION (IN)
  YESTERDAY        0.00          1.39 2004   0.12  -0.12     0.05
  MONTH TO DATE    0.00                      0.35  -0.35     0.15
  SINCE JUN 1      4.26                      4.23   0.03     7.40
  SINCE JAN 1     13.66                     17.09  -3.43    18.24

DEGREE DAYS
 HEATING
  YESTERDAY        3                         1      2        2
  MONTH TO DATE   22                         3     19        6
  SINCE JUN 1    125                        89     36       79
  SINCE JUL 1     22                         3     19        6

 COOLING
  YESTERDAY        0                         6     -6        0
  MONTH TO DATE    0                        18    -18        7
  SINCE JUN 1     54                       123    -69       90
  SINCE JAN 1     79                       148    -69      113
..................................................................


WIND (MPH)
  RESULTANT WIND SPEED   3   RESULTANT WIND DIRECTION   E (70)
  HIGHEST WIND SPEED     9   HIGHEST WIND DIRECTION     E (80)
  HIGHEST GUST SPEED    13   HIGHEST GUST DIRECTION     E (90)
  AVERAGE WIND SPEED     3.9


SKY COVER
  POSSIBLE SUNSHINE  MM
  AVERAGE SKY COVER 0.0


WEATHER CONDITIONS
 THE FOLLOWING WEATHER WAS RECORDED YESTERDAY.
  FOG


RELATIVE HUMIDITY (PERCENT)
 HIGHEST    96
 LOWEST     57
 AVERAGE    77

..........................................................


THE WAUKEGAN   CLIMATE NORMALS FOR TODAY
                         NORMAL    RECORD    YEAR
 MAXIMUM TEMPERATURE (F)   80       104      2012
 MINIMUM TEMPERATURE (F)   62        46      2011


SUNRISE AND SUNSET
JULY  4 2015..........SUNRISE   520 AM CDT   SUNSET   832 PM CDT
JULY  5 2015..........SUNRISE   520 AM CDT   SUNSET   831 PM CDT


-  INDICATES NEGATIVE NUMBERS.
R  INDICATES RECORD WAS SET OR TIED.
MM INDICATES DATA IS MISSING.
T  INDICATES TRACE AMOUNT.




$$
