000
CDUS43 KLOT 230633
CLIUGN


CLIMATE REPORT
NATIONAL WEATHER SERVICE CHICAGO IL
1233 AM CST THU FEB 23 2017


...................................

...THE WAUKEGAN   CLIMATE SUMMARY FOR FEBRUARY 22 2017...

CLIMATE NORMAL PERIOD 1981 TO 2010
CLIMATE RECORD PERIOD 2000 TO 2017


WEATHER ITEM   OBSERVED TIME   RECORD YEAR NORMAL DEPARTURE LAST
                VALUE   (LST)  VALUE       VALUE  FROM      YEAR
                                                  NORMAL
..................................................................
TEMPERATURE (F)
 YESTERDAY
  MAXIMUM         68R   346 PM  58    2000  36     32       37
  MINIMUM         42    423 AM   0    2015  20     22       24
  AVERAGE         55

PRECIPITATION (IN)
  YESTERDAY        0.00          0.10 2004   0.07  -0.07     0.00
  MONTH TO DATE    0.53                      1.30  -0.77     0.72
  SINCE DEC 1      3.93                      4.69  -0.76     6.15
  SINCE JAN 1      3.03                      2.69   0.34     1.35

DEGREE DAYS
 HEATING
  YESTERDAY       10                        37    -27       34
  MONTH TO DATE  664                       881   -217      864
  SINCE DEC 1   3056                      3347   -291     2990
  SINCE JUL 1   3943                      4732   -789     4148

 COOLING
  YESTERDAY        0                         0      0        0
  MONTH TO DATE    0                         0      0        0
  SINCE DEC 1      0                         0      0        0
  SINCE JAN 1      0                         0      0        0
..................................................................


WIND (MPH)
  RESULTANT WIND SPEED  13   RESULTANT WIND DIRECTION  SW (220)
  HIGHEST WIND SPEED    25   HIGHEST WIND DIRECTION    SW (220)
  HIGHEST GUST SPEED    32   HIGHEST GUST DIRECTION    SW (220)
  AVERAGE WIND SPEED    13.4


SKY COVER
  POSSIBLE SUNSHINE  MM
  AVERAGE SKY COVER 0.5


WEATHER CONDITIONS
 THE FOLLOWING WEATHER WAS RECORDED YESTERDAY.
  FOG
  FOG W/VISIBILITY <= 1/4 MILE
  HAZE


RELATIVE HUMIDITY (PERCENT)
 HIGHEST   100
 LOWEST     53
 AVERAGE    77

..........................................................


THE WAUKEGAN   CLIMATE NORMALS FOR TODAY
                         NORMAL    RECORD    YEAR
 MAXIMUM TEMPERATURE (F)   36        65      2000
 MINIMUM TEMPERATURE (F)   21        -8      2015


SUNRISE AND SUNSET
FEBRUARY 23 2017......SUNRISE   636 AM CST   SUNSET   534 PM CST
FEBRUARY 24 2017......SUNRISE   634 AM CST   SUNSET   535 PM CST


-  INDICATES NEGATIVE NUMBERS.
R  INDICATES RECORD WAS SET OR TIED.
MM INDICATES DATA IS MISSING.
T  INDICATES TRACE AMOUNT.




$$
