000
CDUS43 KLOT 190638
CLIUGN


CLIMATE REPORT
NATIONAL WEATHER SERVICE CHICAGO IL
1238 AM CST SUN NOV 19 2017


...................................

...THE WAUKEGAN   CLIMATE SUMMARY FOR NOVEMBER 18 2017...

CLIMATE NORMAL PERIOD 1981 TO 2010
CLIMATE RECORD PERIOD 2000 TO 2017


WEATHER ITEM   OBSERVED TIME   RECORD YEAR NORMAL DEPARTURE LAST
                VALUE   (LST)  VALUE       VALUE  FROM      YEAR
                                                  NORMAL
..................................................................
TEMPERATURE (F)
 YESTERDAY
  MAXIMUM         44    305 AM  68    1999  45     -1       67
  MINIMUM         34   1220 PM   9    2014  30      4       39
  AVERAGE         39                        38      1       53

PRECIPITATION (IN)
  YESTERDAY        0.40          0.97 2003   0.09   0.31     0.03
  MONTH TO DATE    1.89                      1.79   0.10     1.22
  SINCE SEP 1      7.44                      8.17  -0.73     7.08
  SINCE JAN 1     36.28                     32.62   3.66    26.39

DEGREE DAYS
 HEATING
  YESTERDAY       26                        27     -1       12
  MONTH TO DATE  495                       414     81      218
  SINCE SEP 1    896                       992    -96      555
  SINCE JUL 1    918                      1020   -102      566

 COOLING
  YESTERDAY        0                         0      0        0
  MONTH TO DATE    0                         0      0        3
  SINCE SEP 1    125                        62     63      140
  SINCE JAN 1    571                       564      7      855
..................................................................


WIND (MPH)
  RESULTANT WIND SPEED   9   RESULTANT WIND DIRECTION   N (350)
  HIGHEST WIND SPEED    17   HIGHEST WIND DIRECTION    NW (330)
  HIGHEST GUST SPEED    29   HIGHEST GUST DIRECTION     N (340)
  AVERAGE WIND SPEED     9.2


SKY COVER
  POSSIBLE SUNSHINE  MM
  AVERAGE SKY COVER 0.9


WEATHER CONDITIONS
 THE FOLLOWING WEATHER WAS RECORDED YESTERDAY.
  RAIN
  LIGHT RAIN
  LIGHT SNOW
  FOG


RELATIVE HUMIDITY (PERCENT)
 HIGHEST   100
 LOWEST     64
 AVERAGE    82

..........................................................


THE WAUKEGAN   CLIMATE NORMALS FOR TODAY
                         NORMAL    RECORD    YEAR
 MAXIMUM TEMPERATURE (F)   45        59      1999
 MINIMUM TEMPERATURE (F)   30        15      2014


SUNRISE AND SUNSET
NOVEMBER 19 2017......SUNRISE   648 AM CST   SUNSET   426 PM CST
NOVEMBER 20 2017......SUNRISE   649 AM CST   SUNSET   425 PM CST


-  INDICATES NEGATIVE NUMBERS.
R  INDICATES RECORD WAS SET OR TIED.
MM INDICATES DATA IS MISSING.
T  INDICATES TRACE AMOUNT.




$$
