000
CDUS46 KSEW 170827
CLIUIL


CLIMATE REPORT
NATIONAL WEATHER SERVICE SEATTLE WA
127 AM PDT WED SEP 17 2014


...................................

...THE QUILLAYUTE WA AIRPORT CLIMATE SUMMARY FOR SEPTEMBER 16 2014...

CLIMATE NORMAL PERIOD 1981 TO 2010
CLIMATE RECORD PERIOD 1966 TO 2014


WEATHER ITEM   OBSERVED TIME   RECORD YEAR NORMAL DEPARTURE LAST
                VALUE   (LST)  VALUE       VALUE  FROM      YEAR
                                                  NORMAL
..................................................................
TEMPERATURE (F)
 YESTERDAY
  MAXIMUM         67   1214 PM  84    1991  66      1       69
  MINIMUM         57   1114 PM  33    1992  47     10       50
  AVERAGE         62                        57      5       60

PRECIPITATION (IN)
  YESTERDAY        0.00          3.25 1968   0.11  -0.11     0.35
  MONTH TO DATE    0.15                      1.73  -1.58     0.66
  SINCE OCT 1     73.23                     97.45 -24.22   109.45
  SINCE JAN 1     56.00                     58.45  -2.45    62.48

DEGREE DAYS
 HEATING
  YESTERDAY        3                         8     -5        5
  MONTH TO DATE   66                       117    -51       20
  SINCE SEP 1     66                       117    -51       20
  SINCE JUL 1    316                       486   -170      192

 COOLING
  YESTERDAY        0                         0      0        0
  MONTH TO DATE    7                         0      7       14
  SINCE SEP 1      7                         0      7       14
  SINCE JAN 1     25                        17      8       39
..................................................................


WIND (MPH)
  RESULTANT WIND SPEED   4   RESULTANT WIND DIRECTION   S (160)
  HIGHEST WIND SPEED    14   HIGHEST WIND DIRECTION    SW (210)
  HIGHEST GUST SPEED    21   HIGHEST GUST DIRECTION    SW (220)
  AVERAGE WIND SPEED     4.5


SKY COVER
  AVERAGE SKY COVER 0.9


WEATHER CONDITIONS
 THE FOLLOWING WEATHER WAS RECORDED YESTERDAY.
  FOG


RELATIVE HUMIDITY (PERCENT)
 HIGHEST   100          1000 PM
 LOWEST     68          1200 PM
 AVERAGE    84

..........................................................


THE QUILLAYUTE WA AIRPORT CLIMATE NORMALS FOR TODAY
                         NORMAL    RECORD    YEAR
 MAXIMUM TEMPERATURE (F)   66        82      1991
                                             1982
 MINIMUM TEMPERATURE (F)   47        35      1988


SUNRISE AND SUNSET
SEPTEMBER 17 2014.....SUNRISE   658 AM PDT   SUNSET   726 PM PDT
SEPTEMBER 18 2014.....SUNRISE   700 AM PDT   SUNSET   724 PM PDT


-  INDICATES NEGATIVE NUMBERS.
R  INDICATES RECORD WAS SET OR TIED.
MM INDICATES DATA IS MISSING.
T  INDICATES TRACE AMOUNT.




$$
