000
CDUS46 KSEW 290831
CLIUIL


CLIMATE REPORT
NATIONAL WEATHER SERVICE SEATTLE WA
131 AM PDT SAT AUG 29 2015


...................................

...THE QUILLAYUTE WA AIRPORT CLIMATE SUMMARY FOR AUGUST 28 2015...

CLIMATE NORMAL PERIOD 1981 TO 2010
CLIMATE RECORD PERIOD 1966 TO 2015


WEATHER ITEM   OBSERVED TIME   RECORD YEAR NORMAL DEPARTURE LAST
                VALUE   (LST)  VALUE       VALUE  FROM      YEAR
                                                  NORMAL
..................................................................
TEMPERATURE (F)
 YESTERDAY
  MAXIMUM         73    307 PM  85    1998  68      5       70
                                      1967
  MINIMUM         58    328 AM  41    2010  50      8       50
                                      2000
                                      1984
  AVERAGE         66                        59      7       60

PRECIPITATION (IN)
  YESTERDAY        0.18          1.48 1975   0.11   0.07      T
  MONTH TO DATE    0.53                      2.17  -1.64     0.52
  SINCE OCT 1     87.85                     95.40  -7.55    72.91
  SINCE JAN 1     43.10                     56.40 -13.30    55.68

DEGREE DAYS
 HEATING
  YESTERDAY        0                         6     -6        5
  MONTH TO DATE   72                       156    -84      101
  SINCE JUN 1    333                       644   -311      486
  SINCE JUL 1    143                       350   -207      237

 COOLING
  YESTERDAY        1                         0      1        0
  MONTH TO DATE   26                         0     26        8
  SINCE JUN 1     56                        10     46       14
  SINCE JAN 1     56                        11     45       18
..................................................................


WIND (MPH)
  RESULTANT WIND SPEED   3   RESULTANT WIND DIRECTION   S (200)
  HIGHEST WIND SPEED    10   HIGHEST WIND DIRECTION    SW (230)
  HIGHEST GUST SPEED    17   HIGHEST GUST DIRECTION     S (190)
  AVERAGE WIND SPEED     4.2


SKY COVER
  AVERAGE SKY COVER 0.7


WEATHER CONDITIONS
 THE FOLLOWING WEATHER WAS RECORDED YESTERDAY.
  HEAVY RAIN
  LIGHT RAIN
  FOG


RELATIVE HUMIDITY (PERCENT)
 HIGHEST   100           100 AM
 LOWEST     44           300 PM
 AVERAGE    72

..........................................................


THE QUILLAYUTE WA AIRPORT CLIMATE NORMALS FOR TODAY
                         NORMAL    RECORD    YEAR
 MAXIMUM TEMPERATURE (F)   68        86      1996
 MINIMUM TEMPERATURE (F)   50        37      1980


SUNRISE AND SUNSET
AUGUST 29 2015........SUNRISE   632 AM PDT   SUNSET   805 PM PDT
AUGUST 30 2015........SUNRISE   633 AM PDT   SUNSET   803 PM PDT


-  INDICATES NEGATIVE NUMBERS.
R  INDICATES RECORD WAS SET OR TIED.
MM INDICATES DATA IS MISSING.
T  INDICATES TRACE AMOUNT.




$$
