000
CDUS46 KSEW 240835
CLIUIL


CLIMATE REPORT
NATIONAL WEATHER SERVICE SEATTLE WA
134 AM PDT FRI MAR 24 2017


...................................

...THE QUILLAYUTE WA AIRPORT CLIMATE SUMMARY FOR MARCH 23 2017...

CLIMATE NORMAL PERIOD 1981 TO 2010
CLIMATE RECORD PERIOD 1966 TO 2017


WEATHER ITEM   OBSERVED TIME   RECORD YEAR NORMAL DEPARTURE LAST
                VALUE   (LST)  VALUE       VALUE  FROM      YEAR
                                                  NORMAL
..................................................................
TEMPERATURE (F)
 YESTERDAY
  MAXIMUM         49   1245 PM  65    1979  52     -3       50
  MINIMUM         42    703 AM  28    1994  37      5       43
  AVERAGE         46                        45      1       47

PRECIPITATION (IN)
  YESTERDAY        0.65          3.52 2007   0.34   0.31     2.13
  MONTH TO DATE   15.10                      8.18   6.92    14.76
  SINCE OCT 1     95.08                     72.14  22.94    90.20
  SINCE JAN 1     35.15                     33.14   2.01    46.22

DEGREE DAYS
 HEATING
  YESTERDAY       19                        20     -1       18
  MONTH TO DATE  508                       488     20      403
  SINCE MAR 1    508                       488     20      403
  SINCE JUL 1   4330                      4333     -3     3526

 COOLING
  YESTERDAY        0                         0      0        0
  MONTH TO DATE    0                         0      0        0
  SINCE MAR 1      0                         0      0        0
  SINCE JAN 1      0                         0      0        0
..................................................................


WIND (MPH)
  RESULTANT WIND SPEED   9   RESULTANT WIND DIRECTION  SE (140)
  HIGHEST WIND SPEED    18   HIGHEST WIND DIRECTION    SE (140)
  HIGHEST GUST SPEED    28   HIGHEST GUST DIRECTION    SE (130)
  AVERAGE WIND SPEED     9.6


SKY COVER
  AVERAGE SKY COVER 1.0


WEATHER CONDITIONS
 THE FOLLOWING WEATHER WAS RECORDED YESTERDAY.
  RAIN
  LIGHT RAIN
  FOG


RELATIVE HUMIDITY (PERCENT)
 HIGHEST   100           600 AM
 LOWEST     71           100 PM
 AVERAGE    86

..........................................................


THE QUILLAYUTE WA AIRPORT CLIMATE NORMALS FOR TODAY
                         NORMAL    RECORD    YEAR
 MAXIMUM TEMPERATURE (F)   52        67      2014
 MINIMUM TEMPERATURE (F)   38        28      1975


SUNRISE AND SUNSET
MARCH 24 2017.........SUNRISE   712 AM PDT   SUNSET   737 PM PDT
MARCH 25 2017.........SUNRISE   710 AM PDT   SUNSET   739 PM PDT


-  INDICATES NEGATIVE NUMBERS.
R  INDICATES RECORD WAS SET OR TIED.
MM INDICATES DATA IS MISSING.
T  INDICATES TRACE AMOUNT.




$$
