000
CDUS46 KSEW 270829
CLIUIL


CLIMATE REPORT
NATIONAL WEATHER SERVICE SEATTLE WA
129 AM PDT FRI MAY 27 2016


...................................

...THE QUILLAYUTE WA AIRPORT CLIMATE SUMMARY FOR MAY 26 2016...

CLIMATE NORMAL PERIOD 1981 TO 2010
CLIMATE RECORD PERIOD 1966 TO 2016


WEATHER ITEM   OBSERVED TIME   RECORD YEAR NORMAL DEPARTURE LAST
                VALUE   (LST)  VALUE       VALUE  FROM      YEAR
                                                  NORMAL
..................................................................
TEMPERATURE (F)
 YESTERDAY
  MAXIMUM         57    304 PM  86    2005  61     -4       62
  MINIMUM         48   1221 AM  34    1998  45      3       50
  AVERAGE         53                        53      0       56

PRECIPITATION (IN)
  YESTERDAY        0.05          1.13 1988   0.15  -0.10     0.00
  MONTH TO DATE    0.34                      4.35  -4.01     0.67
  SINCE OCT 1     93.83                     86.99   6.84    86.15
  SINCE JAN 1     49.85                     47.99   1.86    41.40

DEGREE DAYS
 HEATING
  YESTERDAY       12                        12      0        9
  MONTH TO DATE  291                       366    -75      314
  SINCE MAR 1   1207                      1563   -356     1373
  SINCE JUL 1   4330                      5408  -1078     4283

 COOLING
  YESTERDAY        0                         0      0        0
  MONTH TO DATE    0                         0      0        0
  SINCE MAR 1      0                         0      0        0
  SINCE JAN 1      0                         0      0        0
..................................................................


WIND (MPH)
  RESULTANT WIND SPEED   6   RESULTANT WIND DIRECTION   W (290)
  HIGHEST WIND SPEED    14   HIGHEST WIND DIRECTION     W (280)
  HIGHEST GUST SPEED    20   HIGHEST GUST DIRECTION    SW (240)
  AVERAGE WIND SPEED     6.1


SKY COVER
  AVERAGE SKY COVER 1.0


WEATHER CONDITIONS
 THE FOLLOWING WEATHER WAS RECORDED YESTERDAY.
  LIGHT RAIN
  FOG


RELATIVE HUMIDITY (PERCENT)
 HIGHEST   100           500 AM
 LOWEST     61           300 PM
 AVERAGE    81

..........................................................


THE QUILLAYUTE WA AIRPORT CLIMATE NORMALS FOR TODAY
                         NORMAL    RECORD    YEAR
 MAXIMUM TEMPERATURE (F)   61        89      2005
                                             1972
 MINIMUM TEMPERATURE (F)   45        33      1982


SUNRISE AND SUNSET
MAY 27 2016...........SUNRISE   526 AM PDT   SUNSET   905 PM PDT
MAY 28 2016...........SUNRISE   526 AM PDT   SUNSET   906 PM PDT


-  INDICATES NEGATIVE NUMBERS.
R  INDICATES RECORD WAS SET OR TIED.
MM INDICATES DATA IS MISSING.
T  INDICATES TRACE AMOUNT.




$$
