000
CDUS46 KSEW 240835
CLIUIL


CLIMATE REPORT
NATIONAL WEATHER SERVICE SEATTLE WA
132 AM PDT SAT SEP 24 2016


...................................

...THE QUILLAYUTE WA AIRPORT CLIMATE SUMMARY FOR SEPTEMBER 23 2016...

CLIMATE NORMAL PERIOD 1981 TO 2010
CLIMATE RECORD PERIOD 1966 TO 2016


WEATHER ITEM   OBSERVED TIME   RECORD YEAR NORMAL DEPARTURE LAST
                VALUE   (LST)  VALUE       VALUE  FROM      YEAR
                                                  NORMAL
..................................................................
TEMPERATURE (F)
 YESTERDAY
  MAXIMUM         60   1233 PM  87    1974  65     -5       64
  MINIMUM         45   1037 PM  31    2000  46     -1       47
  AVERAGE         53                        55     -2       56

PRECIPITATION (IN)
  YESTERDAY        0.50          2.51 1986   0.14   0.36      T
  MONTH TO DATE    4.15                      2.65   1.50     5.00
  SINCE OCT 1    106.32                     98.37   7.95    96.37
  SINCE JAN 1     62.34                     59.37   2.97    51.62

DEGREE DAYS
 HEATING
  YESTERDAY       12                        10      2        9
  MONTH TO DATE  197                       182     15      171
  SINCE SEP 1    197                       182     15      171
  SINCE JUL 1    473                       551    -78      328

 COOLING
  YESTERDAY        0                         0      0        0
  MONTH TO DATE    0                         0      0        0
  SINCE SEP 1      0                         0      0        0
  SINCE JAN 1     54                        17     37       56
..................................................................


WIND (MPH)
  RESULTANT WIND SPEED   5   RESULTANT WIND DIRECTION   S (160)
  HIGHEST WIND SPEED    17   HIGHEST WIND DIRECTION     S (180)
  HIGHEST GUST SPEED    28   HIGHEST GUST DIRECTION    SE (150)
  AVERAGE WIND SPEED     6.6


SKY COVER
  AVERAGE SKY COVER 0.9


WEATHER CONDITIONS
 THE FOLLOWING WEATHER WAS RECORDED YESTERDAY.
  RAIN
  LIGHT RAIN
  FOG


RELATIVE HUMIDITY (PERCENT)
 HIGHEST   100          1000 PM
 LOWEST     80           100 PM
 AVERAGE    90

..........................................................


THE QUILLAYUTE WA AIRPORT CLIMATE NORMALS FOR TODAY
                         NORMAL    RECORD    YEAR
 MAXIMUM TEMPERATURE (F)   65        87      1974
 MINIMUM TEMPERATURE (F)   45        33      2000
                                             1984


SUNRISE AND SUNSET
SEPTEMBER 24 2016.....SUNRISE   708 AM PDT   SUNSET   711 PM PDT
SEPTEMBER 25 2016.....SUNRISE   710 AM PDT   SUNSET   708 PM PDT


-  INDICATES NEGATIVE NUMBERS.
R  INDICATES RECORD WAS SET OR TIED.
MM INDICATES DATA IS MISSING.
T  INDICATES TRACE AMOUNT.




$$
