000
CDUS46 KSEW 210828
CLIUIL


CLIMATE REPORT
NATIONAL WEATHER SERVICE SEATTLE WA
128 AM PDT MON AUG 21 2017


...................................

...THE QUILLAYUTE WA AIRPORT CLIMATE SUMMARY FOR AUGUST 20 2017...

CLIMATE NORMAL PERIOD 1981 TO 2010
CLIMATE RECORD PERIOD 1966 TO 2017


WEATHER ITEM   OBSERVED TIME   RECORD YEAR NORMAL DEPARTURE LAST
                VALUE   (LST)  VALUE       VALUE  FROM      YEAR
                                                  NORMAL
..................................................................
TEMPERATURE (F)
 YESTERDAY
  MAXIMUM         71    151 PM  86    2016  69      2       86
  MINIMUM         51    232 AM  43    1998  50      1       50
                                      1986
  AVERAGE         61                        60      1       68

PRECIPITATION (IN)
  YESTERDAY        0.00          0.83 1989   0.09  -0.09     0.00
  MONTH TO DATE    0.41                      1.42  -1.01     0.27
  SINCE OCT 1    127.48                     94.65  32.83   101.77
  SINCE JAN 1     67.55                     55.65  11.90    57.79

DEGREE DAYS
 HEATING
  YESTERDAY        4                         6     -2        0
  MONTH TO DATE   85                       108    -23       73
  SINCE JUN 1    537                       596    -59      477
  SINCE JUL 1    269                       302    -33      228

 COOLING
  YESTERDAY        0                         0      0        3
  MONTH TO DATE   24                         0     24       26
  SINCE JUN 1     35                        10     25       37
  SINCE JAN 1     35                        11     24       37
..................................................................


WIND (MPH)
  RESULTANT WIND SPEED   3   RESULTANT WIND DIRECTION   N (340)
  HIGHEST WIND SPEED    13   HIGHEST WIND DIRECTION    NW (330)
  HIGHEST GUST SPEED    17   HIGHEST GUST DIRECTION     N (340)
  AVERAGE WIND SPEED     4.5


SKY COVER
  AVERAGE SKY COVER 0.8


WEATHER CONDITIONS
 THE FOLLOWING WEATHER WAS RECORDED YESTERDAY.
  FOG


RELATIVE HUMIDITY (PERCENT)
 HIGHEST    96           300 AM
 LOWEST     66           200 PM
 AVERAGE    81

..........................................................


THE QUILLAYUTE WA AIRPORT CLIMATE NORMALS FOR TODAY
                         NORMAL    RECORD    YEAR
 MAXIMUM TEMPERATURE (F)   69        86      2013
 MINIMUM TEMPERATURE (F)   50        40      1976


SUNRISE AND SUNSET
AUGUST 21 2017........SUNRISE   622 AM PDT   SUNSET   820 PM PDT
AUGUST 22 2017........SUNRISE   623 AM PDT   SUNSET   818 PM PDT


-  INDICATES NEGATIVE NUMBERS.
R  INDICATES RECORD WAS SET OR TIED.
MM INDICATES DATA IS MISSING.
T  INDICATES TRACE AMOUNT.




$$
