000
CDUS46 KSEW 020829
CLIUIL


CLIMATE REPORT
NATIONAL WEATHER SERVICE SEATTLE WA
128 AM PDT SUN AUG 2 2015


...................................

...THE QUILLAYUTE WA AIRPORT CLIMATE SUMMARY FOR AUGUST 1 2015...

CLIMATE NORMAL PERIOD 1981 TO 2010
CLIMATE RECORD PERIOD 1966 TO 2015


WEATHER ITEM   OBSERVED TIME   RECORD YEAR NORMAL DEPARTURE LAST
                VALUE   (LST)  VALUE       VALUE  FROM      YEAR
                                                  NORMAL
..................................................................
TEMPERATURE (F)
 YESTERDAY
  MAXIMUM         82R   208 PM  80    1993  69     13       76
  MINIMUM         53    635 AM  41    1997  51      2       50
  AVERAGE         68                        60      8       63

PRECIPITATION (IN)
  YESTERDAY        0.00          0.23 2008   0.06  -0.06     0.00
  MONTH TO DATE    0.00                      0.06  -0.06     0.00
  SINCE OCT 1     87.32                     93.29  -5.97    72.39
  SINCE JAN 1     42.57                     54.29 -11.72    55.16

DEGREE DAYS
 HEATING
  YESTERDAY        0                         5     -5        2
  MONTH TO DATE    0                         5     -5        2
  SINCE JUN 1    261                       493   -232      387
  SINCE JUL 1     71                       199   -128      138

 COOLING
  YESTERDAY        3                         0      3        0
  MONTH TO DATE    3                         0      3        0
  SINCE JUN 1     33                        10     23        6
  SINCE JAN 1     33                        11     22       10
..................................................................


WIND (MPH)
  RESULTANT WIND SPEED   4   RESULTANT WIND DIRECTION  NW (320)
  HIGHEST WIND SPEED    15   HIGHEST WIND DIRECTION     N (340)
  HIGHEST GUST SPEED    20   HIGHEST GUST DIRECTION    NW (320)
  AVERAGE WIND SPEED     5.4


SKY COVER
  AVERAGE SKY COVER 0.3


WEATHER CONDITIONS
 THE FOLLOWING WEATHER WAS RECORDED YESTERDAY.
  FOG
  FOG W/VISIBILITY <= 1/4 MILE


RELATIVE HUMIDITY (PERCENT)
 HIGHEST   100           100 AM
 LOWEST     34           200 PM
 AVERAGE    67

..........................................................


THE QUILLAYUTE WA AIRPORT CLIMATE NORMALS FOR TODAY
                         NORMAL    RECORD    YEAR
 MAXIMUM TEMPERATURE (F)   69        89      1993
 MINIMUM TEMPERATURE (F)   51        40      1999


SUNRISE AND SUNSET
AUGUST  2 2015........SUNRISE   556 AM PDT   SUNSET   852 PM PDT
AUGUST  3 2015........SUNRISE   557 AM PDT   SUNSET   851 PM PDT


-  INDICATES NEGATIVE NUMBERS.
R  INDICATES RECORD WAS SET OR TIED.
MM INDICATES DATA IS MISSING.
T  INDICATES TRACE AMOUNT.




$$
