000
CDUS46 KSEW 020122
CLIUIL


CLIMATE REPORT
NATIONAL WEATHER SERVICE SEATTLE WA
621 PM PDT WED JUL 1 2015


...................................

...THE QUILLAYUTE WA AIRPORT CLIMATE SUMMARY FOR JULY 1 2015...
VALID TODAY AS OF 0600 PM LOCAL TIME.

CLIMATE NORMAL PERIOD 1981 TO 2010
CLIMATE RECORD PERIOD 1966 TO 2015


WEATHER ITEM   OBSERVED TIME   RECORD YEAR NORMAL DEPARTURE LAST
                VALUE   (LST)  VALUE       VALUE  FROM      YEAR
                                                  NORMAL
..................................................................
TEMPERATURE (F)
 TODAY
  MAXIMUM         83    150 PM  91    2014  65     18       91
                                      1967
  MINIMUM         48    451 AM  39    2001  49     -1       50
                                      1985
  AVERAGE         66                        57      9       71

PRECIPITATION (IN)
  TODAY            0.00          1.43 1994   0.08  -0.08     0.00
  MONTH TO DATE    0.00                      0.08  -0.08     0.00
  SINCE OCT 1     86.35                     91.33  -4.98    71.57
  SINCE JAN 1     41.60                     52.33 -10.73    54.34

DEGREE DAYS
 HEATING
  TODAY            0                         8     -8        0
  MONTH TO DATE    0                         8     -8        0
  SINCE JUN 1    190                       302   -112      249
  SINCE JUL 1      0                         8     -8        0

 COOLING
  TODAY            1                         0      1        6
  MONTH TO DATE    1                         0      1        6
  SINCE JUN 1     14                         3     11        6
  SINCE JAN 1     14                         4     10       10
..................................................................


WIND (MPH)
  RESULTANT WIND SPEED   4   RESULTANT WIND DIRECTION   W (290)
  HIGHEST WIND SPEED    18   HIGHEST WIND DIRECTION    NW (320)
  HIGHEST GUST SPEED    26   HIGHEST GUST DIRECTION    NW (330)
  AVERAGE WIND SPEED     5.0


SKY COVER
  AVERAGE SKY COVER 0.2


WEATHER CONDITIONS
 THE FOLLOWING WEATHER WAS RECORDED TODAY.
  FOG
  FOG W/VISIBILITY <= 1/4 MILE


RELATIVE HUMIDITY (PERCENT)
 HIGHEST   100          1200 AM
 LOWEST     40           200 PM
 AVERAGE    70

..........................................................


THE QUILLAYUTE WA AIRPORT CLIMATE NORMALS FOR TOMORROW
                         NORMAL    RECORD    YEAR
 MAXIMUM TEMPERATURE (F)   66        84      1972
 MINIMUM TEMPERATURE (F)   49        40      2002


SUNRISE AND SUNSET
JULY  1 2015..........SUNRISE   523 AM PDT   SUNSET   921 PM PDT
JULY  2 2015..........SUNRISE   524 AM PDT   SUNSET   921 PM PDT


-  INDICATES NEGATIVE NUMBERS.
R  INDICATES RECORD WAS SET OR TIED.
MM INDICATES DATA IS MISSING.
T  INDICATES TRACE AMOUNT.




$$
