000
CDUS46 KSEW 240831
CLIUIL


CLIMATE REPORT
NATIONAL WEATHER SERVICE SEATTLE WA
131 AM PDT TUE OCT 24 2017


...................................

...THE QUILLAYUTE WA AIRPORT CLIMATE SUMMARY FOR OCTOBER 23 2017...

CLIMATE NORMAL PERIOD 1981 TO 2010
CLIMATE RECORD PERIOD 1966 TO 2017


WEATHER ITEM   OBSERVED TIME   RECORD YEAR NORMAL DEPARTURE LAST
                VALUE   (LST)  VALUE       VALUE  FROM      YEAR
                                                  NORMAL
..................................................................
TEMPERATURE (F)
 YESTERDAY
  MAXIMUM         64    300 PM  72    2007  56      8       57
  MINIMUM         46   1202 AM  30    1975  41      5       49
  AVERAGE         55                        48      7       53

PRECIPITATION (IN)
  YESTERDAY        0.00          2.20 1968   0.39  -0.39     0.29
  MONTH TO DATE    6.95                      7.07  -0.12    17.33
  SINCE OCT 1      6.95                      7.07  -0.12    17.33
  SINCE JAN 1     78.34                     67.61  10.73    79.70

DEGREE DAYS
 HEATING
  YESTERDAY       10                        17     -7       12
  MONTH TO DATE  347                       327     20      292
  SINCE SEP 1    538                       583    -45      557
  SINCE JUL 1    844                       952   -108      833

 COOLING
  YESTERDAY        0                         0      0        0
  MONTH TO DATE    0                         0      0        0
  SINCE SEP 1     20                         2     18        0
  SINCE JAN 1     73                        19     54       54
..................................................................


WIND (MPH)
  RESULTANT WIND SPEED   3   RESULTANT WIND DIRECTION   E (90)
  HIGHEST WIND SPEED     9   HIGHEST WIND DIRECTION     S (200)
  HIGHEST GUST SPEED    13   HIGHEST GUST DIRECTION     S (200)
  AVERAGE WIND SPEED     3.5


SKY COVER
  AVERAGE SKY COVER 1.0


WEATHER CONDITIONS
 THE FOLLOWING WEATHER WAS RECORDED YESTERDAY.
  NO SIGNIFICANT WEATHER WAS OBSERVED.


RELATIVE HUMIDITY (PERCENT)
 HIGHEST    93           100 AM
 LOWEST     60          1200 PM
 AVERAGE    77

..........................................................


THE QUILLAYUTE WA AIRPORT CLIMATE NORMALS FOR TODAY
                         NORMAL    RECORD    YEAR
 MAXIMUM TEMPERATURE (F)   56        72      1974
 MINIMUM TEMPERATURE (F)   41        32      1972


SUNRISE AND SUNSET
OCTOBER 24 2017.......SUNRISE   751 AM PDT   SUNSET   613 PM PDT
OCTOBER 25 2017.......SUNRISE   753 AM PDT   SUNSET   611 PM PDT


-  INDICATES NEGATIVE NUMBERS.
R  INDICATES RECORD WAS SET OR TIED.
MM INDICATES DATA IS MISSING.
T  INDICATES TRACE AMOUNT.




$$
