000
CDUS46 KSEW 060122
CLIUIL


CLIMATE REPORT
NATIONAL WEATHER SERVICE SEATTLE WA
522 PM PST THU MAR 5 2015


...................................

...THE QUILLAYUTE WA AIRPORT CLIMATE SUMMARY FOR MARCH 5 2015...
VALID TODAY AS OF 0500 PM LOCAL TIME.

CLIMATE NORMAL PERIOD 1981 TO 2010
CLIMATE RECORD PERIOD 1966 TO 2015


WEATHER ITEM   OBSERVED TIME   RECORD YEAR NORMAL DEPARTURE LAST
                VALUE   (LST)  VALUE       VALUE  FROM      YEAR
                                                  NORMAL
..................................................................
TEMPERATURE (F)
 TODAY
  MAXIMUM         56    218 PM  62    1984  50      6       55
  MINIMUM         30    530 AM  21    1976  36     -6       49
  AVERAGE         43                        43      0       52

PRECIPITATION (IN)
  TODAY            0.00          1.65 2014   0.36  -0.36     1.65
  MONTH TO DATE    0.11                      1.83  -1.72     4.00
  SINCE OCT 1     64.69                     65.79  -1.10    43.80
  SINCE JAN 1     19.94                     26.79  -6.85    26.57

DEGREE DAYS
 HEATING
  TODAY           22                        22      0       13
  MONTH TO DATE  116                       110      6       90
  SINCE MAR 1    116                       110      6       90
  SINCE JUL 1   3026                      3955   -929     3284

 COOLING
  TODAY            0                         0      0        0
  MONTH TO DATE    0                         0      0        0
  SINCE MAR 1      0                         0      0        0
  SINCE JAN 1      0                         0      0        0
..................................................................


WIND (MPH)
  RESULTANT WIND SPEED   1   RESULTANT WIND DIRECTION   W (260)
  HIGHEST WIND SPEED    12   HIGHEST WIND DIRECTION     W (270)
  HIGHEST GUST SPEED    13   HIGHEST GUST DIRECTION    SW (240)
  AVERAGE WIND SPEED     2.2


SKY COVER
  AVERAGE SKY COVER 0.0


WEATHER CONDITIONS
 THE FOLLOWING WEATHER WAS RECORDED TODAY.
  NO SIGNIFICANT WEATHER WAS OBSERVED.


RELATIVE HUMIDITY (PERCENT)
 HIGHEST   100          1200 AM
 LOWEST     50          1200 PM
 AVERAGE    75

..........................................................


THE QUILLAYUTE WA AIRPORT CLIMATE NORMALS FOR TOMORROW
                         NORMAL    RECORD    YEAR
 MAXIMUM TEMPERATURE (F)   51        69      2001
 MINIMUM TEMPERATURE (F)   36        24      1999


SUNRISE AND SUNSET
MARCH  5 2015.........SUNRISE   652 AM PST   SUNSET   609 PM PST
MARCH  6 2015.........SUNRISE   650 AM PST   SUNSET   610 PM PST


-  INDICATES NEGATIVE NUMBERS.
R  INDICATES RECORD WAS SET OR TIED.
MM INDICATES DATA IS MISSING.
T  INDICATES TRACE AMOUNT.




$$
