000
CDUS46 KSEW 230832
CLIUIL


CLIMATE REPORT
NATIONAL WEATHER SERVICE SEATTLE WA
1232 AM PST TUE JAN 23 2018


...................................

...THE QUILLAYUTE WA AIRPORT CLIMATE SUMMARY FOR JANUARY 22 2018...

CLIMATE NORMAL PERIOD 1981 TO 2010
CLIMATE RECORD PERIOD 1966 TO 2018


WEATHER ITEM   OBSERVED TIME   RECORD YEAR NORMAL DEPARTURE LAST
                VALUE   (LST)  VALUE       VALUE  FROM      YEAR
                                                  NORMAL
..................................................................
TEMPERATURE (F)
 YESTERDAY
  MAXIMUM         48   1239 PM  63    1981  48      0       47
  MINIMUM         35    755 AM  12    1969  36     -1       35
  AVERAGE         42                        42      0       41

PRECIPITATION (IN)
  YESTERDAY        0.11          4.36 2005   0.46  -0.35     0.19
  MONTH TO DATE   12.26                     10.66   1.60     7.52
  SINCE OCT 1     50.48                     49.66   0.82    67.45
  SINCE JAN 1     12.26                     10.66   1.60     7.52

DEGREE DAYS
 HEATING
  YESTERDAY       23                        23      0       24
  MONTH TO DATE  442                       518    -76      619
  SINCE DEC 1   1204                      1282    -78     1480
  SINCE JUL 1   2738                      2996   -258     2907

 COOLING
  YESTERDAY        0                         0      0        0
  MONTH TO DATE    0                         0      0        0
  SINCE DEC 1      0                         0      0        0
  SINCE JAN 1      0                         0      0        0
..................................................................


WIND (MPH)
  RESULTANT WIND SPEED   2   RESULTANT WIND DIRECTION  SE (150)
  HIGHEST WIND SPEED    17   HIGHEST WIND DIRECTION     W (270)
  HIGHEST GUST SPEED    24   HIGHEST GUST DIRECTION     W (280)
  AVERAGE WIND SPEED     4.8


SKY COVER
  AVERAGE SKY COVER 0.5


WEATHER CONDITIONS
 THE FOLLOWING WEATHER WAS RECORDED YESTERDAY.
  LIGHT RAIN
  FOG


RELATIVE HUMIDITY (PERCENT)
 HIGHEST   100           700 PM
 LOWEST     76           200 PM
 AVERAGE    88

..........................................................


THE QUILLAYUTE WA AIRPORT CLIMATE NORMALS FOR TODAY
                         NORMAL    RECORD    YEAR
 MAXIMUM TEMPERATURE (F)   48        59      2005
                                             1968
 MINIMUM TEMPERATURE (F)   36         7      1969


SUNRISE AND SUNSET
JANUARY 23 2018.......SUNRISE   756 AM PST   SUNSET   505 PM PST
JANUARY 24 2018.......SUNRISE   755 AM PST   SUNSET   506 PM PST


-  INDICATES NEGATIVE NUMBERS.
R  INDICATES RECORD WAS SET OR TIED.
MM INDICATES DATA IS MISSING.
T  INDICATES TRACE AMOUNT.




$$
