000
CDUS46 KEKA 300015
CLIUKI


CLIMATE REPORT
NATIONAL WEATHER SERVICE EUREKA CA
515 PM PDT FRI JUL 29 2016


...................................

...THE UKIAH CA CLIMATE SUMMARY FOR JULY 29 2016...
VALID TODAY AS OF 0500 PM LOCAL TIME.

CLIMATE NORMAL PERIOD 1981 TO 2010
CLIMATE RECORD PERIOD 1903 TO 2016


WEATHER ITEM   OBSERVED RECORD YEAR NORMAL DEPARTURE LAST
                VALUE   VALUE       VALUE  FROM      YEAR
                                           NORMAL
...........................................................
TEMPERATURE (F)
 TODAY
  MAXIMUM        106    107    2015  94     12      107
                               1922
  MINIMUM         61     43    1919  55      6       55
  AVERAGE         84                 74     10       81

PRECIPITATION (IN)
  TODAY            0.00   0.00 2003   0.00   0.00     0.00
  MONTH TO DATE    T                  0.04  -0.04     0.13
  SINCE OCT 1     36.52              36.80  -0.28    26.00
  SINCE JAN 1     24.31              23.42   0.89     8.23

SNOWFALL (IN)
  TODAY            0.0   MM          MM     MM        0.0
  MONTH TO DATE    0.0               MM     MM        0.0
  SINCE JUN 1      0.0               MM     MM        0.0
  SINCE JUL 1      0.0               MM     MM        0.0
  SNOW DEPTH       0

...........................................................


WIND (MPH)
  HIGHEST WIND SPEED    14   HIGHEST WIND DIRECTION    SE (130)
  HIGHEST GUST SPEED    18   HIGHEST GUST DIRECTION    SE (140)
  AVERAGE WIND SPEED     4.1


SKY COVER
  AVERAGE SKY COVER 0.0


WEATHER CONDITIONS
 THE FOLLOWING WEATHER WAS RECORDED TODAY.
  NO SIGNIFICANT WEATHER WAS OBSERVED.


RELATIVE HUMIDITY (PERCENT)
 HIGHEST    69
 LOWEST     15
 AVERAGE    42

..........................................................


THE UKIAH CA CLIMATE NORMALS FOR TOMORROW
                         NORMAL    RECORD    YEAR
 MAXIMUM TEMPERATURE (F)   94       109      1977
 MINIMUM TEMPERATURE (F)   55        40      1924


SUNRISE AND SUNSET
JULY 29 2016..........SUNRISE   611 AM PDT   SUNSET   827 PM PDT
JULY 30 2016..........SUNRISE   612 AM PDT   SUNSET   826 PM PDT


-  INDICATES NEGATIVE NUMBERS.
R  INDICATES RECORD WAS SET OR TIED.
MM INDICATES DATA IS MISSING.
T  INDICATES TRACE AMOUNT.




$$
