587
CDUS46 KEKA 161210
CLIUKI


CLIMATE REPORT
NATIONAL WEATHER SERVICE EUREKA CA
408 AM PST MON JAN 16 2017


...................................

...THE UKIAH CA CLIMATE SUMMARY FOR JANUARY 15 2017...

CLIMATE NORMAL PERIOD 1981 TO 2010
CLIMATE RECORD PERIOD 1903 TO 2017


WEATHER ITEM   OBSERVED TIME   RECORD YEAR NORMAL DEPARTURE LAST
                VALUE   (LST)  VALUE       VALUE  FROM      YEAR
                                                  NORMAL
..................................................................
TEMPERATURE (F)
 YESTERDAY
  MAXIMUM         56    339 PM  76    2014  56      0       55
  MINIMUM         35    330 AM  20    1917  37     -2       39
  AVERAGE         46                        46      0       47

PRECIPITATION (IN)
  YESTERDAY        0.00          2.25 1909   0.18  -0.18     0.39
  MONTH TO DATE    8.68                      4.96   3.72     5.60
  SINCE OCT 1     25.79                     18.34   7.45    17.81
  SINCE JAN 1      8.68                      4.96   3.72     5.60

SNOWFALL (IN)
  YESTERDAY        0.0          MM      MM  MM     MM       MM
  MONTH TO DATE    0.0                      MM     MM        0.0
  SINCE DEC 1      0.0                      MM     MM        0.0
  SINCE JUL 1      0.0                      MM     MM        0.0
  SNOW DEPTH       0

DEGREE DAYS
 HEATING
  YESTERDAY       19                        19      0       18
  MONTH TO DATE  288                       286      2      287
  SINCE DEC 1    925                       893     32      888
  SINCE JUL 1   1462                      1516    -54     1411

 COOLING
  YESTERDAY        0                         0      0        0
  MONTH TO DATE    0                         0      0        0
  SINCE DEC 1      0                         0      0        0
  SINCE JAN 1      0                         0      0        0
..................................................................


WIND (MPH)
  HIGHEST WIND SPEED     6   HIGHEST WIND DIRECTION     W (280)
  HIGHEST GUST SPEED     8   HIGHEST GUST DIRECTION     N (360)
  AVERAGE WIND SPEED     1.2


SKY COVER
  AVERAGE SKY COVER 0.4


WEATHER CONDITIONS
 THE FOLLOWING WEATHER WAS RECORDED YESTERDAY.
  FOG


RELATIVE HUMIDITY (PERCENT)
 HIGHEST   100
 LOWEST     59
 AVERAGE    80

..........................................................


THE UKIAH CA CLIMATE NORMALS FOR TODAY
                         NORMAL    RECORD    YEAR
 MAXIMUM TEMPERATURE (F)   56        76      2014
 MINIMUM TEMPERATURE (F)   37        20      2012
                                             1949


SUNRISE AND SUNSET
JANUARY 16 2017.......SUNRISE   730 AM PST   SUNSET   516 PM PST
JANUARY 17 2017.......SUNRISE   729 AM PST   SUNSET   517 PM PST


-  INDICATES NEGATIVE NUMBERS.
R  INDICATES RECORD WAS SET OR TIED.
MM INDICATES DATA IS MISSING.
T  INDICATES TRACE AMOUNT.




$$
