000
CDUS46 KEKA 211213
CLIUKI


CLIMATE REPORT
NATIONAL WEATHER SERVICE EUREKA CA
413 AM PST TUE NOV 21 2017


...................................

...THE UKIAH CA CLIMATE SUMMARY FOR NOVEMBER 20 2017...

CLIMATE NORMAL PERIOD 1981 TO 2010
CLIMATE RECORD PERIOD 1903 TO 2017


WEATHER ITEM   OBSERVED TIME   RECORD YEAR NORMAL DEPARTURE LAST
                VALUE   (LST)  VALUE       VALUE  FROM      YEAR
                                                  NORMAL
..................................................................
TEMPERATURE (F)
 YESTERDAY
  MAXIMUM         57    948 PM  80    1932  61     -4       62
  MINIMUM         49    515 AM  22    1916  38     11       46
  AVERAGE         53                        49      4       54

PRECIPITATION (IN)
  YESTERDAY        0.80          2.79 1937   0.17   0.63     0.34
  MONTH TO DATE    4.18                      2.61   1.57     2.41
  SINCE OCT 1      4.39                      4.77  -0.38     8.72
  SINCE JAN 1     38.93                     28.74  10.19    33.03

SNOWFALL (IN)
  YESTERDAY       MM            MM      MM  MM     MM       MM
  MONTH TO DATE    0.0                      MM     MM        0.0
  SINCE SEP 1      0.0                      MM     MM        0.0
  SINCE JUL 1      0.0                      MM     MM        0.0
  SNOW DEPTH       0

DEGREE DAYS
 HEATING
  YESTERDAY       12                        16     -4       11
  MONTH TO DATE  277                       253     24      174
  SINCE SEP 1    458                       450      8      365
  SINCE JUL 1    458                       453      5      365

 COOLING
  YESTERDAY        0                         0      0        0
  MONTH TO DATE    0                         0      0        0
  SINCE SEP 1    220                       152     68      176
  SINCE JAN 1   1310                       835    475     1004
..................................................................


WIND (MPH)
  HIGHEST WIND SPEED    12   HIGHEST WIND DIRECTION     S (160)
  HIGHEST GUST SPEED    18   HIGHEST GUST DIRECTION    SE (150)
  AVERAGE WIND SPEED     3.5


SKY COVER
  AVERAGE SKY COVER 1.0


WEATHER CONDITIONS
 THE FOLLOWING WEATHER WAS RECORDED YESTERDAY.
  HEAVY RAIN
  RAIN
  LIGHT RAIN
  FOG


RELATIVE HUMIDITY (PERCENT)
 HIGHEST    96
 LOWEST     86
 AVERAGE    91

..........................................................


THE UKIAH CA CLIMATE NORMALS FOR TODAY
                         NORMAL    RECORD    YEAR
 MAXIMUM TEMPERATURE (F)   60        78      1936
 MINIMUM TEMPERATURE (F)   38        23      1914


SUNRISE AND SUNSET
NOVEMBER 21 2017......SUNRISE   703 AM PST   SUNSET   454 PM PST
NOVEMBER 22 2017......SUNRISE   704 AM PST   SUNSET   454 PM PST


-  INDICATES NEGATIVE NUMBERS.
R  INDICATES RECORD WAS SET OR TIED.
MM INDICATES DATA IS MISSING.
T  INDICATES TRACE AMOUNT.




$$
