000
CDUS46 KEKA 231215
CLIUKI


CLIMATE REPORT
NATIONAL WEATHER SERVICE EUREKA CA
415 AM PST SUN NOV 23 2014


...................................

...THE UKIAH CA CLIMATE SUMMARY FOR NOVEMBER 22 2014...

CLIMATE NORMAL PERIOD 1981 TO 2010
CLIMATE RECORD PERIOD 1903 TO 2014


WEATHER ITEM   OBSERVED TIME   RECORD YEAR NORMAL DEPARTURE LAST
                VALUE   (LST)  VALUE       VALUE  FROM      YEAR
                                                  NORMAL
..................................................................
TEMPERATURE (F)
 YESTERDAY
  MAXIMUM         64   1137 AM  78    1958  60      4       77
  MINIMUM         42   1144 PM  23    1931  38      4       47
  AVERAGE         53                        49      4       62

PRECIPITATION (IN)
  YESTERDAY        0.82          2.55 1946   0.17   0.65     0.00
  MONTH TO DATE    3.07                      2.94   0.13     0.85
  SINCE JUL 1      5.36                      5.69  -0.33     1.43
  SINCE JAN 1     21.99                     29.07  -7.08     7.01

SNOWFALL (IN)
  YESTERDAY       MM            MM      MM  MM     MM        0.0
  MONTH TO DATE    0.0                      MM     MM        0.0
  SINCE SEP 1      0.0                      MM     MM        0.0
  SINCE JUL 1      0.0                      MM     MM        0.0
  SNOW DEPTH       0

DEGREE DAYS
 HEATING
  YESTERDAY       12                        16     -4        3
  MONTH TO DATE  202                       285    -83      214
  SINCE SEP 1    296                       482   -186      409
  SINCE JUL 1    296                       485   -189      409

 COOLING
  YESTERDAY        0                         0      0        0
  MONTH TO DATE    0                         0      0        0
  SINCE SEP 1    290                       152    138      127
  SINCE JAN 1   1290                       835    455      974
..................................................................


WIND (MPH)
  HIGHEST WIND SPEED    20   HIGHEST WIND DIRECTION    NW (320)
  HIGHEST GUST SPEED    28   HIGHEST GUST DIRECTION    NW (330)
  AVERAGE WIND SPEED     6.5


SKY COVER
  AVERAGE SKY COVER 0.5


WEATHER CONDITIONS
 THE FOLLOWING WEATHER WAS RECORDED YESTERDAY.
  HEAVY RAIN
  RAIN
  LIGHT RAIN
  FOG


RELATIVE HUMIDITY (PERCENT)
 HIGHEST    93
 LOWEST     51
 AVERAGE    72

..........................................................


THE UKIAH CA CLIMATE NORMALS FOR TODAY
                         NORMAL    RECORD    YEAR
 MAXIMUM TEMPERATURE (F)   60        82      1930
 MINIMUM TEMPERATURE (F)   38        24      1931


SUNRISE AND SUNSET
NOVEMBER 23 2014......SUNRISE   705 AM PST   SUNSET   453 PM PST
NOVEMBER 24 2014......SUNRISE   706 AM PST   SUNSET   453 PM PST


-  INDICATES NEGATIVE NUMBERS.
R  INDICATES RECORD WAS SET OR TIED.
MM INDICATES DATA IS MISSING.
T  INDICATES TRACE AMOUNT.




$$
