000
CDUS46 KEKA 291211
CLIUKI


CLIMATE REPORT
NATIONAL WEATHER SERVICE EUREKA CA
511 AM PDT MON AUG 29 2016


...................................

...THE UKIAH CA CLIMATE SUMMARY FOR AUGUST 28 2016...

CLIMATE NORMAL PERIOD 1981 TO 2010
CLIMATE RECORD PERIOD 1903 TO 2016


WEATHER ITEM   OBSERVED TIME   RECORD YEAR NORMAL DEPARTURE LAST
                VALUE   (LST)  VALUE       VALUE  FROM      YEAR
                                                  NORMAL
..................................................................
TEMPERATURE (F)
 YESTERDAY
  MAXIMUM         88    421 PM 108    2008  90     -2       96
  MINIMUM         55    252 AM  40    1921  53      2       60
  AVERAGE         72                        71      1       78

PRECIPITATION (IN)
  YESTERDAY        0.00          0.50 1954   0.01  -0.01     0.00
  MONTH TO DATE    0.00                      0.07  -0.07      T
  SINCE OCT 1     36.52                     36.87  -0.35    26.00
  SINCE JAN 1     24.31                     23.49   0.82     8.23

SNOWFALL (IN)
  YESTERDAY        0.0          MM      MM  MM     MM        0.0
  MONTH TO DATE    0.0                      MM     MM        0.0
  SINCE JUN 1      0.0                      MM     MM        0.0
  SINCE JUL 1      0.0                      MM     MM        0.0
  SNOW DEPTH       0

DEGREE DAYS
 HEATING
  YESTERDAY        0                         0      0        0
  MONTH TO DATE    0                         0      0        2
  SINCE JUN 1     22                        33    -11        7
  SINCE JUL 1      0                         1     -1        3

 COOLING
  YESTERDAY        7                         7      0       13
  MONTH TO DATE  266                       221     45      249
  SINCE JUN 1    749                       612    137      863
  SINCE JAN 1    814                       664    150      911
..................................................................


WIND (MPH)
  HIGHEST WIND SPEED    15   HIGHEST WIND DIRECTION    SE (140)
  HIGHEST GUST SPEED    20   HIGHEST GUST DIRECTION    SE (150)
  AVERAGE WIND SPEED     4.6


SKY COVER
  AVERAGE SKY COVER 0.3


WEATHER CONDITIONS
 THE FOLLOWING WEATHER WAS RECORDED YESTERDAY.
  NO SIGNIFICANT WEATHER WAS OBSERVED.


RELATIVE HUMIDITY (PERCENT)
 HIGHEST    86
 LOWEST     22
 AVERAGE    54

..........................................................


THE UKIAH CA CLIMATE NORMALS FOR TODAY
                         NORMAL    RECORD    YEAR
 MAXIMUM TEMPERATURE (F)   90       107      1924
 MINIMUM TEMPERATURE (F)   53        40      1921


SUNRISE AND SUNSET
AUGUST 29 2016........SUNRISE   639 AM PDT   SUNSET   747 PM PDT
AUGUST 30 2016........SUNRISE   640 AM PDT   SUNSET   745 PM PDT


-  INDICATES NEGATIVE NUMBERS.
R  INDICATES RECORD WAS SET OR TIED.
MM INDICATES DATA IS MISSING.
T  INDICATES TRACE AMOUNT.




$$
