000
CDUS46 KEKA 301210
CLIUKI


CLIMATE REPORT
NATIONAL WEATHER SERVICE EUREKA CA
508 AM PDT FRI SEP 30 2016


...................................

...THE UKIAH CA CLIMATE SUMMARY FOR SEPTEMBER 29 2016...

CLIMATE NORMAL PERIOD 1981 TO 2010
CLIMATE RECORD PERIOD 1903 TO 2016


WEATHER ITEM   OBSERVED TIME   RECORD YEAR NORMAL DEPARTURE LAST
                VALUE   (LST)  VALUE       VALUE  FROM      YEAR
                                                  NORMAL
..................................................................
TEMPERATURE (F)
 YESTERDAY
  MAXIMUM         86    238 PM 106    1966  84      2       83
  MINIMUM         49    544 AM  35    1929  47      2       50
  AVERAGE         68                        65      3       67

PRECIPITATION (IN)
  YESTERDAY        0.00          0.44 1989   0.01  -0.01     0.00
  MONTH TO DATE    0.00                      0.43  -0.43     0.74
  SINCE OCT 1     36.52                     37.33  -0.81    26.75
  SINCE JAN 1     24.31                     23.95   0.36     8.98

SNOWFALL (IN)
  YESTERDAY        0.0          MM      MM  MM     MM        0.0
  MONTH TO DATE    0.0                      MM     MM        0.0
  SINCE SEP 1      0.0                      MM     MM        0.0
  SINCE JUL 1      0.0                      MM     MM        0.0
  SNOW DEPTH       0

DEGREE DAYS
 HEATING
  YESTERDAY        0                         2     -2        0
  MONTH TO DATE    8                        25    -17       22
  SINCE SEP 1      8                        25    -17       22
  SINCE JUL 1      8                        28    -20       25

 COOLING
  YESTERDAY        3                         2      1        2
  MONTH TO DATE  164                       128     36      172
  SINCE SEP 1    164                       128     36      172
  SINCE JAN 1    992                       811    181     1102
..................................................................


WIND (MPH)
  HIGHEST WIND SPEED    13   HIGHEST WIND DIRECTION    SW (220)
  HIGHEST GUST SPEED    17   HIGHEST GUST DIRECTION     S (190)
  AVERAGE WIND SPEED     3.6


SKY COVER
  AVERAGE SKY COVER 0.1


WEATHER CONDITIONS
 THE FOLLOWING WEATHER WAS RECORDED YESTERDAY.
  FOG


RELATIVE HUMIDITY (PERCENT)
 HIGHEST    93
 LOWEST      9
 AVERAGE    51

..........................................................


THE UKIAH CA CLIMATE NORMALS FOR TODAY
                         NORMAL    RECORD    YEAR
 MAXIMUM TEMPERATURE (F)   84       102      1952
 MINIMUM TEMPERATURE (F)   46        30      1926


SUNRISE AND SUNSET
SEPTEMBER 30 2016.....SUNRISE   708 AM PDT   SUNSET   656 PM PDT
OCTOBER  1 2016.......SUNRISE   709 AM PDT   SUNSET   654 PM PDT


-  INDICATES NEGATIVE NUMBERS.
R  INDICATES RECORD WAS SET OR TIED.
MM INDICATES DATA IS MISSING.
T  INDICATES TRACE AMOUNT.




$$
