000
CDUS46 KEKA 291210
CLIUKI


CLIMATE REPORT
NATIONAL WEATHER SERVICE EUREKA CA
509 AM PDT SUN MAY 29 2016


...................................

...THE UKIAH CA CLIMATE SUMMARY FOR MAY 28 2016...

CLIMATE NORMAL PERIOD 1981 TO 2010
CLIMATE RECORD PERIOD 1903 TO 2016


WEATHER ITEM   OBSERVED TIME   RECORD YEAR NORMAL DEPARTURE LAST
                VALUE   (LST)  VALUE       VALUE  FROM      YEAR
                                                  NORMAL
..................................................................
TEMPERATURE (F)
 YESTERDAY
  MAXIMUM         88    254 PM 105    1984  79      9       88
  MINIMUM         49    520 AM  34    1918  48      1       48
  AVERAGE         69                        64      5       68

PRECIPITATION (IN)
  YESTERDAY        0.00          1.71 1998   0.03  -0.03     0.00
  MONTH TO DATE    0.45                      1.34  -0.89     0.40
  SINCE OCT 1     36.16                     36.34  -0.18    25.84
  SINCE JAN 1     23.95                     22.96   0.99     8.07

SNOWFALL (IN)
  YESTERDAY        0.0          MM      MM  MM     MM        0.0
  MONTH TO DATE    0.0                      MM     MM        0.0
  SINCE MAR 1      0.0                      MM     MM        0.0
  SINCE JUL 1      0.0                      MM     MM        0.0
  SNOW DEPTH       0

DEGREE DAYS
 HEATING
  YESTERDAY        0                         3     -3        0
  MONTH TO DATE   72                       132    -60       80
  SINCE MAR 1    596                       845   -249      483
  SINCE JUL 1   2535                      3078   -543     1997

 COOLING
  YESTERDAY        4                         2      2        3
  MONTH TO DATE   31                        42    -11       20
  SINCE MAR 1     38                        50    -12       34
  SINCE JAN 1     38                        50    -12       34
..................................................................


WIND (MPH)
  HIGHEST WIND SPEED    13   HIGHEST WIND DIRECTION    NW (310)
  HIGHEST GUST SPEED    16   HIGHEST GUST DIRECTION    NW (310)
  AVERAGE WIND SPEED     2.3


SKY COVER
  AVERAGE SKY COVER 0.0


WEATHER CONDITIONS
 THE FOLLOWING WEATHER WAS RECORDED YESTERDAY.
  NO SIGNIFICANT WEATHER WAS OBSERVED.


RELATIVE HUMIDITY (PERCENT)
 HIGHEST    71
 LOWEST     21
 AVERAGE    46

..........................................................


THE UKIAH CA CLIMATE NORMALS FOR TODAY
                         NORMAL    RECORD    YEAR
 MAXIMUM TEMPERATURE (F)   79       105      1950
 MINIMUM TEMPERATURE (F)   48        35      1927


SUNRISE AND SUNSET
MAY 29 2016...........SUNRISE   550 AM PDT   SUNSET   831 PM PDT
MAY 30 2016...........SUNRISE   549 AM PDT   SUNSET   832 PM PDT


-  INDICATES NEGATIVE NUMBERS.
R  INDICATES RECORD WAS SET OR TIED.
MM INDICATES DATA IS MISSING.
T  INDICATES TRACE AMOUNT.




$$
