000
CDUS43 KSGF 280632
CLIUNO


CLIMATE REPORT
NATIONAL WEATHER SERVICE SPRINGFIELD MO
132 AM CDT SUN AUG 28 2016


...................................

...THE WEST PLAINS MO CLIMATE SUMMARY FOR AUGUST 27 2016...

CLIMATE NORMAL PERIOD 1981 TO 2010
CLIMATE RECORD PERIOD 1947 TO 2016


WEATHER ITEM   OBSERVED TIME   RECORD YEAR NORMAL DEPARTURE LAST
                VALUE   (LST)  VALUE       VALUE  FROM      YEAR
                                                  NORMAL
..................................................................
TEMPERATURE (F)
 YESTERDAY
  MAXIMUM         87    244 PM 103    1954  88     -1       78
  MINIMUM         68    230 AM  52    2010  64      4       53
                                      1967
  AVERAGE         78                        76      2       66

PRECIPITATION (IN)
  YESTERDAY        0.00          2.20 1982   0.11  -0.11     0.00
  MONTH TO DATE    3.63                      2.81   0.82     4.35
  SINCE JUN 1     17.38                     10.38   7.00    17.93
  SINCE JAN 1     32.12                     29.65   2.47    35.54

DEGREE DAYS
 HEATING
  YESTERDAY        0                         0      0        0
  MONTH TO DATE    0                         0      0        0
  SINCE JUN 1      0                         5     -5        5
  SINCE JUL 1      0                         0      0        0

 COOLING
  YESTERDAY       13                        11      2        1
  MONTH TO DATE  334                       337     -3      243
  SINCE JUN 1   1139                      1008    131     1002
  SINCE JAN 1   1232                      1130    102     1124
..................................................................


WIND (MPH)
  HIGHEST WIND SPEED    12   HIGHEST WIND DIRECTION     S (160)
  HIGHEST GUST SPEED    15   HIGHEST GUST DIRECTION     S (160)
  AVERAGE WIND SPEED     2.3


SKY COVER
  AVERAGE SKY COVER 0.2


WEATHER CONDITIONS
 THE FOLLOWING WEATHER WAS RECORDED YESTERDAY.
  FOG


RELATIVE HUMIDITY (PERCENT)
 HIGHEST    93          1100 PM
 LOWEST     57           300 PM
 AVERAGE    75

..........................................................


THE WEST PLAINS MO CLIMATE NORMALS FOR TODAY
                         NORMAL    RECORD    YEAR
 MAXIMUM TEMPERATURE (F)   87       102      2000
 MINIMUM TEMPERATURE (F)   64        46      1967
                                             1986


SUNRISE AND SUNSET
AUGUST 28 2016........SUNRISE   636 AM CDT   SUNSET   741 PM CDT
AUGUST 29 2016........SUNRISE   637 AM CDT   SUNSET   740 PM CDT


-  INDICATES NEGATIVE NUMBERS.
R  INDICATES RECORD WAS SET OR TIED.
MM INDICATES DATA IS MISSING.
T  INDICATES TRACE AMOUNT.




$$
