000
CDUS43 KSGF 030632
CLIUNO


CLIMATE REPORT
NATIONAL WEATHER SERVICE SPRINGFIELD MO
126 AM CDT TUE MAY 3 2016


...................................

...THE WEST PLAINS MO CLIMATE SUMMARY FOR MAY 2 2016...

CLIMATE NORMAL PERIOD 1981 TO 2010
CLIMATE RECORD PERIOD 1947 TO 2016


WEATHER ITEM   OBSERVED TIME   RECORD YEAR NORMAL DEPARTURE LAST
                VALUE   (LST)  VALUE       VALUE  FROM      YEAR
                                                  NORMAL
..................................................................
TEMPERATURE (F)
 YESTERDAY
  MAXIMUM         64   1124 AM  90    1952  74    -10       74
  MINIMUM         49    603 AM  28    1961  50     -1       40
  AVERAGE         57                        62     -5       57

PRECIPITATION (IN)
  YESTERDAY       MM             2.16 1954   0.20  MM        0.00
  MONTH TO DATE   MM                         0.40  MM        0.00
  SINCE MAR 1      5.23                      9.17  -3.94     5.36
  SINCE JAN 1      7.87                     14.73  -6.86    10.04

DEGREE DAYS
 HEATING
  YESTERDAY        8                         4      4        8
  MONTH TO DATE   10                         9      1       19
  SINCE MAR 1    590                       807   -217      787
  SINCE JUL 1   3423                      4271   -848     4584

 COOLING
  YESTERDAY        0                         1     -1        0
  MONTH TO DATE    0                         2     -2        0
  SINCE MAR 1     16                        30    -14       16
  SINCE JAN 1     16                        30    -14       16
..................................................................


WIND (MPH)
  HIGHEST WIND SPEED    15   HIGHEST WIND DIRECTION     N (10)
  HIGHEST GUST SPEED    19   HIGHEST GUST DIRECTION    NW (320)
  AVERAGE WIND SPEED     7.6


SKY COVER
  AVERAGE SKY COVER 0.5


WEATHER CONDITIONS
 THE FOLLOWING WEATHER WAS RECORDED YESTERDAY.
  NO SIGNIFICANT WEATHER WAS OBSERVED.


RELATIVE HUMIDITY (PERCENT)
 HIGHEST    83           200 AM
 LOWEST     55           100 PM
 AVERAGE    69

..........................................................


THE WEST PLAINS MO CLIMATE NORMALS FOR TODAY
                         NORMAL    RECORD    YEAR
 MAXIMUM TEMPERATURE (F)   74        90      1952
 MINIMUM TEMPERATURE (F)   50        31      1967
                                             2005


SUNRISE AND SUNSET
MAY  3 2016...........SUNRISE   611 AM CDT   SUNSET   759 PM CDT
MAY  4 2016...........SUNRISE   610 AM CDT   SUNSET   800 PM CDT


-  INDICATES NEGATIVE NUMBERS.
R  INDICATES RECORD WAS SET OR TIED.
MM INDICATES DATA IS MISSING.
T  INDICATES TRACE AMOUNT.




$$
