000
CDUS43 KSGF 120636
CLIUNO


CLIMATE REPORT
NATIONAL WEATHER SERVICE SPRINGFIELD MO
132 AM CDT SAT JUL 12 2014


...................................

...THE WEST PLAINS MO CLIMATE SUMMARY FOR JULY 11 2014...

CLIMATE NORMAL PERIOD 1981 TO 2010
CLIMATE RECORD PERIOD 1947 TO 2014


WEATHER ITEM   OBSERVED TIME   RECORD YEAR NORMAL DEPARTURE LAST
                VALUE   (LST)  VALUE       VALUE  FROM      YEAR
                                                  NORMAL
..................................................................
TEMPERATURE (F)
 YESTERDAY
  MAXIMUM         85    513 PM 103    1980  89     -4       89
  MINIMUM         65    510 AM  51    1953  67     -2       64
                                      1961
  AVERAGE         75                        78     -3       77

PRECIPITATION (IN)
  YESTERDAY        0.00          2.16 1978   0.14  -0.14     0.00
  MONTH TO DATE    0.88                      1.29  -0.41     0.00
  SINCE JUN 1      6.11                      5.31   0.80     3.67
  SINCE JAN 1     18.09                     24.58  -6.49    25.49

DEGREE DAYS
 HEATING
  YESTERDAY        0                         0      0        0
  MONTH TO DATE    0                         0      0        0
  SINCE JUN 1      2                         5     -3        9
  SINCE JUL 1      0                         0      0        0

 COOLING
  YESTERDAY       10                        13     -3       12
  MONTH TO DATE   82                       139    -57      103
  SINCE JUN 1    347                       405    -58      251
  SINCE JAN 1    497                       527    -30      363
..................................................................


WIND (MPH)
  HIGHEST WIND SPEED    12   HIGHEST WIND DIRECTION     S (180)
  HIGHEST GUST SPEED    15   HIGHEST GUST DIRECTION    SE (150)
  AVERAGE WIND SPEED     4.9


SKY COVER
  AVERAGE SKY COVER 0.5


WEATHER CONDITIONS
 THE FOLLOWING WEATHER WAS RECORDED YESTERDAY.
  FOG


RELATIVE HUMIDITY (PERCENT)
 HIGHEST    93           400 AM
 LOWEST     65           100 PM
 AVERAGE    79

..........................................................


THE WEST PLAINS MO CLIMATE NORMALS FOR TODAY
                         NORMAL    RECORD    YEAR
 MAXIMUM TEMPERATURE (F)   89       107      1980
 MINIMUM TEMPERATURE (F)   67        52      1959


SUNRISE AND SUNSET
JULY 12 2014..........SUNRISE   558 AM CDT   SUNSET   828 PM CDT
JULY 13 2014..........SUNRISE   559 AM CDT   SUNSET   828 PM CDT


-  INDICATES NEGATIVE NUMBERS.
R  INDICATES RECORD WAS SET OR TIED.
MM INDICATES DATA IS MISSING.
T  INDICATES TRACE AMOUNT.




$$
