000
CDUS43 KSGF 300626
CLIUNO


CLIMATE REPORT
NATIONAL WEATHER SERVICE SPRINGFIELD MO
126 AM CDT SAT MAY 30 2015


...................................

...THE WEST PLAINS MO CLIMATE SUMMARY FOR MAY 29 2015...

CLIMATE NORMAL PERIOD 1981 TO 2010
CLIMATE RECORD PERIOD 1947 TO 2015


WEATHER ITEM   OBSERVED TIME   RECORD YEAR NORMAL DEPARTURE LAST
                VALUE   (LST)  VALUE       VALUE  FROM      YEAR
                                                  NORMAL
..................................................................
TEMPERATURE (F)
 YESTERDAY
  MAXIMUM         83    130 PM  93    2012  80      3       78
  MINIMUM         64    502 AM  41    1984  58      6       64
  AVERAGE         74                        69      5       71

PRECIPITATION (IN)
  YESTERDAY        0.53          1.71 1950   0.14   0.39      T
  MONTH TO DATE    7.15                      4.65   2.50     2.81
  SINCE MAR 1     12.51                     13.42  -0.91    10.13
  SINCE JAN 1     17.19                     18.98  -1.79    11.98

DEGREE DAYS
 HEATING
  YESTERDAY        0                         1     -1        0
  MONTH TO DATE   71                        79     -8      105
  SINCE MAR 1    839                       877    -38     1059
  SINCE JUL 1   4636                      4341    295     4857

 COOLING
  YESTERDAY        9                         5      4        6
  MONTH TO DATE  100                        84     16      125
  SINCE MAR 1    116                       112      4      134
  SINCE JAN 1    116                       112      4      134
..................................................................


WIND (MPH)
  HIGHEST WIND SPEED    13   HIGHEST WIND DIRECTION     W (280)
  HIGHEST GUST SPEED    19   HIGHEST GUST DIRECTION    SE (130)
  AVERAGE WIND SPEED     5.8


SKY COVER
  AVERAGE SKY COVER 0.4


WEATHER CONDITIONS
 THE FOLLOWING WEATHER WAS RECORDED YESTERDAY.
  THUNDERSTORM
  HEAVY RAIN
  RAIN
  LIGHT RAIN
  FOG


RELATIVE HUMIDITY (PERCENT)
 HIGHEST    93           500 AM
 LOWEST     58           200 PM
 AVERAGE    76

..........................................................


THE WEST PLAINS MO CLIMATE NORMALS FOR TODAY
                         NORMAL    RECORD    YEAR
 MAXIMUM TEMPERATURE (F)   80        94      1977
 MINIMUM TEMPERATURE (F)   59        39      1984


SUNRISE AND SUNSET
MAY 30 2015...........SUNRISE   551 AM CDT   SUNSET   820 PM CDT
MAY 31 2015...........SUNRISE   550 AM CDT   SUNSET   821 PM CDT


-  INDICATES NEGATIVE NUMBERS.
R  INDICATES RECORD WAS SET OR TIED.
MM INDICATES DATA IS MISSING.
T  INDICATES TRACE AMOUNT.




$$
