000
CDUS43 KUNR 200833
CLIUNR


CLIMATE REPORT
NATIONAL WEATHER SERVICE RAPID CITY SD
133 AM MST MON NOV 20 2017


...................................

...THE EAST RAPID CITY SD CLIMATE SUMMARY FOR NOVEMBER 19 2017...

CLIMATE NORMAL PERIOD 1981 TO 2010
CLIMATE RECORD PERIOD 1888 TO 2017


WEATHER ITEM   OBSERVED RECORD YEAR NORMAL DEPARTURE LAST
                VALUE   VALUE       VALUE  FROM      YEAR
                                           NORMAL
...........................................................
TEMPERATURE (F)
 YESTERDAY
  MAXIMUM         53     76    1897  44      9       36
  MINIMUM         26     -3    1921  26      0       15
  AVERAGE         40                 35      5       26

PRECIPITATION (IN)
  YESTERDAY        0.00   0.24 2011   0.01  -0.01     0.00
  MONTH TO DATE    0.22               0.49  -0.27     0.17
  SINCE SEP 1      2.59               3.68  -1.09     1.60
  SINCE JAN 1     12.56              19.36  -6.80    12.90

SNOWFALL (IN)
  YESTERDAY        0.0    5.9  2011   0.2   -0.2      0.0
  MONTH TO DATE    0.9                4.2   -3.3      3.0
  SINCE SEP 1      0.9                6.6   -5.7      3.0
  SINCE JUL 1      0.9                6.6   -5.7      3.0
  SNOW DEPTH       0

DEGREE DAYS
 HEATING
  YESTERDAY       25                 30     -5       39
  MONTH TO DATE  546                493     53      260
  SINCE SEP 1   1173               1192    -19      701
  SINCE JUL 1   1178               1222    -44      726

 COOLING
  YESTERDAY        0                  0      0        0
  MONTH TO DATE    0                  0      0        0
  SINCE SEP 1    117                 70     47       53
  SINCE JAN 1    854                665    189      813
...........................................................


WIND (MPH)
  HIGHEST GUST SPEED    16   HIGHEST GUST DIRECTION     W (260)



WEATHER CONDITIONS
 THE FOLLOWING WEATHER WAS RECORDED YESTERDAY.
  NO SIGNIFICANT WEATHER WAS OBSERVED.


..........................................................


THE EAST RAPID CITY SD CLIMATE NORMALS FOR TODAY
                         NORMAL    RECORD    YEAR
 MAXIMUM TEMPERATURE (F)   43        74      1897
 MINIMUM TEMPERATURE (F)   26        -6      1900


SUNRISE AND SUNSET
NOVEMBER 20 2017......SUNRISE   655 AM MST   SUNSET   422 PM MST
NOVEMBER 21 2017......SUNRISE   656 AM MST   SUNSET   421 PM MST


-  INDICATES NEGATIVE NUMBERS.
R  INDICATES RECORD WAS SET OR TIED.
MM INDICATES DATA IS MISSING.
T  INDICATES TRACE AMOUNT.




$$
