000
CDUS43 KUNR 220831
CLIUNR


CLIMATE REPORT
NATIONAL WEATHER SERVICE RAPID CITY SD
131 AM MST WED FEB 22 2017


...................................

...THE EAST RAPID CITY SD CLIMATE SUMMARY FOR FEBRUARY 21 2017...

CLIMATE NORMAL PERIOD 1981 TO 2010
CLIMATE RECORD PERIOD 1888 TO 2017


WEATHER ITEM   OBSERVED RECORD YEAR NORMAL DEPARTURE LAST
                VALUE   VALUE       VALUE  FROM      YEAR
                                           NORMAL
...........................................................
TEMPERATURE (F)
 YESTERDAY
  MAXIMUM         69R    68    1961  40     29       44
  MINIMUM         45    -14    1894  19     26       24
  AVERAGE         57                 29     28       34

PRECIPITATION (IN)
  YESTERDAY        0.02   0.15 1957   0.01   0.01     0.00
  MONTH TO DATE    0.20               0.34  -0.14     0.43
  SINCE DEC 1      1.37               0.95   0.42     1.33
  SINCE JAN 1      0.55               0.63  -0.08     0.60

SNOWFALL (IN)
  YESTERDAY        0.0    1.8  1957   0.3   -0.3      0.0
  MONTH TO DATE    4.8                5.4   -0.6      3.8
  SINCE DEC 1     25.0               16.1    8.9     21.8
  SINCE JUL 1     28.7               24.7    4.0     27.8
  SNOW DEPTH       0

DEGREE DAYS
 HEATING
  YESTERDAY        8                 36    -28       31
  MONTH TO DATE  608                784   -176      567
  SINCE DEC 1   3302               3132    170     2793
  SINCE JUL 1   4333               4712   -379     4051

 COOLING
  YESTERDAY        0                  0      0        0
  MONTH TO DATE    0                  0      0        0
  SINCE DEC 1      0                  0      0        0
  SINCE JAN 1      0                  0      0        0
...........................................................


WIND (MPH)
  HIGHEST GUST SPEED    41   HIGHEST GUST DIRECTION     W (280)



WEATHER CONDITIONS
 THE FOLLOWING WEATHER WAS RECORDED YESTERDAY.
  LIGHT RAIN


..........................................................


THE EAST RAPID CITY SD CLIMATE NORMALS FOR TODAY
                         NORMAL    RECORD    YEAR
 MAXIMUM TEMPERATURE (F)   40        70      1958
 MINIMUM TEMPERATURE (F)   19       -17      1910


SUNRISE AND SUNSET
FEBRUARY 22 2017......SUNRISE   641 AM MST   SUNSET   532 PM MST
FEBRUARY 23 2017......SUNRISE   639 AM MST   SUNSET   534 PM MST


-  INDICATES NEGATIVE NUMBERS.
R  INDICATES RECORD WAS SET OR TIED.
MM INDICATES DATA IS MISSING.
T  INDICATES TRACE AMOUNT.




$$
