000
CDUS43 KUNR 230830
CLIUNR


CLIMATE REPORT
NATIONAL WEATHER SERVICE RAPID CITY SD
230 AM MDT THU OCT 23 2014


...................................

...THE EAST RAPID CITY SD CLIMATE SUMMARY FOR OCTOBER 22 2014...

CLIMATE NORMAL PERIOD 1981 TO 2010
CLIMATE RECORD PERIOD 1888 TO 2014


WEATHER ITEM   OBSERVED RECORD YEAR NORMAL DEPARTURE LAST
                VALUE   VALUE       VALUE  FROM      YEAR
                                           NORMAL
...........................................................
TEMPERATURE (F)
 YESTERDAY
  MAXIMUM         68     81    1915  57     11       51
  MINIMUM         48     10    1936  36     12       43
  AVERAGE         58                 46     12       47

PRECIPITATION (IN)
  YESTERDAY        0.00   0.86 1914   0.05  -0.05      T
  MONTH TO DATE    0.47               1.21  -0.74     5.30
  SINCE SEP 1      5.29               2.75   2.54     6.25
  SINCE JAN 1     22.69              18.43   4.26    22.00

SNOWFALL (IN)
  YESTERDAY        0.0                0.1   -0.1      0.0
  MONTH TO DATE    0.0                1.0   -1.0     24.2
  SINCE SEP 1      1.6                1.1    0.5     24.2
  SINCE JUL 1      1.6                1.1    0.5     24.2
  SNOW DEPTH       0

DEGREE DAYS
 HEATING
  YESTERDAY        7                 19    -12       18
  MONTH TO DATE  233                337   -104      415
  SINCE SEP 1    418                516    -98      504
  SINCE JUL 1    442                546   -104      510

 COOLING
  YESTERDAY        0                  0      0        0
  MONTH TO DATE    0                  0      0        0
  SINCE SEP 1     78                 66     12      145
  SINCE JAN 1    514                661   -147      830
...........................................................


WIND (MPH)
  HIGHEST GUST SPEED    30   HIGHEST GUST DIRECTION     N (360)



WEATHER CONDITIONS
 THE FOLLOWING WEATHER WAS RECORDED YESTERDAY.
  NO SIGNIFICANT WEATHER WAS OBSERVED.


..........................................................


THE EAST RAPID CITY SD CLIMATE NORMALS FOR TODAY
                         NORMAL    RECORD    YEAR
 MAXIMUM TEMPERATURE (F)   57        82      1952
 MINIMUM TEMPERATURE (F)   35        18      2002
                                             1917


SUNRISE AND SUNSET
OCTOBER 23 2014.......SUNRISE   718 AM MDT   SUNSET   556 PM MDT
OCTOBER 24 2014.......SUNRISE   719 AM MDT   SUNSET   554 PM MDT


-  INDICATES NEGATIVE NUMBERS.
R  INDICATES RECORD WAS SET OR TIED.
MM INDICATES DATA IS MISSING.
T  INDICATES TRACE AMOUNT.




$$
