000
CDUS43 KUNR 270854
CLIUNR


CLIMATE REPORT
NATIONAL WEATHER SERVICE RAPID CITY SD
247 AM MDT MON MAR 27 2017


...................................

...THE EAST RAPID CITY SD CLIMATE SUMMARY FOR MARCH 26 2017...

CLIMATE NORMAL PERIOD 1981 TO 2010
CLIMATE RECORD PERIOD 1888 TO 2017


WEATHER ITEM   OBSERVED RECORD YEAR NORMAL DEPARTURE LAST
                VALUE   VALUE       VALUE  FROM      YEAR
                                           NORMAL
...........................................................
TEMPERATURE (F)
 YESTERDAY
  MAXIMUM         46     79    1956  49     -3       36
  MINIMUM         35     -5    1965  28      7       19
  AVERAGE         41                 38      3       28

PRECIPITATION (IN)
  YESTERDAY        0.03   1.96 1902   0.04  -0.01      T
  MONTH TO DATE    0.48               0.77  -0.29     0.69
  SINCE MAR 1      0.48               0.77  -0.29     0.69
  SINCE JAN 1      1.27               1.54  -0.27     1.50

SNOWFALL (IN)
  YESTERDAY        0.0    6.0  1950   0.4   -0.4       T
  MONTH TO DATE    1.3                9.8   -8.5      6.7
  SINCE MAR 1      1.3                9.8   -8.5      6.7
  SINCE JUL 1     34.5               36.5   -2.0     36.6
  SNOW DEPTH       0

DEGREE DAYS
 HEATING
  YESTERDAY       24                 27     -3       37
  MONTH TO DATE  652                780   -128      573
  SINCE MAR 1    652                780   -128      573
  SINCE JUL 1   5248               5734   -486     4822

 COOLING
  YESTERDAY        0                  0      0        0
  MONTH TO DATE    0                  0      0        0
  SINCE MAR 1      0                  0      0        0
  SINCE JAN 1      0                  0      0        0
...........................................................


WIND (MPH)
  HIGHEST GUST SPEED    31   HIGHEST GUST DIRECTION     N (350)



WEATHER CONDITIONS
 THE FOLLOWING WEATHER WAS RECORDED YESTERDAY.
  LIGHT RAIN
  FOG


..........................................................


THE EAST RAPID CITY SD CLIMATE NORMALS FOR TODAY
                         NORMAL    RECORD    YEAR
 MAXIMUM TEMPERATURE (F)   50        80      1946
 MINIMUM TEMPERATURE (F)   28        -4      1931


SUNRISE AND SUNSET
MARCH 27 2017.........SUNRISE   643 AM MDT   SUNSET   714 PM MDT
MARCH 28 2017.........SUNRISE   641 AM MDT   SUNSET   715 PM MDT


-  INDICATES NEGATIVE NUMBERS.
R  INDICATES RECORD WAS SET OR TIED.
MM INDICATES DATA IS MISSING.
T  INDICATES TRACE AMOUNT.




$$
