000
CDUS43 KUNR 070831
CLIUNR


CLIMATE REPORT
NATIONAL WEATHER SERVICE RAPID CITY SD
231 AM MDT TUE JUL 7 2015


...................................

...THE EAST RAPID CITY SD CLIMATE SUMMARY FOR JULY 6 2015...

CLIMATE NORMAL PERIOD 1981 TO 2010
CLIMATE RECORD PERIOD 1888 TO 2015


WEATHER ITEM   OBSERVED RECORD YEAR NORMAL DEPARTURE LAST
                VALUE   VALUE       VALUE  FROM      YEAR
                                           NORMAL
...........................................................
TEMPERATURE (F)
 YESTERDAY
  MAXIMUM         69    104    1936  83    -14       82
  MINIMUM         58     46    1934  61     -3       71
  AVERAGE         64                 72     -8       77

PRECIPITATION (IN)
  YESTERDAY        0.01   1.73 1933   0.08  -0.07     0.00
  MONTH TO DATE    0.93               0.42   0.51      T
  SINCE JUN 1      7.80               3.58   4.22     6.05
  SINCE JAN 1     17.16              11.63   5.53    11.23

SNOWFALL (IN)
  YESTERDAY        0.0    0.0  2002   0.0    0.0      0.0
                               2001
                               2000
  MONTH TO DATE    0.0                0.0    0.0      0.0
  SINCE JUN 1      0.0                0.0    0.0      0.0
  SINCE JUL 1      0.0                0.0    0.0      0.0
  SNOW DEPTH       0

DEGREE DAYS
 HEATING
  YESTERDAY        1                  1      0        0
  MONTH TO DATE    1                  6     -5        4
  SINCE JUN 1     34                 94    -60      112
  SINCE JUL 1      1                  6     -5        4

 COOLING
  YESTERDAY        0                  7     -7       12
  MONTH TO DATE   34                 40     -6       42
  SINCE JUN 1    141                131     10       70
  SINCE JAN 1    149                149      0       98
...........................................................


WIND (MPH)
  HIGHEST GUST SPEED    24   HIGHEST GUST DIRECTION    NW (330)



WEATHER CONDITIONS
 THE FOLLOWING WEATHER WAS RECORDED YESTERDAY.
  LIGHT RAIN
  HAZE


..........................................................


THE EAST RAPID CITY SD CLIMATE NORMALS FOR TODAY
                         NORMAL    RECORD    YEAR
 MAXIMUM TEMPERATURE (F)   83       105      2007
 MINIMUM TEMPERATURE (F)   61        46      1931


SUNRISE AND SUNSET
JULY  7 2015..........SUNRISE   517 AM MDT   SUNSET   838 PM MDT
JULY  8 2015..........SUNRISE   518 AM MDT   SUNSET   838 PM MDT


-  INDICATES NEGATIVE NUMBERS.
R  INDICATES RECORD WAS SET OR TIED.
MM INDICATES DATA IS MISSING.
T  INDICATES TRACE AMOUNT.




$$
