000
CDUS43 KUNR 201832
CLIUNR


CLIMATE REPORT
NATIONAL WEATHER SERVICE RAPID CITY SD
1231 PM MDT SAT SEP 20 2014


...................................

...THE EAST RAPID CITY SD CLIMATE SUMMARY FOR SEPTEMBER 20 2014...
VALID AS OF 1100 AM LOCAL TIME.

CLIMATE NORMAL PERIOD 1981 TO 2010
CLIMATE RECORD PERIOD 1888 TO 2014


WEATHER ITEM   OBSERVED RECORD YEAR NORMAL DEPARTURE LAST
                VALUE   VALUE       VALUE  FROM      YEAR
                                           NORMAL
...........................................................
TEMPERATURE (F)
 TODAY
  MAXIMUM         74     99    1898  70      4       71
  MINIMUM         61     29    1927  48     13       43
  AVERAGE         68                 59      9       57

PRECIPITATION (IN)
  TODAY            0.00   1.18 1955   0.05  -0.05     0.00
  MONTH TO DATE    0.99               1.04  -0.05     0.58
  SINCE SEP 1      0.99               1.04  -0.05     0.58
  SINCE JAN 1     18.39              16.72   1.67    16.33

SNOWFALL (IN)
  TODAY            0.0                0.0    0.0      0.0
  MONTH TO DATE    1.6                0.0    1.6      0.0
  SINCE SEP 1      1.6                0.0    1.6      0.0
  SINCE JUL 1      1.6                0.0    1.6      0.0
  SNOW DEPTH       0

DEGREE DAYS
 HEATING
  TODAY            0                  7     -7        8
  MONTH TO DATE  148                 84     64       32
  SINCE SEP 1    148                 84     64       32
  SINCE JUL 1    172                114     58       38

 COOLING
  TODAY            3                  1      2        0
  MONTH TO DATE   46                 59    -13      130
  SINCE SEP 1     46                 59    -13      130
  SINCE JAN 1    482                654   -172      815
...........................................................





WEATHER CONDITIONS
 THE FOLLOWING WEATHER WAS RECORDED TODAY.
  NO SIGNIFICANT WEATHER WAS OBSERVED.


..........................................................


THE EAST RAPID CITY SD CLIMATE NORMALS FOR TOMORROW
                         NORMAL    RECORD    YEAR
 MAXIMUM TEMPERATURE (F)   70        93      1922
 MINIMUM TEMPERATURE (F)   48        32      1954


SUNRISE AND SUNSET
SEPTEMBER 20 2014.....SUNRISE   638 AM MDT   SUNSET   654 PM MDT
SEPTEMBER 21 2014.....SUNRISE   639 AM MDT   SUNSET   652 PM MDT


-  INDICATES NEGATIVE NUMBERS.
R  INDICATES RECORD WAS SET OR TIED.
MM INDICATES DATA IS MISSING.
T  INDICATES TRACE AMOUNT.




$$
