000
CDUS43 KUNR 300831
CLIUNR


CLIMATE REPORT
NATIONAL WEATHER SERVICE RAPID CITY SD
231 AM MDT TUE SEP 30 2014


...................................

...THE EAST RAPID CITY SD CLIMATE SUMMARY FOR SEPTEMBER 29 2014...

CLIMATE NORMAL PERIOD 1981 TO 2010
CLIMATE RECORD PERIOD 1888 TO 2014


WEATHER ITEM   OBSERVED RECORD YEAR NORMAL DEPARTURE LAST
                VALUE   VALUE       VALUE  FROM      YEAR
                                           NORMAL
...........................................................
TEMPERATURE (F)
 YESTERDAY
  MAXIMUM         52     96    1892  66    -14       79
  MINIMUM         47     27    1945  44      3       43
  AVERAGE         50                 55     -5       61

PRECIPITATION (IN)
  YESTERDAY        2.58R  0.65 1965   0.05   2.53     0.00
  MONTH TO DATE    3.60               1.50   2.10     0.95
  SINCE SEP 1      3.60               1.50   2.10     0.95
  SINCE JAN 1     21.00              17.18   3.82    16.70

SNOWFALL (IN)
  YESTERDAY        0.0                0.0    0.0      0.0
  MONTH TO DATE    1.6                0.1    1.5      0.0
  SINCE SEP 1      1.6                0.1    1.5      0.0
  SINCE JUL 1      1.6                0.1    1.5      0.0
  SNOW DEPTH       0

DEGREE DAYS
 HEATING
  YESTERDAY       15                 11      4        4
  MONTH TO DATE  178                167     11       89
  SINCE SEP 1    178                167     11       89
  SINCE JUL 1    202                197      5       95

 COOLING
  YESTERDAY        0                  0      0        0
  MONTH TO DATE   78                 67     11      141
  SINCE SEP 1     78                 67     11      141
  SINCE JAN 1    514                662   -148      826
...........................................................


WIND (MPH)
  HIGHEST GUST SPEED    18   HIGHEST GUST DIRECTION    SE (130)



WEATHER CONDITIONS
 THE FOLLOWING WEATHER WAS RECORDED YESTERDAY.
  THUNDERSTORM
  HEAVY RAIN
  RAIN
  LIGHT RAIN
  FOG


..........................................................


THE EAST RAPID CITY SD CLIMATE NORMALS FOR TODAY
                         NORMAL    RECORD    YEAR
 MAXIMUM TEMPERATURE (F)   65        91      1963
 MINIMUM TEMPERATURE (F)   43        26      1961


SUNRISE AND SUNSET
SEPTEMBER 30 2014.....SUNRISE   649 AM MDT   SUNSET   635 PM MDT
OCTOBER  1 2014.......SUNRISE   651 AM MDT   SUNSET   634 PM MDT


-  INDICATES NEGATIVE NUMBERS.
R  INDICATES RECORD WAS SET OR TIED.
MM INDICATES DATA IS MISSING.
T  INDICATES TRACE AMOUNT.




$$
