000
CDUS44 KCRP 020027 RRA
CLIVCT

CLIMATE REPORT
NATIONAL WEATHER SERVICE CORPUS CHRISTI TX
720 PM CDT TUE SEP 1 2015


...................................

...THE VICTORIA CLIMATE SUMMARY FOR SEPTEMBER 1 2015...
VALID TODAY AS OF 700 PM LOCAL TIME.

CLIMATE NORMAL PERIOD 1981 TO 2010
CLIMATE RECORD PERIOD 1893 TO 2015


WEATHER ITEM   OBSERVED TIME   RECORD YEAR NORMAL DEPARTURE LAST
                VALUE   (LST)  VALUE       VALUE  FROM      YEAR
                                                  NORMAL
..................................................................
TEMPERATURE (F)
 TODAY
  MAXIMUM         89    113 PM 105    1939  94     -5       97
  MINIMUM         73    824 AM  63    1915  73      0       78
  AVERAGE         81                        83     -2       88

PRECIPITATION (IN)
  TODAY            0.20          4.75 1970   0.14   0.06     0.00
  MONTH TO DATE    0.20                      0.14   0.06     0.00
  SINCE SEP 1      0.20                      0.14   0.06     0.00
  SINCE JAN 1     40.48                     27.01  13.47    18.89

SNOWFALL (IN)
  TODAY            0.0
  MONTH TO DATE    0.0
  SINCE SEP 1      0.0
  SINCE JUL 1      0.0
  SNOW DEPTH       0

DEGREE DAYS
 HEATING
  TODAY            0                         0      0        0
  MONTH TO DATE    0                         0      0        0
  SINCE SEP 1      0                         0      0        0
  SINCE JUL 1      0                         0      0        0

 COOLING
  TODAY           16                        18     -2       23
  MONTH TO DATE   16                        18     -2       23
  SINCE SEP 1     16                        18     -2       23
  SINCE JAN 1   2438                      2371     67     2589
..................................................................


WIND (MPH)
  HIGHEST WIND SPEED    20   HIGHEST WIND DIRECTION    SE (120)
  HIGHEST GUST SPEED    25   HIGHEST GUST DIRECTION    SE (130)


SKY COVER
  POSSIBLE SUNSHINE  MM
  AVERAGE SKY COVER 0.3


WEATHER CONDITIONS
 THE FOLLOWING WEATHER WAS RECORDED TODAY.
  THUNDERSTORM
  RAIN
  LIGHT RAIN
  FOG


RELATIVE HUMIDITY (PERCENT)
 HIGHEST   100           200 AM
 LOWEST     57           300 PM
 AVERAGE    79

..........................................................


THE VICTORIA CLIMATE NORMALS FOR TOMORROW
                         NORMAL    RECORD    YEAR
 MAXIMUM TEMPERATURE (F)   93       104      2000
                                             1939
 MINIMUM TEMPERATURE (F)   72        61      1915


SUNRISE AND SUNSET
SEPTEMBER  1 2015.....SUNRISE   705 AM CDT   SUNSET   749 PM CDT
SEPTEMBER  2 2015.....SUNRISE   706 AM CDT   SUNSET   748 PM CDT


-  INDICATES NEGATIVE NUMBERS.
R  INDICATES RECORD WAS SET OR TIED.
MM INDICATES DATA IS MISSING.
T  INDICATES TRACE AMOUNT.




$$
