000
CDUS44 KCRP 010023
CLIVCT

CLIMATE REPORT
NATIONAL WEATHER SERVICE CORPUS CHRISTI TX
718 PM CDT TUE SEP 30 2014


...................................

...THE VICTORIA CLIMATE SUMMARY FOR SEPTEMBER 30 2014...
VALID TODAY AS OF 700 PM LOCAL TIME.

CLIMATE NORMAL PERIOD 1981 TO 2010
CLIMATE RECORD PERIOD 1893 TO 2014


WEATHER ITEM   OBSERVED TIME   RECORD YEAR NORMAL DEPARTURE LAST
                VALUE   (LST)  VALUE       VALUE  FROM      YEAR
                                                  NORMAL
..................................................................
TEMPERATURE (F)
 TODAY
  MAXIMUM         90    210 PM  99    1938  87      3       90
                                      1928
  MINIMUM         73    658 AM  48    1916  65      8       70
  AVERAGE         82                        76      6       80

PRECIPITATION (IN)
  TODAY            0.00          2.37 1954   0.13  -0.13     0.00
  MONTH TO DATE    2.72                      4.16  -1.44     4.95
  SINCE SEP 1      2.72                      4.16  -1.44     4.95
  SINCE JAN 1     21.61                     31.03  -9.42    19.87

SNOWFALL (IN)
  TODAY            0.0
  MONTH TO DATE    0.0
  SINCE SEP 1      0.0
  SINCE JUL 1      0.0
  SNOW DEPTH       0

DEGREE DAYS
 HEATING
  TODAY            0                         0      0        0
  MONTH TO DATE    0                         0      0        0
  SINCE SEP 1      0                         1     -1        0
  SINCE JUL 1      0                         1     -1        0

 COOLING
  TODAY           17                        11      6       15
  MONTH TO DATE  538                       445     93      536
  SINCE SEP 1    538                       445     93      536
  SINCE JAN 1   3104                      2798    306     3030
..................................................................


WIND (MPH)
  HIGHEST WIND SPEED    14   HIGHEST WIND DIRECTION    SE (140)
  HIGHEST GUST SPEED    17   HIGHEST GUST DIRECTION    SE (120)


SKY COVER
  POSSIBLE SUNSHINE  MM
  AVERAGE SKY COVER 0.4


WEATHER CONDITIONS
 THE FOLLOWING WEATHER WAS RECORDED TODAY.
  FOG
  FOG W/VISIBILITY <= 1/4 MILE
  HAZE


RELATIVE HUMIDITY (PERCENT)
 HIGHEST   100          1200 AM
 LOWEST     59          1200 PM
 AVERAGE    80

..........................................................


THE VICTORIA CLIMATE NORMALS FOR TOMORROW
                         NORMAL    RECORD    YEAR
 MAXIMUM TEMPERATURE (F)   87       102      1926
 MINIMUM TEMPERATURE (F)   65        48      1992
                                             1920


SUNRISE AND SUNSET
SEPTEMBER 30 2014.....SUNRISE   720 AM CDT   SUNSET   715 PM CDT
OCTOBER  1 2014.......SUNRISE   721 AM CDT   SUNSET   713 PM CDT


-  INDICATES NEGATIVE NUMBERS.
R  INDICATES RECORD WAS SET OR TIED.
MM INDICATES DATA IS MISSING.
T  INDICATES TRACE AMOUNT.




$$
