000
CDUS44 KCRP 220700
CLIVCT

CLIMATE REPORT
NATIONAL WEATHER SERVICE CORPUS CHRISTI TX
1247 AM CST WED NOV 22 2017


...................................

...THE VICTORIA CLIMATE SUMMARY FOR NOVEMBER 21 2017...

CLIMATE NORMAL PERIOD 1981 TO 2010
CLIMATE RECORD PERIOD 1893 TO 2017


WEATHER ITEM   OBSERVED TIME   RECORD YEAR NORMAL DEPARTURE LAST
                VALUE   (LST)  VALUE       VALUE  FROM      YEAR
                                                  NORMAL
..................................................................
TEMPERATURE (F)
 YESTERDAY
  MAXIMUM         78    354 PM  89    1910  72      6       78
  MINIMUM         54    243 AM  29    1906  50      4       45
  AVERAGE         66                        61      5       62

PRECIPITATION (IN)
  YESTERDAY        0.00          2.38 2004   0.11  -0.11     0.00
  MONTH TO DATE    0.48                      2.34  -1.86     3.93
  SINCE SEP 1      4.18                     11.14  -6.96     6.54
  SINCE JAN 1     44.58                     38.01   6.57    36.12

SNOWFALL (IN)
  YESTERDAY        0.0
  MONTH TO DATE    0.0
  SINCE SEP 1      0.0
  SINCE JUL 1      0.0
  SNOW DEPTH       0

DEGREE DAYS
 HEATING
  YESTERDAY        0                         6     -6        3
  MONTH TO DATE   41                        77    -36       30
  SINCE SEP 1     85                       100    -15       36
  SINCE JUL 1     85                       100    -15       36

 COOLING
  YESTERDAY        1                         2     -1        0
  MONTH TO DATE  139                        66     73      110
  SINCE SEP 1    846                       756     90      919
  SINCE JAN 1   3679                      3109    570     3406
..................................................................


WIND (MPH)
  HIGHEST WIND SPEED    17   HIGHEST WIND DIRECTION     N (20)
  HIGHEST GUST SPEED    23   HIGHEST GUST DIRECTION     N (10)
  AVERAGE WIND SPEED     4.4


SKY COVER
  POSSIBLE SUNSHINE  MM
  AVERAGE SKY COVER 0.5


WEATHER CONDITIONS
 THE FOLLOWING WEATHER WAS RECORDED YESTERDAY.
  NO SIGNIFICANT WEATHER WAS OBSERVED.


RELATIVE HUMIDITY (PERCENT)
 HIGHEST    93           200 AM
 LOWEST     54           300 PM
 AVERAGE    74

..........................................................


THE VICTORIA CLIMATE NORMALS FOR TODAY
                         NORMAL    RECORD    YEAR
 MAXIMUM TEMPERATURE (F)   72        88      1917
 MINIMUM TEMPERATURE (F)   50        32      1945


SUNRISE AND SUNSET
NOVEMBER 22 2017......SUNRISE   657 AM CST   SUNSET   531 PM CST
NOVEMBER 23 2017......SUNRISE   657 AM CST   SUNSET   531 PM CST


-  INDICATES NEGATIVE NUMBERS.
R  INDICATES RECORD WAS SET OR TIED.
MM INDICATES DATA IS MISSING.
T  INDICATES TRACE AMOUNT.

$$

GW
