000
CDUS44 KCRP 250659
CLIVCT

CLIMATE REPORT
NATIONAL WEATHER SERVICE CORPUS CHRISTI TX
1255 AM CST SUN JAN 25 2015


...................................

...THE VICTORIA CLIMATE SUMMARY FOR JANUARY 24 2015...

CLIMATE NORMAL PERIOD 1981 TO 2010
CLIMATE RECORD PERIOD 1893 TO 2015


WEATHER ITEM   OBSERVED TIME   RECORD YEAR NORMAL DEPARTURE LAST
                VALUE   (LST)  VALUE       VALUE  FROM      YEAR
                                                  NORMAL
..................................................................
TEMPERATURE (F)
 YESTERDAY
  MAXIMUM         64    435 PM  82    2013  65     -1       38
                                      1929
                                      1909
  MINIMUM         37    302 AM  17    1963  43     -6       30
                                      1940
  AVERAGE         51                        54     -3       34

PRECIPITATION (IN)
  YESTERDAY        0.00          1.81 2007   0.08  -0.08     0.11
  MONTH TO DATE    3.01                      1.99   1.02     1.11
  SINCE DEC 1      5.22                      4.30   0.92     1.56
  SINCE JAN 1      3.01                      1.99   1.02     1.11

SNOWFALL (IN)
  YESTERDAY        0.0
  MONTH TO DATE    0.0
  SINCE DEC 1      0.0
  SINCE JUL 1      0.0
  SNOW DEPTH       0

DEGREE DAYS
 HEATING
  YESTERDAY       14                        11      3       31
  MONTH TO DATE  377                       283     94      278
  SINCE DEC 1    569                       614    -45      661
  SINCE JUL 1    760                       777    -17      858

 COOLING
  YESTERDAY        0                         0      0        0
  MONTH TO DATE    1                         7     -6        3
  SINCE DEC 1     27                        34     -7       35
  SINCE JAN 1      1                         7     -6        3
..................................................................


WIND (MPH)
  HIGHEST WIND SPEED    17   HIGHEST WIND DIRECTION     W (270)
  HIGHEST GUST SPEED    22   HIGHEST GUST DIRECTION     W (270)
  AVERAGE WIND SPEED     8.4


SKY COVER
  POSSIBLE SUNSHINE  MM
  AVERAGE SKY COVER 0.0


WEATHER CONDITIONS
 THE FOLLOWING WEATHER WAS RECORDED YESTERDAY.
  NO SIGNIFICANT WEATHER WAS OBSERVED.


RELATIVE HUMIDITY (PERCENT)
 HIGHEST    92           200 AM
 LOWEST     39           300 PM
 AVERAGE    66

..........................................................


THE VICTORIA CLIMATE NORMALS FOR TODAY
                         NORMAL    RECORD    YEAR
 MAXIMUM TEMPERATURE (F)   65        83      1975
                                             1971
                                             1914
 MINIMUM TEMPERATURE (F)   43        25      1926


SUNRISE AND SUNSET
JANUARY 25 2015.......SUNRISE   719 AM CST   SUNSET   601 PM CST
JANUARY 26 2015.......SUNRISE   719 AM CST   SUNSET   602 PM CST


-  INDICATES NEGATIVE NUMBERS.
R  INDICATES RECORD WAS SET OR TIED.
MM INDICATES DATA IS MISSING.
T  INDICATES TRACE AMOUNT.




$$
