000
CDUS44 KCRP 250723
CLIVCT

CLIMATE REPORT
NATIONAL WEATHER SERVICE CORPUS CHRISTI TX
221 AM CDT MON JUL 25 2016


...................................

...THE VICTORIA CLIMATE SUMMARY FOR JULY 24 2016...

CLIMATE NORMAL PERIOD 1981 TO 2010
CLIMATE RECORD PERIOD 1893 TO 2016


WEATHER ITEM   OBSERVED TIME   RECORD YEAR NORMAL DEPARTURE LAST
                VALUE   (LST)  VALUE       VALUE  FROM      YEAR
                                                  NORMAL
..................................................................
TEMPERATURE (F)
 YESTERDAY
  MAXIMUM         99    212 PM 107    1934  94      5       96
  MINIMUM         75    608 AM  64    1915  74      1       74
  AVERAGE         87                        84      3       85

PRECIPITATION (IN)
  YESTERDAY        0.00          1.97 1987   0.11  -0.11     0.00
  MONTH TO DATE    0.04                      3.39  -3.35     0.18
  SINCE JUN 1      3.22                      7.85  -4.63     9.55
  SINCE JAN 1     23.44                     23.23   0.21    37.28

SNOWFALL (IN)
  YESTERDAY        0.0
  MONTH TO DATE    0.0
  SINCE JUN 1      0.0
  SINCE JUL 1      0.0
  SNOW DEPTH       0

DEGREE DAYS
 HEATING
  YESTERDAY        0                         0      0        0
  MONTH TO DATE    0                         0      0        0
  SINCE JUN 1      0                         0      0        0
  SINCE JUL 1      0                         0      0        0

 COOLING
  YESTERDAY       22                        19      3       20
  MONTH TO DATE  515                       451     64      464
  SINCE JUN 1   1045                       959     86      961
  SINCE JAN 1   1758                      1618    140     1661
..................................................................


WIND (MPH)
  HIGHEST WIND SPEED    20   HIGHEST WIND DIRECTION     S (160)
  HIGHEST GUST SPEED    26   HIGHEST GUST DIRECTION     S (180)
  AVERAGE WIND SPEED     7.7


SKY COVER
  POSSIBLE SUNSHINE  MM
  AVERAGE SKY COVER 0.2


WEATHER CONDITIONS
 THE FOLLOWING WEATHER WAS RECORDED YESTERDAY.
  NO SIGNIFICANT WEATHER WAS OBSERVED.


RELATIVE HUMIDITY (PERCENT)
 HIGHEST   100           400 AM
 LOWEST     38           400 PM
 AVERAGE    69

..........................................................


THE VICTORIA CLIMATE NORMALS FOR TODAY
                         NORMAL    RECORD    YEAR
 MAXIMUM TEMPERATURE (F)   95       105      1954
 MINIMUM TEMPERATURE (F)   74        64      1915


SUNRISE AND SUNSET
JULY 25 2016..........SUNRISE   645 AM CDT   SUNSET   823 PM CDT
JULY 26 2016..........SUNRISE   646 AM CDT   SUNSET   822 PM CDT


-  INDICATES NEGATIVE NUMBERS.
R  INDICATES RECORD WAS SET OR TIED.
MM INDICATES DATA IS MISSING.
T  INDICATES TRACE AMOUNT.




$$
